000
CXUS51 KBGM 010547
CF6BGM
PRELIMINARY LOCAL CLIMATOLOGICAL DATA (WS FORM: F-6)

                                          STATION:   BINGHAMTON NY
                                          MONTH:     APRIL
                                          YEAR:      2013
                                          LATITUDE:   42 13 N
                                          LONGITUDE:  75 59 W

  TEMPERATURE IN F:       :PCPN:    SNOW:  WIND      :SUNSHINE: SKY     :PK WND
================================================================================
1   2   3   4   5  6A  6B    7    8   9   10  11  12  13   14  15   16   17  18
                                     12Z  AVG MX 2MIN
DY MAX MIN AVG DEP HDD CDD  WTR  SNW DPTH SPD SPD DIR MIN PSBL S-S WX    SPD DR
================================================================================

 1  42  23  33  -6  32   0 0.16  0.2    0 11.6 25 280   M    M   8 12     32 330
 2  33  19  26 -13  39   0 0.02  0.5    1 13.0 20 290   M    M   7 1      38 270
 3  33  22  28 -12  37   0    T  0.2    T 11.6 22 290   M    M   8        33 310
 4  50  19  35  -5  30   0 0.00  0.0    0  7.2 16 200   M    M   0        22 190
 5  47  27  37  -4  28   0 0.00  0.0    0 11.0 26 340   M    M   3        32 350
 6  45  23  34  -7  31   0 0.00  0.0    0  7.0 18 360   M    M   1        25 360
 7  62  40  51   9  14   0    T  0.0    0 13.0 23 220   M    M   4        32 180
 8  64  36  50   8  15   0 0.01  0.0    0  4.5 18 190   M    M   3 3      24 180
 9  66  48  57  15   8   0 0.18  0.0    0  8.5 35 350   M    M   4 13     43 350
10  55  44  50   7  15   0 0.62  0.0    0  5.9 17 340   M    M   9 123    21 350
11  44  34  39  -4  26   0 0.12  0.0    0 10.1 20 100   M    M  10 128    25  70
12  42  35  39  -5  26   0 0.54  0.0    0 13.6 30 140   M    M  10 1      39 140
13  49  34  42  -2  23   0    T  0.0    0  7.5 18 260   M    M  10 12     23 250
14  46  33  40  -4  25   0 0.02    T    0  7.6 16 290   M    M   7 1      23 280
15  64  34  49   4  16   0 0.00  0.0    0 11.4 16 170   M    M   4        23 170
16  58  47  53   8  12   0 0.76  0.0    0 12.1 21 340   M    M  10 1      31 210
17  58  36  47   1  18   0 0.00  0.0    0  7.5 14 360   M    M   1        18 360
18  59  42  51   5  14   0 0.00  0.0    0 14.2 23 170   M    M   8        36 180
19  69  40  55   8  10   0 0.45  0.0    0 14.6 26 290   M    M   9 1      41 290
20  46  28  37 -10  28   0    T    T    0 11.0 25 250   M    M   8        33 270
21  46  27  37 -10  28   0    T    T    T  7.7 17 360   M    M   3        22 360
22  54  31  43  -5  22   0 0.00  0.0    0  9.6 21 130   M    M   0        26 130
23  57  31  44  -4  21   0 0.00  0.0    0  9.0 17 140   M    M   1        24 140
24  68  38  53   5  12   0 0.35  0.0    0  9.6 31 270   M    M   6 1      39 260
25  55  34  45  -4  20   0    T  0.0    0  8.1 24 270   M    M   4        36 300
26  53  36  45  -4  20   0    T  0.0    0  5.6 16 350   M    M   3        21  10
27  65  34  50   0  15   0 0.00  0.0    0  3.7 12 350   M    M   1        17 250
28  68  42  55   5  10   0 0.11  0.0    0  8.4 18 150   M    M   2        28 200
29  52  47  50   0  15   0    T  0.0    0 11.5 17 140   M    M  10 1      24 150
30  62  49  56   5   9   0 0.00  0.0    0  7.8 16 150   M    M   8        24 140
================================================================================
SM 1612 1033       619   0  3.34     0.9 283.9          M      162
================================================================================
AV 53.7 34.4                               9.5 FASTST   M    M   5    MAX(MPH)
                                 MISC ---->  # 35 350               # 43  350
================================================================================
NOTES:
# LAST OF SEVERAL OCCURRENCES

COLUMN 17 PEAK WIND IN M.P.H.

PRELIMINARY LOCAL CLIMATOLOGICAL DATA (WS FORM: F-6) , PAGE 2

                                          STATION:  BINGHAMTON NY
                                          MONTH:    APRIL
                                          YEAR:     2013
                                          LATITUDE:   42 13 N
                                          LONGITUDE:  75 59 W

[TEMPERATURE DATA]      [PRECIPITATION DATA]       SYMBOLS USED IN COLUMN 16

AVERAGE MONTHLY: 44.1   TOTAL FOR MONTH:   3.34    1 = FOG OR MIST
DPTR FM NORMAL:  -1.0   DPTR FM NORMAL:   -0.09    2 = FOG REDUCING VISIBILITY
HIGHEST:    69 ON 19    GRTST 24HR  0.80 ON  9-10      TO 1/4 MILE OR LESS
LOWEST:     19 ON  4, 2                            3 = THUNDER
                        SNOW, ICE PELLETS, HAIL    4 = ICE PELLETS
                        TOTAL MONTH:   0.9 INCH    5 = HAIL
                        GRTST 24HR   0.5 ON  2- 2  6 = FREEZING RAIN OR DRIZZLE
                        GRTST DEPTH:   1 ON  2     7 = DUSTSTORM OR SANDSTORM:
                                                       VSBY 1/2 MILE OR LESS
                                                   8 = SMOKE OR HAZE
[NO. OF DAYS WITH]      [WEATHER - DAYS WITH]      9 = BLOWING SNOW
                                                   X = TORNADO
MAX 32 OR BELOW:   0    0.01 INCH OR MORE:  12
MAX 90 OR ABOVE:   0    0.10 INCH OR MORE:   9
MIN 32 OR BELOW:  10    0.50 INCH OR MORE:   3
MIN  0 OR BELOW:   0    1.00 INCH OR MORE:   0

[HDD (BASE 65) ]
TOTAL THIS MO.   619    CLEAR  (SCALE 0-3)  10
DPTR FM NORMAL    16    PTCLDY (SCALE 4-7)  13
TOTAL FM JUL 1  6574    CLOUDY (SCALE 8-10)  7
DPTR FM NORMAL  -225

[CDD (BASE 65) ]
TOTAL THIS MO.     0
DPTR FM NORMAL    -4    [PRESSURE DATA]
TOTAL FM JAN 1     0    HIGHEST SLP M ON M
DPTR FM NORMAL    -4    LOWEST  SLP 29.50 ON 19

[REMARKS]
#FINAL-04-13#
