000
CXUS51 KBGM 020924 CCA
CF6BGM

PRELIMINARY LOCAL CLIMATOLOGICAL DATA (WS FORM: F-6)

                                          STATION:   BINGHAMTON NY
                                          MONTH:     MARCH
                                          YEAR:      2013
                                          LATITUDE:   42 13 N
                                          LONGITUDE:  75 59 W

  TEMPERATURE IN F:       :PCPN:    SNOW:  WIND      :SUNSHINE: SKY     :PK WND
================================================================================
1   2   3   4   5  6A  6B    7    8   9   10  11  12  13   14  15   16   17  18
                                     12Z  AVG MX 2MIN
DY MAX MIN AVG DEP HDD CDD  WTR  SNW DPTH SPD SPD DIR MIN PSBL S-S WX    SPD DR
================================================================================

 1  31  23  27  -1  38   0    T  0.2    5 10.5 21 350   M    M  10 1      28 330
 2  25  20  23  -5  42   0    T  0.2    5  9.5 16 320   M    M  10 18     22 340
 3  24  18  21  -7  44   0    T  0.7    5  9.6 18 330   M    M  10 1      26 360
 4  27  19  23  -6  42   0    T    T    5 11.4 20 320   M    M  10 1      28 310
 5  33  21  27  -2  38   0    T    T    4  6.5 15 330   M    M   6 18     22 320
 6  36  26  31   2  34   0 0.00  0.0    4 10.7 18  50   M    M   9        29  50
 7  35  25  30   0  35   0 0.03  0.4    4 11.7 20 350   M    M  10 1      24  30
 8  34  24  29  -1  36   0 0.14  1.9    6 14.2 29 340   M    M   7 1      38 340
 9  47  24  36   6  29   0 0.00  0.0    6  4.9 12 360   M    M   0        14  10
10  53  30  42  11  23   0 0.00  0.0    3  9.0 17 150   M    M   1        26 180
11  49  39  44  13  21   0    T  0.0    2 12.2 24 170   M    M   4        36 170
12  50  32  41  10  24   0 0.70    T    T  9.6 23 160   M    M  10 1      35 170
13  38  22  30  -2  35   0    T  0.1    T  8.7 25 280   M    M   9 18     32 280
14  30  16  23  -9  42   0 0.02  0.5    T 14.4 29 310   M    M   5 1      43 330
15  32  17  25  -7  40   0 0.06  0.7    T  8.9 20 310   M    M   6 1      29 310
16  28  18  23 -10  42   0 0.01  0.1    1  5.4 16 330   M    M   8 8      22 320
17  31  15  23 -10  42   0    T    T    T  6.9 16 300   M    M   4 18     23 330
18  30  14  22 -11  43   0 0.27  3.8    T 11.5 22 140   M    M   5 12     30 140
19  39  24  32  -2  33   0 0.29  3.2    5 11.1 24 150   M    M   9 1268   32 140
20  33  20  27  -7  38   0 0.03  0.9    4 10.5 22 260   M    M   8 18     29 270
21  28  15  22 -12  43   0    T  0.2    4  6.3 16 260   M    M   5 1      18 270
22  30  19  25 -10  40   0    T  0.5    3 11.1 22 280   M    M   8 18     31 270
23  34  25  30  -5  35   0 0.01  0.6    4 11.3 20 310   M    M   9 1      29 330
24  38  23  31  -5  34   0 0.00  0.0    3  5.9 15  10   M    M   3        18  10
25  39  28  34  -2  31   0 0.00  0.0    2  8.2 15 360   M    M   7        18  40
26  41  30  36   0  29   0    T    T    2  8.3 17 350   M    M   7        25 330
27  43  27  35  -2  30   0 0.01  0.2    T  9.0 20 360   M    M   9 18     28 350
28  40  30  35  -2  30   0 0.02  0.2    T  8.2 16 330   M    M  10 1      22 330
29  43  33  38   0  27   0    T  0.0    T  5.6 14 350   M    M   9        20 350
30  50  27  39   1  26   0 0.00  0.0    0  5.5 15 330   M    M   0        20 350
31  48  32  40   1  25   0 0.31  0.0    0  8.7 23 210   M    M   5 1      31 210
================================================================================
SM 1139  736      1071   0  1.90    14.4 285.3          M      213
================================================================================
AV 36.7 23.7                               9.2 FASTST   M    M   7    MAX(MPH)
                                 MISC ---->  # 29 340               # 43  330
================================================================================
NOTES:
# LAST OF SEVERAL OCCURRENCES

COLUMN 17 PEAK WIND IN M.P.H.

PRELIMINARY LOCAL CLIMATOLOGICAL DATA (WS FORM: F-6) , PAGE 2

                                          STATION:  BINGHAMTON NY
                                          MONTH:    MARCH
                                          YEAR:     2013
                                          LATITUDE:   42 13 N
                                          LONGITUDE:  75 59 W

[TEMPERATURE DATA]      [PRECIPITATION DATA]       SYMBOLS USED IN COLUMN 16

AVERAGE MONTHLY: 30.2   TOTAL FOR MONTH:   1.90    1 = FOG OR MIST
DPTR FM NORMAL:  -2.6   DPTR FM NORMAL:   -1.09    2 = FOG REDUCING VISIBILITY
HIGHEST:    53 ON 10    GRTST 24HR  0.70 ON 12-12      TO 1/4 MILE OR LESS
LOWEST:     14 ON 18                               3 = THUNDER
                        SNOW, ICE PELLETS, HAIL    4 = ICE PELLETS
                        TOTAL MONTH:  14.4 INCHES  5 = HAIL
                        GRTST 24HR   5.7 ON 18-19  6 = FREEZING RAIN OR DRIZZLE
                        GRTST DEPTH:   6 ON  9, 8  7 = DUSTSTORM OR SANDSTORM:
                                                       VSBY 1/2 MILE OR LESS
                                                   8 = SMOKE OR HAZE
[NO. OF DAYS WITH]      [WEATHER - DAYS WITH]      9 = BLOWING SNOW
                                                   X = TORNADO
MAX 32 OR BELOW:  11    0.01 INCH OR MORE:  13
MAX 90 OR ABOVE:   0    0.10 INCH OR MORE:   5
MIN 32 OR BELOW:  29    0.50 INCH OR MORE:   1
MIN  0 OR BELOW:   0    1.00 INCH OR MORE:   0

[HDD (BASE 65) ]
TOTAL THIS MO.  1071    CLEAR  (SCALE 0-3)   4
DPTR FM NORMAL    74    PTCLDY (SCALE 4-7)  14
TOTAL FM JUL 1  5955    CLOUDY (SCALE 8-10) 13
DPTR FM NORMAL  -241

[CDD (BASE 65) ]
TOTAL THIS MO.     0
DPTR FM NORMAL     0    [PRESSURE DATA]
TOTAL FM JAN 1     0    HIGHEST SLP 30.39 ON  9
DPTR FM NORMAL     0    LOWEST  SLP 29.51 ON 25

[REMARKS]
#FINAL-03-13#
CORRECTED GREATEST 24 HOUR SNOWFALL
