000
CXUS51 KBGM 010711 CCA
CF6BGM

PRELIMINARY LOCAL CLIMATOLOGICAL DATA (WS FORM: F-6)

                                          STATION:   BINGHAMTON NY
                                          MONTH:     FEBRUARY
                                          YEAR:      2013
                                          LATITUDE:   42 13 N
                                          LONGITUDE:  75 59 W

  TEMPERATURE IN F:       :PCPN:    SNOW:  WIND      :SUNSHINE: SKY     :PK WND
================================================================================
1   2   3   4   5  6A  6B    7    8   9   10  11  12  13   14  15   16   17  18
                                     12Z  AVG MX 2MIN
DY MAX MIN AVG DEP HDD CDD  WTR  SNW DPTH SPD SPD DIR MIN PSBL S-S WX    SPD DR
================================================================================

 1  21  14  18  -5  47   0 0.01  0.4    T 12.3 23 300   M    M   9 18     32 250
 2  17   7  12 -11  53   0 0.03  0.4    1  8.1 16 240   M    M   8 18     21 240
 3  23  11  17  -6  48   0 0.05  2.6    1  4.2 18 270   M    M   8 18     24 320
 4  19  11  15  -8  50   0 0.01  0.3    2  9.0 25 280   M    M   8 18     33 280
 5  26  14  20  -3  45   0 0.01  0.1    2  3.7 13 260   M    M   8 18     16 250
 6  27  13  20  -3  45   0 0.01  0.5    1  9.3 20 330   M    M   6 1      29 340
 7  30   9  20  -3  45   0 0.00  0.0    1  7.8 18 140   M    M   6        24 160
 8  31  23  27   3  38   0 0.52  6.0    1 11.9 22 150   M    M  10 12     30 150
 9  22  13  18  -6  47   0 0.07  0.9    7 12.7 25 330   M    M  10 1      36 350
10  35  12  24   0  41   0    T    T    7  6.6 15 170   M    M   6 1      21 150
11  38  30  34  10  31   0 0.06    T    6  9.1 17 340   M    M  10 16     26 170
12  33  28  31   7  34   0    T    T    4 11.3 24 280   M    M  10        31 280
13  38  27  33   9  32   0 0.00  0.0    4  3.5 10 360   M    M   7        13  10
14  37  22  30   6  35   0    T  0.1    3  6.2 13 200   M    M   6 18     17 190
15  39  25  32   7  33   0 0.02  0.6    2  8.4 18 260   M    M   8 1      22 250
16  25  16  21  -4  44   0    T    T    3  7.2 14 360   M    M   6        18 350
17  17   7  12 -13  53   0    T  0.3    3 13.6 24 320   M    M   7 9      43 340
18  25   7  16  -9  49   0    T  0.1    2  8.3 21 300   M    M   4 8      30 300
19  34  24  29   3  36   0 0.29  3.2    2  9.7 24 280   M    M   6 1      31 270
20  26  16  21  -5  44   0    T  0.5    6 15.3 24 280   M    M  10 8      37 280
21  18  13  16 -10  49   0    T  0.1    6 12.2 22 310   M    M  10 1      35 310
22  32  15  24  -2  41   0    T    T    6  8.7 17 170   M    M   8        26 170
23  36  29  33   7  32   0 0.15  0.1    6  6.8 18 160   M    M  10 12     25 150
24  35  25  30   3  35   0 0.01  0.2    4  7.5 15 300   M    M  10 128    23 310
25  35  26  31   4  34   0    T  0.1    4  6.3 14 350   M    M   9 1      16 330
26  37  21  29   2  36   0 0.27  0.8    4 12.2 23 140   M    M   4 14     30 140
27  35  30  33   6  32   0 0.62  1.1    4  8.4 17 100   M    M  10 124    23 110
28  36  30  33   5  32   0 0.17  1.2    6  5.5 13 240   M    M  10 1      16 250
================================================================================
SM  827  518      1141   0  2.30    19.6 245.8          M      224
================================================================================
AV 29.5 18.5                               8.8 FASTST   M    M   8    MAX(MPH)
                                 MISC ---->  # 25 280               # 43  340
================================================================================
NOTES:
# LAST OF SEVERAL OCCURRENCES

COLUMN 17 PEAK WIND IN M.P.H.

PRELIMINARY LOCAL CLIMATOLOGICAL DATA (WS FORM: F-6) , PAGE 2

                                          STATION:  BINGHAMTON NY
                                          MONTH:    FEBRUARY
                                          YEAR:     2013
                                          LATITUDE:   42 13 N
                                          LONGITUDE:  75 59 W

[TEMPERATURE DATA]      [PRECIPITATION DATA]       SYMBOLS USED IN COLUMN 16

AVERAGE MONTHLY: 24.0   TOTAL FOR MONTH:   2.30    1 = FOG OR MIST
DPTR FM NORMAL:  -0.7   DPTR FM NORMAL:   -0.01    2 = FOG REDUCING VISIBILITY
HIGHEST:    39 ON 15    GRTST 24HR  0.88 ON 26-27      TO 1/4 MILE OR LESS
LOWEST:      7 ON 18,17                            3 = THUNDER
                        SNOW, ICE PELLETS, HAIL    4 = ICE PELLETS
                        TOTAL MONTH:  19.6 INCHES  5 = HAIL
                        GRTST 24HR   6.9 ON  8- 9  6 = FREEZING RAIN OR DRIZZLE
                        GRTST DEPTH:   7 ON 10,9,8 7 = DUSTSTORM OR SANDSTORM:
                                                       VSBY 1/2 MILE OR LESS
                                                   8 = SMOKE OR HAZE
[NO. OF DAYS WITH]      [WEATHER - DAYS WITH]      9 = BLOWING SNOW
                                                   X = TORNADO
MAX 32 OR BELOW:  15    0.01 INCH OR MORE:  16
MAX 90 OR ABOVE:   0    0.10 INCH OR MORE:   6
MIN 32 OR BELOW:  28    0.50 INCH OR MORE:   2
MIN  0 OR BELOW:   0    1.00 INCH OR MORE:   0

[HDD (BASE 65) ]
TOTAL THIS MO.  1141    CLEAR  (SCALE 0-3)   0
DPTR FM NORMAL    14    PTCLDY (SCALE 4-7)  16
TOTAL FM JUL 1  4884    CLOUDY (SCALE 8-10) 12
DPTR FM NORMAL  -315

[CDD (BASE 65) ]
TOTAL THIS MO.     0
DPTR FM NORMAL     0    [PRESSURE DATA]
TOTAL FM JAN 1     0    HIGHEST SLP 30.46 ON 10
DPTR FM NORMAL     0    LOWEST  SLP 29.54 ON 27

[REMARKS]
#FINAL-02-13# TAC
