000
CXUS51 KBGM 020153 CCA
CF6BGM

PRELIMINARY LOCAL CLIMATOLOGICAL DATA (WS FORM: F-6)

                                          STATION:   BINGHAMTON NY
                                          MONTH:     JANUARY
                                          YEAR:      2013
                                          LATITUDE:   42 13 N
                                          LONGITUDE:  75 59 W

  TEMPERATURE IN F:       :PCPN:    SNOW:  WIND      :SUNSHINE: SKY     :PK WND
================================================================================
1   2   3   4   5  6A  6B    7    8   9   10  11  12  13   14  15   16   17  18
                                     12Z  AVG MX 2MIN
DY MAX MIN AVG DEP HDD CDD  WTR  SNW DPTH SPD SPD DIR MIN PSBL S-S WX    SPD DR
================================================================================

 1  29  10  20  -3  45   0    T  0.5   10  8.4 20 320   M    M   8 18     28 330
 2  24   8  16  -7  49   0 0.01  0.9   10  7.7 18 270   M    M   8 1      25 270
 3  25  11  18  -5  47   0 0.02  1.2   10  7.6 17 260   M    M  10 18     22 270
 4  31  24  28   5  37   0    T    T   10 12.4 24 250   M    M   6 1      30 260
 5  32  25  29   6  36   0 0.00  0.0    8  8.2 20 280   M    M   7        28 290
 6  35  26  31   9  34   0    T    T    8  9.8 18 260   M    M  10 18     24 250
 7  32  25  29   7  36   0    T  0.1    8  8.4 17 330   M    M   7 16     23 330
 8  40  24  32  10  33   0 0.00  0.0    7  6.2 10 240   M    M   0        15 200
 9  42  27  35  13  30   0    T  0.0    7 10.0 25 290   M    M   2        40 310
10  37  28  33  11  32   0 0.00  0.0    6 10.0 24 310   M    M   5        37 290
11  37  27  32  10  33   0 0.14  0.0    5  9.9 23 140   M    M   7 1      26 150
12  46  36  41  19  24   0 0.00  0.0    3  4.8  9 230   M    M   9 12     12 230
13  52  38  45  23  20   0 0.00  0.0    T  7.5 16 190   M    M   9 12     23 190
14  50  28  39  17  26   0 0.06  0.0    0  9.5 18 340   M    M   5 1      26 340
15  32  23  28   6  37   0 0.00  0.0    0  4.4 13 340   M    M   4        15 340
16  30  25  28   6  37   0 0.28  2.6    2  6.3 12 220   M    M   8 1      16 240
17  30  17  24   2  41   0    T  0.3    2  8.3 16 320   M    M  10 1      23 340
18  23   7  15  -7  50   0 0.01  0.8    2  8.5 16 200   M    M   7 18     23 200
19  43  23  33  11  32   0 0.00  0.0    2 13.8 23 210   M    M   4        35 210
20  42  18  30   8  35   0    T    T    1 16.1 35 260   M    M   6        46 270
21  22  13  18  -4  47   0 0.03  1.2    T  7.5 17 270   M    M  10 18     23 220
22  13   2   8 -14  57   0    T  0.1    1 12.7 29 270   M    M   4 18     39 270
23  10  -1   5 -17  60   0    T    T    1  7.8 16 310   M    M   3        22 300
24  12  -1   6 -16  59   0    T    T    T  8.1 20 330   M    M   7        28 330
25  13   2   8 -14  57   0 0.06  0.4    T  3.4 10 300   M    M   7 1      15 320
26  17   4  11 -11  54   0    T    T    1  5.5 15 350   M    M   3        21 360
27  24   8  16  -6  49   0    T  0.1    1  4.3 10 350   M    M   4 1      16 330
28  35  18  27   5  38   0 0.26  0.7    2  8.3 14 190   M    M   9 126    20 190
29  46  35  41  19  24   0 0.36  0.0    1  6.0 12 180   M    M  10 12     15 180
30  57  44  51  29  14   0 0.59  0.0    0 11.5 22 180   M    M   9 18     32 210
31  51  20  36  14  29   0 0.43  0.3    0 20.3 38 280   M    M   9 18     52 270
================================================================================
SM 1012  594      1202   0  2.25     9.2 273.2          M      207
================================================================================
AV 32.6 19.2                               8.8 FASTST   M    M   7    MAX(MPH)
                                 MISC ---->  # 38 280               # 52  270
================================================================================
NOTES:
# LAST OF SEVERAL OCCURRENCES

COLUMN 17 PEAK WIND IN M.P.H.

PRELIMINARY LOCAL CLIMATOLOGICAL DATA (WS FORM: F-6) , PAGE 2

                                          STATION:  BINGHAMTON NY
                                          MONTH:    JANUARY
                                          YEAR:     2013
                                          LATITUDE:   42 13 N
                                          LONGITUDE:  75 59 W

[TEMPERATURE DATA]      [PRECIPITATION DATA]       SYMBOLS USED IN COLUMN 16

AVERAGE MONTHLY: 25.9   TOTAL FOR MONTH:   2.25    1 = FOG OR MIST
DPTR FM NORMAL:   3.7   DPTR FM NORMAL:   -0.20    2 = FOG REDUCING VISIBILITY
HIGHEST:    57 ON 30    GRTST 24HR  1.01 ON 30-31      TO 1/4 MILE OR LESS
LOWEST:     -1 ON 24,23                            3 = THUNDER
                        SNOW, ICE PELLETS, HAIL    4 = ICE PELLETS
                        TOTAL MONTH:   9.2 INCHES  5 = HAIL
                        GRTST 24HR   2.6 ON  16    6 = FREEZING RAIN OR DRIZZLE
                        GRTST DEPTH:  11 ON   1    7 = DUSTSTORM OR SANDSTORM:
                                                       VSBY 1/2 MILE OR LESS
                                                   8 = SMOKE OR HAZE
[NO. OF DAYS WITH]      [WEATHER - DAYS WITH]      9 = BLOWING SNOW
                                                   X = TORNADO
MAX 32 OR BELOW:  17    0.01 INCH OR MORE:  12
MAX 90 OR ABOVE:   0    0.10 INCH OR MORE:   6
MIN 32 OR BELOW:  27    0.50 INCH OR MORE:   1
MIN  0 OR BELOW:   2    1.00 INCH OR MORE:   0

[HDD (BASE 65) ]
TOTAL THIS MO.  1202    CLEAR  (SCALE 0-3)   3
DPTR FM NORMAL  -125    PTCLDY (SCALE 4-7)  18
TOTAL FM JUL 1  3743    CLOUDY (SCALE 8-10) 10
DPTR FM NORMAL  -329

[CDD (BASE 65) ]
TOTAL THIS MO.     0
DPTR FM NORMAL     0    [PRESSURE DATA]
TOTAL FM JAN 1     0    HIGHEST SLP 30.55 ON 10
DPTR FM NORMAL     0    LOWEST  SLP 29.00 ON 31

[REMARKS]
CORRECTED GREATEST SNOW DEPTH AND ADDED GREATEST 24 HOUR DAY
#FINAL-01-13#
