000
CXUS51 KBGM 310800
CF6BGM
PRELIMINARY LOCAL CLIMATOLOGICAL DATA (WS FORM: F-6)

                                          STATION:   BINGHAMTON NY
                                          MONTH:     DECEMBER
                                          YEAR:      2012
                                          LATITUDE:   42 13 N
                                          LONGITUDE:  75 59 W

  TEMPERATURE IN F:       :PCPN:    SNOW:  WIND      :SUNSHINE: SKY     :PK WND
================================================================================
1   2   3   4   5  6A  6B    7    8   9   10  11  12  13   14  15   16   17  18
                                     12Z  AVG MX 2MIN
DY MAX MIN AVG DEP HDD CDD  WTR  SNW DPTH SPD SPD DIR MIN PSBL S-S WX    SPD DR
================================================================================

 1  38  30  34   2  31   0 0.00  0.0    1  9.2 14 160   M    M  10 1      20 160
 2  47  38  43  11  22   0 0.11  0.0    0  9.3 16 190   M    M  10 18     23 180
 3  53  42  48  16  17   0 0.00  0.0    0  4.6 13 340   M    M   7 18     17 330
 4  64  46  55  24  10   0 0.15  0.0    0 10.5 24 350   M    M   5 1      29 350
 5  46  25  36   5  29   0 0.19  0.2    0 10.6 21 320   M    M  10 1      29 350
 6  34  22  28  -2  37   0 0.00  0.0    T  6.4 14 350   M    M   3        17 340
 7  34  28  31   1  34   0 0.32  0.0    T  5.5 10 150   M    M   8 12     15 150
 8  47  34  41  11  24   0 0.15  0.0    0  6.6 14 330   M    M   9 12     21 350
 9  39  32  36   7  29   0 0.09    T    0 10.1 21 140   M    M   9 1      29 140
10  51  33  42  13  23   0 0.58  0.1    0 10.1 21 340   M    M  10 1      28 350
11  33  26  30   1  35   0 0.02    T    0  5.3 14 320   M    M   7 12     18 320
12  38  24  31   3  34   0 0.00  0.0    0  4.1 12 280   M    M   2        16 280
13  38  23  31   3  34   0 0.00  0.0    0  3.5  8 220   M    M   1        12 190
14  43  26  35   7  30   0 0.00  0.0    0  6.8 15 280   M    M   2        21 310
15  39  28  34   7  31   0 0.00  0.0    0  4.9 14 140   M    M   3 18     18 170
16  40  35  38  11  27   0 0.08    T    T 12.7 24 140   M    M  10 1      30 140
17  41  36  39  12  26   0 0.93  0.0    0  9.2 21 130   M    M  10 1      23 140
18  42  35  39  13  26   0 0.21  0.0    0  9.0 17 310   M    M  10 1      28 290
19  37  29  33   7  32   0 0.00  0.0    0  9.2 17 300   M    M   8        25 310
20  35  24  30   4  35   0 0.01  0.2    0 11.2 29 150   M    M   2 15     40 140
21  40  29  35   9  30   0 1.01  1.5    0 12.8 36 140   M    M   9 12     47 140
22  30  24  27   2  38   0 0.04  1.3    2 17.3 29 310   M    M  10 128    45 300
23  33  26  30   5  35   0    T  0.2    3  9.7 18 230   M    M   7        23 240
24  30  25  28   3  37   0 0.06  0.7    2  6.0 16 330   M    M   6 1      22 320
25  28  16  22  -2  43   0 0.10  1.1    3  7.1 17 360   M    M   9 1      20 360
26  25  13  19  -5  46   0 0.52  5.1    2  9.5 22  80   M    M   7 128    32  60
27  26  20  23  -1  42   0 0.10  1.2    8 13.7 23 310   M    M  10 1      33 310
28  24  20  22  -2  43   0    T    T    7  6.5 22 320   M    M  10 1      32 320
29  25  21  23  -1  42   0 0.47  6.4    6  6.9 21 320   M    M  10 12     28 330
30  22  18  20  -4  45   0 0.05  2.2   12 11.3 23 320   M    M  10 18     33 330
================================================================================
SM 1122  828       967   0  5.19    20.2 259.6          M      224
================================================================================
AV 37.4 27.6                               8.7 FASTST   M    M   7    MAX(MPH)
                                 MISC ---->  # 36 140               # 47  140
================================================================================
NOTES:
# LAST OF SEVERAL OCCURRENCES

COLUMN 17 PEAK WIND IN M.P.H.

PRELIMINARY LOCAL CLIMATOLOGICAL DATA (WS FORM: F-6) , PAGE 2

                                          STATION:  BINGHAMTON NY
                                          MONTH:    DECEMBER
                                          YEAR:     2012
                                          LATITUDE:   42 13 N
                                          LONGITUDE:  75 59 W

[TEMPERATURE DATA]      [PRECIPITATION DATA]       SYMBOLS USED IN COLUMN 16

AVERAGE MONTHLY: 32.5   TOTAL FOR MONTH:   5.19    1 = FOG OR MIST
DPTR FM NORMAL:   5.1   DPTR FM NORMAL:    2.44    2 = FOG REDUCING VISIBILITY
HIGHEST:    64 ON  4    GRTST 24HR  1.02 ON 17-18      TO 1/4 MILE OR LESS
LOWEST:     13 ON 26                               3 = THUNDER
                        SNOW, ICE PELLETS, HAIL    4 = ICE PELLETS
                        TOTAL MONTH:  20.2 INCHES  5 = HAIL
                        GRTST 24HR   6.4 ON   M    6 = FREEZING RAIN OR DRIZZLE
                        GRTST DEPTH:  12 ON 30     7 = DUSTSTORM OR SANDSTORM:
                                                       VSBY 1/2 MILE OR LESS
                                                   8 = SMOKE OR HAZE
[NO. OF DAYS WITH]      [WEATHER - DAYS WITH]      9 = BLOWING SNOW
                                                   X = TORNADO
MAX 32 OR BELOW:   8    0.01 INCH OR MORE:  20
MAX 90 OR ABOVE:   0    0.10 INCH OR MORE:  13
MIN 32 OR BELOW:  22    0.50 INCH OR MORE:   4
MIN  0 OR BELOW:   0    1.00 INCH OR MORE:   1

[HDD (BASE 65) ]
TOTAL THIS MO.   967    CLEAR  (SCALE 0-3)   6
DPTR FM NORMAL  -159    PTCLDY (SCALE 4-7)   8
TOTAL FM JUL 1  2500    CLOUDY (SCALE 8-10) 16
DPTR FM NORMAL  -201

[CDD (BASE 65) ]
TOTAL THIS MO.     0
DPTR FM NORMAL     0    [PRESSURE DATA]
TOTAL FM JAN 1   548    HIGHEST SLP M ON M
DPTR FM NORMAL   167    LOWEST  SLP 29.12 ON 21

[REMARKS]
