000
CXUS51 KBGM 011747
CF6BGM
PRELIMINARY LOCAL CLIMATOLOGICAL DATA (WS FORM: F-6)

                                          STATION:   BINGHAMTON NY
                                          MONTH:     OCTOBER
                                          YEAR:      2012
                                          LATITUDE:   42 13 N
                                          LONGITUDE:  75 59 W

  TEMPERATURE IN F:       :PCPN:    SNOW:  WIND      :SUNSHINE: SKY     :PK WND
================================================================================
1   2   3   4   5  6A  6B    7    8   9   10  11  12  13   14  15   16   17  18
                                     12Z  AVG MX 2MIN
DY MAX MIN AVG DEP HDD CDD  WTR  SNW DPTH SPD SPD DIR MIN PSBL S-S WX    SPD DR
================================================================================

 1  62  45  54   0  11   0 0.00  0.0    0  6.9 15 260   M    M   7        22 260
 2  59  49  54   1  11   0 0.19  0.0    0  6.6 14 210   M    M  10 12     32 240
 3  75  57  66  13   0   1 0.01  0.0    0  3.9 10 230   M    M   9 12     15 220
 4  68  56  62  10   3   0 0.03  0.0    0  4.0 10 280   M    M   6 12     13 270
 5  74  53  64  12   1   0    T  0.0    0  6.1 15 260   M    M   4        22 260
 6  61  40  51  -1  14   0 0.20  0.0    0  8.6 17 340   M    M   5 1      22 280
 7  49  37  43  -8  22   0 0.07  0.0    0  4.8 14 210   M    M   8        20 210
 8  48  33  41 -10  24   0 0.00  0.0    0  4.1  9  80   M    M   2 12     24  30
 9  57  37  47  -4  18   0    T  0.0    0  4.0 14 140   M    M   9 1      26 330
10  56  40  48  -2  17   0 0.09  0.0    0  9.0 20 300   M    M   9 1      28 250
11  51  33  42  -8  23   0 0.00  0.0    0  9.8 18 270   M    M   1        24 270
12  46  31  39 -11  26   0 0.06    T    0  8.7 22 340   M    M   5 1      30 340
13  47  26  37 -12  28   0 0.01  0.0    0  6.8 16 190   M    M   3        25 170
14  66  42  54   5  11   0 0.13  0.0    0 10.3 17 200   M    M   5 1      26 190
15  65  47  56   7   9   0    T  0.0    0 10.7 21 240   M    M   7        29 240
16  50  36  43  -5  22   0    T  0.0    0  8.7 18 330   M    M   6        26 310
17  62  32  47  -1  18   0 0.00  0.0    0  4.0 10 160   M    M   0        31  60
18  59  43  51   3  14   0 0.06  0.0    0 12.8 24 160   M    M   2 13     38 160
19  62  47  55   8  10   0 1.03    T    0  5.4 21 260   M    M   8 1235   28 280
20  55  41  48   1  17   0    T  0.0    0  8.5 20 250   M    M   4 12     24 250
21  57  41  49   2  16   0 0.00  0.0    0  9.6 21 270   M    M   5        29 270
22  61  39  50   4  15   0 0.00  0.0    0  6.2 17 270   M    M   0        24 290
23  54  42  48   2  17   0 0.61  0.0    0  2.9  8 120   M    M   8 128    10 120
24  60  53  57  11   8   0 0.08  0.0    0  1.9  7 140   M    M  10 12      9 150
25  62  53  58  12   7   0    T  0.0    0  8.8 15 160   M    M   8 12     21 180
26  60  55  58  13   7   0 0.00  0.0    0  5.6 13 200   M    M  10 1      18 210
27  58  49  54   9  11   0 0.00  0.0    0  4.6 10 340   M    M  10 1      14 320
28  50  45  48   3  17   0 0.03  0.0    0  9.7 16 350   M    M   9 12     20  20
29  56  45  51   7  14   0 0.52  0.0    0 18.5 33  10   M    M  10 18     45  20
30  54  38  46   2  19   0 0.36  0.0    0 15.1 33 120   M    M  10 1      49 120
31  39  36  38  -6  27   0 0.02  0.0    0  6.3 12 210   M    M  10 1      20 200
================================================================================
SM 1783 1321       457   1  3.50    T    232.9          M      200
================================================================================
AV 57.5 42.6                               7.5 FASTST   M    M   6    MAX(MPH)
                                 MISC ---->  # 33  10               # 49  120
================================================================================
NOTES:
# LAST OF SEVERAL OCCURRENCES

COLUMN 17 PEAK WIND IN M.P.H.

PRELIMINARY LOCAL CLIMATOLOGICAL DATA (WS FORM: F-6) , PAGE 2

                                          STATION:  BINGHAMTON NY
                                          MONTH:    OCTOBER
                                          YEAR:     2012
                                          LATITUDE:   42 13 N
                                          LONGITUDE:  75 59 W

[TEMPERATURE DATA]      [PRECIPITATION DATA]       SYMBOLS USED IN COLUMN 16

AVERAGE MONTHLY: 50.1   TOTAL FOR MONTH:   3.50    1 = FOG OR MIST
DPTR FM NORMAL:   1.6   DPTR FM NORMAL:    0.17    2 = FOG REDUCING VISIBILITY
HIGHEST:    75 ON  3    GRTST 24HR  1.08 ON 18-19      TO 1/4 MILE OR LESS
LOWEST:     26 ON 13                               3 = THUNDER
                        SNOW, ICE PELLETS, HAIL    4 = ICE PELLETS
                        TOTAL MONTH:    T          5 = HAIL
                        GRTST 24HR    T  ON 19-19  6 = FREEZING RAIN OR DRIZZLE
                        GRTST DEPTH:   0           7 = DUSTSTORM OR SANDSTORM:
                                                       VSBY 1/2 MILE OR LESS
                                                   8 = SMOKE OR HAZE
[NO. OF DAYS WITH]      [WEATHER - DAYS WITH]      9 = BLOWING SNOW
                                                   X = TORNADO
MAX 32 OR BELOW:   0    0.01 INCH OR MORE:  17
MAX 90 OR ABOVE:   0    0.10 INCH OR MORE:   7
MIN 32 OR BELOW:   3    0.50 INCH OR MORE:   3
MIN  0 OR BELOW:   0    1.00 INCH OR MORE:   1

[HDD (BASE 65) ]
TOTAL THIS MO.   457    CLEAR  (SCALE 0-3)   6
DPTR FM NORMAL   -58    PTCLDY (SCALE 4-7)  13
TOTAL FM JUL 1   671    CLOUDY (SCALE 8-10) 12
DPTR FM NORMAL  -101

[CDD (BASE 65) ]
TOTAL THIS MO.     1
DPTR FM NORMAL    -1    [PRESSURE DATA]
TOTAL FM JAN 1   548    HIGHEST SLP 30.50 ON 13
DPTR FM NORMAL   167    LOWEST  SLP 28.89 ON 29

[REMARKS]
#FINAL-10-12#
