000
CXUS51 KBGM 012345 CCA
CF6BGM

PRELIMINARY LOCAL CLIMATOLOGICAL DATA (WS FORM: F-6)

                                          STATION:   BINGHAMTON NY
                                          MONTH:     NOVEMBER
                                          YEAR:      2017
                                          LATITUDE:   42 13 N
                                          LONGITUDE:  75 59 W

  TEMPERATURE IN F:       :PCPN:    SNOW:  WIND      :SUNSHINE: SKY     :PK WND
================================================================================
1   2   3   4   5  6A  6B    7    8   9   10  11  12  13   14  15   16   17  18
                                     12Z  AVG MX 2MIN
DY MAX MIN AVG DEP HDD CDD  WTR  SNW DPTH SPD SPD DIR MIN PSBL S-S WX    SPD DR
================================================================================

 1  49  31  40  -3  25   0 0.18    T    0  7.2 15 160   M    M   7 1      21 170
 2  64  49  57  14   8   0 0.05  0.0    0  8.8 15 200   M    M   7 1      20 190
 3  59  37  48   5  17   0 0.07  0.0    0  9.9 18 340   M    M   4 1      24 320
 4  48  33  41  -1  24   0    T  0.0    0  5.8 15 170   M    M   2        22 170
 5  57  41  49   7  16   0 0.20  0.0    0 13.0 21 160   M    M  10 1      31 170
 6  57  35  46   4  19   0 0.46  0.0    0 10.4 21 340   M    M  10 1      27 330
 7  36  28  32  -9  33   0    T    T    0  8.0 16  10   M    M   8 1      18  10
 8  44  26  35  -6  30   0 0.00  0.0    0  4.4 13  40   M    M   0        16  40
 9  42  25  34  -7  31   0    T    T    0  8.1 22 310   M    M   6 18     32 310
10  34  14  24 -16  41   0 0.01  1.0    T 13.8 26 340   M    M   8 18     37 310
11  31  13  22 -18  43   0    T    T    T  4.8 13  20   M    M   0        16  20
12  39  22  31  -9  34   0 0.01    T    T  3.9  9 240   M    M   4        12 240
13  44  31  38  -1  27   0 0.03  0.1    T  4.7 10 340   M    M   9 1      13 360
14  38  34  36  -3  29   0 0.00  0.0    0  3.9  8 330   M    M  10 1      11 350
15  42  26  34  -5  31   0 0.00  0.0    0  7.1 17 170   M    M   5 12     25 160
16  46  33  40   2  25   0 0.07    T    0 12.9 28 280   M    M  10 13     40 280
17  35  24  30  -8  35   0    T    T    0 10.1 24 330   M    M   6 1      35 320
18  43  24  34  -3  31   0 0.38  0.0    0  9.8 17 190   M    M   7 1      24 190
19  51  29  40   3  25   0 0.09  0.7    0 14.3 32 280   M    M  10 18     45 290
20  37  27  32  -5  33   0    T    T    1 10.5 20 270   M    M   7 1      26 290
21  52  33  43   7  22   0 0.00  0.0    T 11.7 24 210   M    M   0        32 210
22  44  26  35  -1  30   0 0.05    T    0 11.3 22 320   M    M   9 1      30 300
23  32  25  29  -7  36   0    T    T    T  6.4 13 330   M    M   9        19 320
24  48  29  39   4  26   0 0.00  0.0    0  8.1 16 200   M    M   3        25 210
25  52  37  45  10  20   0 0.01  0.0    0  9.5 17 310   M    M   5        22 280
26  38  28  33  -1  32   0 0.04    T    0 10.7 22 320   M    M  10 1      28 280
27  38  25  32  -2  33   0 0.00  0.0    0  8.4 17 330   M    M   6        25 310
28  50  24  37   3  28   0 0.00  0.0    0  9.1 18 210   M    M   0        27 220
29  50  29  40   7  25   0 0.00  0.0    0 11.1 23 280   M    M   4        33 350
30  44  23  34   1  31   0 0.11  0.0    0  8.4 21 180   M    M   3 1      27 170
================================================================================
SM 1344  861       840   0  1.76     1.8 266.1          M      179
================================================================================
AV 44.8 28.7                               8.9 FASTST   M    M   6    MAX(MPH)
                                 MISC ---->  # 32 280               # 45  290
================================================================================
NOTES:
# LAST OF SEVERAL OCCURRENCES

COLUMN 17 PEAK WIND IN M.P.H.

PRELIMINARY LOCAL CLIMATOLOGICAL DATA (WS FORM: F-6) , PAGE 2

                                          STATION:  BINGHAMTON NY
                                          MONTH:    NOVEMBER
                                          YEAR:     2017
                                          LATITUDE:   42 13 N
                                          LONGITUDE:  75 59 W

[TEMPERATURE DATA]      [PRECIPITATION DATA]       SYMBOLS USED IN COLUMN 16

AVERAGE MONTHLY: 36.8   TOTAL FOR MONTH:   1.76    1 = FOG OR MIST
DPTR FM NORMAL:  -1.5   DPTR FM NORMAL:   -1.54    2 = FOG REDUCING VISIBILITY
HIGHEST:    64 ON  2    GRTST 24HR  0.56 ON  5- 6      TO 1/4 MILE OR LESS
LOWEST:     13 ON 11                               3 = THUNDER
                        SNOW, ICE PELLETS, HAIL    4 = ICE PELLETS
                        TOTAL MONTH:   1.8 INCHES  5 = HAIL
                        GRTST 24HR   1.0 ON 10-10  6 = FREEZING RAIN OR DRIZZLE
                        GRTST DEPTH:   1 ON 20     7 = DUSTSTORM OR SANDSTORM:
                                                       VSBY 1/2 MILE OR LESS
                                                   8 = SMOKE OR HAZE
[NO. OF DAYS WITH]      [WEATHER - DAYS WITH]      9 = BLOWING SNOW
                                                   X = TORNADO
MAX 32 OR BELOW:   2    0.01 INCH OR MORE:  15
MAX 90 OR ABOVE:   0    0.10 INCH OR MORE:   5
MIN 32 OR BELOW:  21    0.50 INCH OR MORE:   0
MIN  0 OR BELOW:   0    1.00 INCH OR MORE:   0

[HDD (BASE 65) ]
TOTAL THIS MO.   840    CLEAR  (SCALE 0-3)   7
DPTR FM NORMAL    37    PTCLDY (SCALE 4-7)  14
TOTAL FM JUL 1  1398    CLOUDY (SCALE 8-10)  9
DPTR FM NORMAL  -177

[CDD (BASE 65) ]
TOTAL THIS MO.     0
DPTR FM NORMAL     0    [PRESSURE DATA]
TOTAL FM JAN 1   349    HIGHEST SLP 30.62 ON 11
DPTR FM NORMAL   -32    LOWEST  SLP 29.09 ON 19

[REMARKS]
#FINAL-11-17#
CORRECTED GREATEST 24 HOUR PRECIPITATION
10TH DRIEST NOVEMBER
