000
CXUS51 KBGM 010724
CF6BGM
PRELIMINARY LOCAL CLIMATOLOGICAL DATA (WS FORM: F-6)

                                          STATION:   BINGHAMTON NY
                                          MONTH:     JUNE
                                          YEAR:      2014
                                          LATITUDE:   42 13 N
                                          LONGITUDE:  75 59 W

  TEMPERATURE IN F:       :PCPN:    SNOW:  WIND      :SUNSHINE: SKY     :PK WND
================================================================================
1   2   3   4   5  6A  6B    7    8   9   10  11  12  13   14  15   16   17  18
                                     12Z  AVG MX 2MIN
DY MAX MIN AVG DEP HDD CDD  WTR  SNW DPTH SPD SPD DIR MIN PSBL S-S WX    SPD DR
================================================================================

 1  75  47  61   0   4   0 0.00  0.0    0  6.4 13 200   M    M   0        18 190
 2  82  55  69   8   0   4 0.00  0.0    0  7.6 14 210   M    M   1        20 230
 3  79  63  71  10   0   6 0.05  0.0    0  6.3 18 340   M    M   7 13     24 350
 4  71  52  62   0   3   0 0.00  0.0    0  4.9 16 350   M    M   2        23 330
 5  68  51  60  -2   5   0 0.00  0.0    0  7.5 15 340   M    M   7        23 340
 6  69  51  60  -2   5   0 0.00  0.0    0  8.9 16 350   M    M   6        25 340
 7  78  50  64   2   1   0 0.00  0.0    0  5.4 14 340   M    M   1        23  30
 8  80  54  67   4   0   2 0.41  0.0    0  5.5 17 140   M    M   2 1      21 140
 9  64  61  63   0   2   0 0.01  0.0    0  5.2 10 100   M    M  10 1      13  90
10  77  62  70   7   0   5    T  0.0    0  3.9  9 110   M    M   9 12     13 120
11  67  59  63  -1   2   0 0.43  0.0    0 12.6 22 140   M    M  10 1      28 140
12  65  59  62  -2   3   0 0.18  0.0    0 10.2 17 150   M    M  10 12     24 150
13  76  61  69   5   0   4 0.90  0.0    0  6.9 20 350   M    M   8 13     29 360
14  61  50  56  -8   9   0 0.00  0.0    0  8.1 15 290   M    M   9        23 290
15  72  53  63  -1   2   0 0.00  0.0    0  5.8 13  20   M    M   4        16  30
16  82  50  66   1   0   1    T  0.0    0  4.6 12 260   M    M   2 13     14 230
17  84  63  74   9   0   9 0.42  0.0    0  8.7 25 350   M    M   2 13     33 350
18  78  65  72   7   0   7    T  0.0    0  9.2 17 320   M    M   5        26 320
19  76  55  66   0   0   1 0.01  0.0    0  8.6 18 360   M    M   3 18     24 360
20  71  50  61  -5   4   0 0.00  0.0    0  7.5 16 350   M    M   0        22 350
21  73  47  60  -6   5   0 0.00  0.0    0  4.5 10  20   M    M   2        14 340
22  76  53  65  -1   0   0 0.00  0.0    0  4.2 12  30   M    M   1        26 320
23  78  54  66   0   0   1 0.00  0.0    0  7.3 14 210   M    M   2        18 200
24  79  64  72   5   0   7 0.12  0.0    0  8.9 16 190   M    M   7 13     22 220
25  77  65  71   4   0   6 1.84  0.0    0  5.8 15  10   M    M   9 13     20  10
26  77  63  70   3   0   5    T  0.0    0  8.8 17 350   M    M   6 1      21 340
27  81  59  70   3   0   5 0.00  0.0    0  3.5 10  60   M    M   1        15  90
28  80  59  70   3   0   5 0.00  0.0    0  5.2 12 170   M    M   2        15 170
29  82  64  73   6   0   8 0.00  0.0    0  7.6 17 220   M    M   3 8      22 200
30  82  66  74   6   0   9    T  0.0    0  6.7 13 190   M    M   5        18 180
================================================================================
SM 2260 1705        45  85  4.37     0.0 206.3          M      136
================================================================================
AV 75.3 56.8                               6.9 FASTST   M    M   5    MAX(MPH)
                                 MISC ---->  # 25 350               # 33  350
================================================================================
NOTES:
# LAST OF SEVERAL OCCURRENCES

COLUMN 17 PEAK WIND IN M.P.H.

PRELIMINARY LOCAL CLIMATOLOGICAL DATA (WS FORM: F-6) , PAGE 2

                                          STATION:  BINGHAMTON NY
                                          MONTH:    JUNE
                                          YEAR:     2014
                                          LATITUDE:   42 13 N
                                          LONGITUDE:  75 59 W

[TEMPERATURE DATA]      [PRECIPITATION DATA]       SYMBOLS USED IN COLUMN 16

AVERAGE MONTHLY: 66.1   TOTAL FOR MONTH:   4.37    1 = FOG OR MIST
DPTR FM NORMAL:   1.7   DPTR FM NORMAL:    0.06    2 = FOG REDUCING VISIBILITY
HIGHEST:    84 ON 17    GRTST 24HR  1.95 ON 24-25      TO 1/4 MILE OR LESS
LOWEST:     47 ON 21, 1                            3 = THUNDER
                        SNOW, ICE PELLETS, HAIL    4 = ICE PELLETS
                        TOTAL MONTH:   0.0 INCH    5 = HAIL
                        GRTST 24HR     0.0         6 = FREEZING RAIN OR DRIZZLE
                        GRTST DEPTH:   0           7 = DUSTSTORM OR SANDSTORM:
                                                       VSBY 1/2 MILE OR LESS
                                                   8 = SMOKE OR HAZE
[NO. OF DAYS WITH]      [WEATHER - DAYS WITH]      9 = BLOWING SNOW
                                                   X = TORNADO
MAX 32 OR BELOW:   0    0.01 INCH OR MORE:  10
MAX 90 OR ABOVE:   0    0.10 INCH OR MORE:   7
MIN 32 OR BELOW:   0    0.50 INCH OR MORE:   2
MIN  0 OR BELOW:   0    1.00 INCH OR MORE:   1

[HDD (BASE 65) ]
TOTAL THIS MO.    45    CLEAR  (SCALE 0-3)  14
DPTR FM NORMAL   -46    PTCLDY (SCALE 4-7)  10
TOTAL FM JUL 1  7539    CLOUDY (SCALE 8-10)  6
DPTR FM NORMAL   344

[CDD (BASE 65) ]
TOTAL THIS MO.    85
DPTR FM NORMAL    11    [PRESSURE DATA]
TOTAL FM JAN 1   110    HIGHEST SLP 30.35 ON  1
DPTR FM NORMAL    13    LOWEST  SLP 29.70 ON 13

[REMARKS]
#FINAL-06-14#
