000
CXUS51 KBGM 031435 CCA
CF6BGM

PRELIMINARY LOCAL CLIMATOLOGICAL DATA (WS FORM: F-6)

                                          STATION:   BINGHAMTON NY
                                          MONTH:     JULY
                                          YEAR:      2017
                                          LATITUDE:   42 13 N
                                          LONGITUDE:  75 59 W

  TEMPERATURE IN F:       :PCPN:    SNOW:  WIND      :SUNSHINE: SKY     :PK WND
================================================================================
1   2   3   4   5  6A  6B    7    8   9   10  11  12  13   14  15   16   17  18
                                     12Z  AVG MX 2MIN
DY MAX MIN AVG DEP HDD CDD  WTR  SNW DPTH SPD SPD DIR MIN PSBL S-S WX    SPD DR
================================================================================

 1  77  63  70   2   0   5 1.09  0.0    0  7.9 16 210   M    M   7 123    23 210
 2  79  60  70   2   0   5    T  0.0    0  5.6 14 340   M    M   3 128    18 350
 3  75  59  67  -1   0   2 0.00  0.0    0  7.2 17 350   M    M   2        24 330
 4  76  55  66  -2   0   1 0.00  0.0    0  5.5 12 360   M    M   2        16  20
 5  79  55  67  -1   0   2 0.00  0.0    0  5.5 12 190   M    M   2        17 140
 6  75  63  69   1   0   4 0.00  0.0    0  8.4 15 210   M    M   8        20 190
 7  80  63  72   4   0   7 0.14  0.0    0  5.1 24 270   M    M   6 1      32 270
 8  74  55  65  -3   0   0 0.04  0.0    0  8.2 26 240   M    M   6 13     38 250
 9  74  53  64  -5   1   0 0.00  0.0    0  5.8 15 270   M    M   3        20 280
10  76  58  67  -2   0   2 0.02  0.0    0  7.6 16 250   M    M   2        21 260
11  76  62  69   0   0   4 0.03  0.0    0  5.6 13 200   M    M   6 1      16 190
12  77  67  72   3   0   7 0.13  0.0    0  5.6 20  20   M    M   7 13     25  20
13  75  66  71   2   0   6 0.14  0.0    0  6.0 15 280   M    M   7 13     20 290
14  78  64  71   2   0   6 1.17  0.0    0  7.3 21 360   M    M   8 123    26  10
15  72  59  66  -3   0   1 0.00  0.0    0  6.7 14 280   M    M   8 12     20 300
16  77  57  67  -2   0   2 0.00  0.0    0  4.4 12 230   M    M   3 12     15 240
17  79  61  70   1   0   5 0.37  0.0    0  5.2 20 330   M    M   4 123    27 330
18  81  60  71   2   0   6 0.00  0.0    0  4.9 12 260   M    M   2 1      19 280
19  82  61  72   3   0   7 0.00  0.0    0  4.7 13 310   M    M   0 1      18 290
20  82  65  74   5   0   9 0.22  0.0    0  6.2 17 360   M    M   3 123    21 350
21  83  64  74   5   0   9 0.06  0.0    0  6.0 15 280   M    M   4 12     21 280
22  76  62  69   0   0   4    T  0.0    0  4.1  9  60   M    M   3 1      11  80
23  77  61  69   0   0   4 1.35  0.0    0  7.1 20 280   M    M   8 13     27 280
24  72  60  66  -3   0   1 2.00  0.0    0  6.2 15 140   M    M   9 123    19 170
25  64  58  61  -8   4   0 0.12  0.0    0  7.6 15 320   M    M  10 12     20 280
26  70  57  64  -5   1   0 0.01  0.0    0  5.3 12 230   M    M   7 1      16 150
27  74  62  68  -1   0   3 0.03  0.0    0  4.9 10 250   M    M   7 1      14 220
28  74  58  66  -3   0   1 0.01  0.0    0  6.9 15  20   M    M   5 12     19  20
29  73  54  64  -5   1   0 0.00  0.0    0 10.8 22 360   M    M   0        29  20
30  76  52  64  -5   1   0 0.00  0.0    0  6.9 14 360   M    M   0        19 360
31  80  58  69   0   0   4 0.00  0.0    0  5.9 13 310   M    M   0        20 340
================================================================================
SM 2363 1852         8 107  6.93     0.0 195.1          M      142
================================================================================
AV 76.2 59.7                               6.3 FASTST   M    M   5    MAX(MPH)
                                 MISC ---->  # 26 240               # 38  250
================================================================================
NOTES:
# LAST OF SEVERAL OCCURRENCES

COLUMN 17 PEAK WIND IN M.P.H.

PRELIMINARY LOCAL CLIMATOLOGICAL DATA (WS FORM: F-6) , PAGE 2

                                          STATION:  BINGHAMTON NY
                                          MONTH:    JULY
                                          YEAR:     2017
                                          LATITUDE:   42 13 N
                                          LONGITUDE:  75 59 W

[TEMPERATURE DATA]      [PRECIPITATION DATA]       SYMBOLS USED IN COLUMN 16

AVERAGE MONTHLY: 68.0   TOTAL FOR MONTH:   6.93    1 = FOG OR MIST
DPTR FM NORMAL:  -0.7   DPTR FM NORMAL:    3.23    2 = FOG REDUCING VISIBILITY
HIGHEST:    83 ON 21    GRTST 24HR  2.72 ON 23-24      TO 1/4 MILE OR LESS
LOWEST:     52 ON 30                               3 = THUNDER
                        SNOW, ICE PELLETS, HAIL    4 = ICE PELLETS
                        TOTAL MONTH:   0.0 INCH    5 = HAIL
                        GRTST 24HR     0.0         6 = FREEZING RAIN OR DRIZZLE
                        GRTST DEPTH:   0           7 = DUSTSTORM OR SANDSTORM:
                                                       VSBY 1/2 MILE OR LESS
                                                   8 = SMOKE OR HAZE
[NO. OF DAYS WITH]      [WEATHER - DAYS WITH]      9 = BLOWING SNOW
                                                   X = TORNADO
MAX 32 OR BELOW:   0    0.01 INCH OR MORE:  17
MAX 90 OR ABOVE:   0    0.10 INCH OR MORE:  10
MIN 32 OR BELOW:   0    0.50 INCH OR MORE:   4
MIN  0 OR BELOW:   0    1.00 INCH OR MORE:   4

[HDD (BASE 65) ]
TOTAL THIS MO.     8    CLEAR  (SCALE 0-3)  14
DPTR FM NORMAL   -16    PTCLDY (SCALE 4-7)  14
TOTAL FM JUL 1     8    CLOUDY (SCALE 8-10)  3
DPTR FM NORMAL   -16

[CDD (BASE 65) ]
TOTAL THIS MO.   107
DPTR FM NORMAL   -31    [PRESSURE DATA]
TOTAL FM JAN 1   201    HIGHEST SLP 30.28 ON 26
DPTR FM NORMAL   -34    LOWEST  SLP 29.72 ON  8

[REMARKS]
#FINAL-07-17#
CORRECTED GREATEST 24 HOUR PRECIPITATION
4TH WETTEST JULY
