000
CXUS51 KBGM 011410 CCA
CF6BGM

PRELIMINARY LOCAL CLIMATOLOGICAL DATA (WS FORM: F-6)

                                          STATION:   BINGHAMTON NY
                                          MONTH:     MARCH
                                          YEAR:      2014
                                          LATITUDE:   42 13 N
                                          LONGITUDE:  75 59 W

  TEMPERATURE IN F:       :PCPN:    SNOW:  WIND      :SUNSHINE: SKY     :PK WND
================================================================================
1   2   3   4   5  6A  6B    7    8   9   10  11  12  13   14  15   16   17  18
                                     12Z  AVG MX 2MIN
DY MAX MIN AVG DEP HDD CDD  WTR  SNW DPTH SPD SPD DIR MIN PSBL S-S WX    SPD DR
================================================================================

 1  31   8  20  -8  45   0 0.00  0.0    6  7.8 16 220   M    M   6        21 230
 2  29   9  19  -9  46   0 0.02  0.3    6  8.3 15 340   M    M  10 18     20 320
 3  13   2   8 -20  57   0    T    T    5  8.6 17 350   M    M   3 18     22 350
 4  19  -3   8 -21  57   0 0.01    T    5  2.8 36 270   M    M   6 18      M  M
 5  22   7  15 -14  50   0    T    T    5  7.8 17  10   M    M   8        23 340
 6  28   2  15 -14  50   0 0.00  0.0    5  6.9 12 160   M    M   0        18 190
 7  41  15  28  -2  37   0 0.00  0.0    5  6.8 14 150   M    M   1        21 160
 8  42  27  35   5  30   0    T    T    4  8.0 15 320   M    M   6 18     24 220
 9  31  21  26  -4  39   0 0.01  0.1    4  8.3 18 300   M    M   5 18     26 310
10  45  29  37   6  28   0    T    T    4  7.4 14 220   M    M   8 8      17 250
11  55  38  47  16  18   0    T  0.0    3  6.1 14 290   M    M   4        17 280
12  41  10  26  -5  39   0 0.98  0.4    1 12.6 28 340   M    M   9 12     39 320
13  15   6  11 -21  54   0    T    T    T 15.5 29 330   M    M   7 129    46 330
14  44  10  27  -5  38   0 0.00  0.0    T  9.6 21 210   M    M   6        30 210
15  44  21  33   1  32   0 0.02  0.1    T 11.9 25 260   M    M   8 8      33 260
16  21  10  16 -17  49   0 0.01  0.1    T 10.2 21 350   M    M   4 18     28 350
17  31   7  19 -14  46   0 0.00  0.0    T  4.9 13 100   M    M   0        16  50
18  42  18  30  -3  35   0 0.00  0.0    T  8.1 16 150   M    M   3        22 150
19  39  27  33  -1  32   0 0.03  0.0    T 12.2 21 150   M    M   8 1      28 150
20  41  29  35   1  30   0    T  0.1    T 14.7 30 260   M    M  10 18     39 270
21  37  27  32  -2  33   0 0.00  0.0    T 10.5 22 280   M    M   5        31 320
22  48  26  37   2  28   0    T    T    0 12.7 28 280   M    M   6 8      39 310
23  30  13  22 -13  43   0 0.01  0.1    T 10.9 18 340   M    M   9 18     24 310
24  23  10  17 -19  48   0 0.02  0.2    T  5.8 15 340   M    M   5 18     21 350
25  34  10  22 -14  43   0    T  0.1    0  4.9 16 200   M    M   5 18     21 230
26  24  14  19 -17  46   0    T    T    T 14.9 26 310   M    M   9 18     37 310
27  40   9  25 -12  40   0    T  0.0    0  8.3 18 170   M    M   4        25 200
28  52  33  43   6  22   0 0.24  0.0    0  9.8 18 200   M    M  10 1      25 200
29  48  33  41   3  24   0 1.01  0.0    0  8.2 18  10   M    M  10 12     23  10
30  37  29  33  -5  32   0 0.32  0.4    0 17.5 29 350   M    M  10 12     37 350
31  45  27  36  -3  29   0    T    T    T 15.0 26 350   M    M   5        33 350
================================================================================
SM 1092  524      1200   0  2.68     1.9 297.0          M      190
================================================================================
AV 35.2 16.9                               9.6 FASTST   M    M   6    MAX(MPH)
                                 MISC ---->  # 36 270               # 46  330
================================================================================
NOTES:
# LAST OF SEVERAL OCCURRENCES

COLUMN 17 PEAK WIND IN M.P.H.

PRELIMINARY LOCAL CLIMATOLOGICAL DATA (WS FORM: F-6) , PAGE 2

                                          STATION:  BINGHAMTON NY
                                          MONTH:    MARCH
                                          YEAR:     2014
                                          LATITUDE:   42 13 N
                                          LONGITUDE:  75 59 W

[TEMPERATURE DATA]      [PRECIPITATION DATA]       SYMBOLS USED IN COLUMN 16

AVERAGE MONTHLY: 26.1   TOTAL FOR MONTH:   2.68    1 = FOG OR MIST
DPTR FM NORMAL:  -6.7   DPTR FM NORMAL:   -0.31    2 = FOG REDUCING VISIBILITY
HIGHEST:    55 ON 11    GRTST 24HR  1.30 ON 29-30      TO 1/4 MILE OR LESS
LOWEST:     -3 ON  4                               3 = THUNDER
                        SNOW, ICE PELLETS, HAIL    4 = ICE PELLETS
                        TOTAL MONTH:   1.9 INCHES  5 = HAIL
                        GRTST 24HR   0.4 ON  12,30 6 = FREEZING RAIN OR DRIZZLE
                        GRTST DEPTH:   7 ON  1     7 = DUSTSTORM OR SANDSTORM:
                                                       VSBY 1/2 MILE OR LESS
                                                   8 = SMOKE OR HAZE
[NO. OF DAYS WITH]      [WEATHER - DAYS WITH]      9 = BLOWING SNOW
                                                   X = TORNADO
MAX 32 OR BELOW:  13    0.01 INCH OR MORE:  12
MAX 90 OR ABOVE:   0    0.10 INCH OR MORE:   4
MIN 32 OR BELOW:  28    0.50 INCH OR MORE:   2
MIN  0 OR BELOW:   1    1.00 INCH OR MORE:   1

[HDD (BASE 65) ]
TOTAL THIS MO.  1200    CLEAR  (SCALE 0-3)   5
DPTR FM NORMAL   203    PTCLDY (SCALE 4-7)  16
TOTAL FM JUL 1  6671    CLOUDY (SCALE 8-10) 10
DPTR FM NORMAL   475

[CDD (BASE 65) ]
TOTAL THIS MO.     0
DPTR FM NORMAL     0    [PRESSURE DATA]
TOTAL FM JAN 1     0    HIGHEST SLP 30.62 ON  6
DPTR FM NORMAL     0    LOWEST  SLP 29.08 ON 12

[REMARKS]
CORRECTED GREATEST 24 HR PRECIPITATION AND SNOWFALL AND GREATEST SNOW DEPTH
TAC
#FINAL-03-14#
