000
CXUS51 KBGM 011808 AAA
CF6BGM

PRELIMINARY LOCAL CLIMATOLOGICAL DATA (WS FORM: F-6)

                                          STATION:   BINGHAMTON NY
                                          MONTH:     JANUARY
                                          YEAR:      2016
                                          LATITUDE:   42 13 N
                                          LONGITUDE:  75 59 W

  TEMPERATURE IN F:       :PCPN:    SNOW:  WIND      :SUNSHINE: SKY     :PK WND
================================================================================
1   2   3   4   5  6A  6B    7    8   9   10  11  12  13   14  15   16   17  18
                                     12Z  AVG MX 2MIN
DY MAX MIN AVG DEP HDD CDD  WTR  SNW DPTH SPD SPD DIR MIN PSBL S-S WX    SPD DR
================================================================================

 1  31  22  27   4  38   0 0.01  0.3    T 11.2 21 300   M    M   9 18     29 320
 2  28  20  24   1  41   0    T    T    T  8.3 20 230   M    M  10        24 270
 3  31  21  26   3  39   0    T  0.2    T 10.2 20 340   M    M   9 1      26 340
 4  21   1  11 -12  54   0    T  0.3    T 15.0 24  10   M    M   8 18     32  10
 5  23   0  12 -11  53   0    T    T    T  5.2 15 360   M    M   3 18     19 350
 6  35  12  24   2  41   0 0.00  0.0    T  5.5 14 220   M    M   0        17 220
 7  40  18  29   7  36   0 0.00  0.0    T  3.6  7  80   M    M   0         9 220
 8  36  19  28   6  37   0    T    T    0  9.2 16 160   M    M   3        24 190
 9  40  34  37  15  28   0    T    T    0 10.9 17 140   M    M   9 12     23 170
10  49  27  38  16  27   0 0.74    T    0 18.1 35 280   M    M  10 1      44 270
11  27  12  20  -2  45   0    T  0.2    T 12.4 29 280   M    M   7 8      37 270
12  25  14  20  -2  45   0 0.11  2.1    T 11.2 26 290   M    M   8 18     40 280
13  19  12  16  -6  49   0 0.02  0.7    3 12.8 24 290   M    M   6 189    39 290
14  27  11  19  -3  46   0 0.09  1.6    4  6.4 14 250   M    M  10 18     18 250
15  44  24  34  12  31   0 0.00  0.0    2  7.1 13 150   M    M   3        16 170
16  37  28  33  11  32   0 0.27  0.3    1  7.9 17 300   M    M  10 12     23 320
17  28  20  24   2  41   0 0.03  0.9    1  4.2 18 320   M    M  10 18     24 300
18  20  10  15  -7  50   0 0.01  0.9    2 14.9 28 280   M    M   8 189    36 280
19  20   8  14  -8  51   0 0.01  0.6    2 16.1 30 310   M    M  10 19     46 310
20  23  19  21  -1  44   0    T  0.4    2  7.9 18 310   M    M  10 1      26 310
21  23  11  17  -5  48   0 0.02  1.7    2  7.4 16 320   M    M   7 18     21 340
22  20   7  14  -8  51   0 0.00  0.0    3  7.6 15  20   M    M   1        22  40
23  23  13  18  -4  47   0 0.00  0.0    3 12.7 21  30   M    M   4        26  30
24  26  11  19  -3  46   0    T    T    2  6.7 15 320   M    M   7 18     21 330
25  32  19  26   4  39   0 0.00  0.0    2  5.9 13 160   M    M   4        17 180
26  47  27  37  15  28   0    T  0.0    2 10.8 22 230   M    M   7        32 240
27  35  24  30   8  35   0    T    T    T  8.6 24 280   M    M  10 18     37 280
28  34  22  28   6  37   0 0.00  0.0    T  9.3 17 180   M    M   3        24 200
29  31  20  26   4  39   0    T    T    T 10.9 23 300   M    M  10        30 330
30  41  20  31   9  34   0 0.00  0.0    T  9.8 18 190   M    M   4        26 220
31  53  35  44  22  21   0 0.00  0.0    0  7.2 17 200   M    M   2        22 190
================================================================================
SM  969  541      1253   0  1.31    10.2 295.0          M      202
================================================================================
AV 31.3 17.5                               9.5 FASTST   M    M   7    MAX(MPH)
                                 MISC ---->  # 35 280               # 46  310
================================================================================
NOTES:
# LAST OF SEVERAL OCCURRENCES

COLUMN 17 PEAK WIND IN M.P.H.

PRELIMINARY LOCAL CLIMATOLOGICAL DATA (WS FORM: F-6) , PAGE 2

                                          STATION:  BINGHAMTON NY
                                          MONTH:    JANUARY
                                          YEAR:     2016
                                          LATITUDE:   42 13 N
                                          LONGITUDE:  75 59 W

[TEMPERATURE DATA]      [PRECIPITATION DATA]       SYMBOLS USED IN COLUMN 16

AVERAGE MONTHLY: 24.4   TOTAL FOR MONTH:   1.31    1 = FOG OR MIST
DPTR FM NORMAL:   2.2   DPTR FM NORMAL:   -1.14    2 = FOG REDUCING VISIBILITY
HIGHEST:    53 ON 31    GRTST 24HR  0.74 ON 10-10      TO 1/4 MILE OR LESS
LOWEST:      0 ON  5                               3 = THUNDER
                        SNOW, ICE PELLETS, HAIL    4 = ICE PELLETS
                        TOTAL MONTH:  10.2 INCHES  5 = HAIL
                        GRTST 24HR   2.8 ON 11-12  6 = FREEZING RAIN OR DRIZZLE
                        GRTST DEPTH:   4 ON 14     7 = DUSTSTORM OR SANDSTORM:
                                                       VSBY 1/2 MILE OR LESS
                                                   8 = SMOKE OR HAZE
[NO. OF DAYS WITH]      [WEATHER - DAYS WITH]      9 = BLOWING SNOW
                                                   X = TORNADO
MAX 32 OR BELOW:  19    0.01 INCH OR MORE:  10
MAX 90 OR ABOVE:   0    0.10 INCH OR MORE:   3
MIN 32 OR BELOW:  29    0.50 INCH OR MORE:   1
MIN  0 OR BELOW:   1    1.00 INCH OR MORE:   0

[HDD (BASE 65) ]
TOTAL THIS MO.  1253    CLEAR  (SCALE 0-3)   8
DPTR FM NORMAL   -74    PTCLDY (SCALE 4-7)  11
TOTAL FM JUL 1  3278    CLOUDY (SCALE 8-10) 12
DPTR FM NORMAL  -794

[CDD (BASE 65) ]
TOTAL THIS MO.     0
DPTR FM NORMAL     0    [PRESSURE DATA]
TOTAL FM JAN 1     0    HIGHEST SLP 30.68 ON  5
DPTR FM NORMAL     0    LOWEST  SLP 29.22 ON 10

[REMARKS]
#FINAL-01-16#
