000
CXUS51 KBGM 010538
CF6BGM
PRELIMINARY LOCAL CLIMATOLOGICAL DATA (WS FORM: F-6)

                                          STATION:   BINGHAMTON NY
                                          MONTH:     JUNE
                                          YEAR:      2012
                                          LATITUDE:   42 13 N
                                          LONGITUDE:  75 59 W

  TEMPERATURE IN F:       :PCPN:    SNOW:  WIND      :SUNSHINE: SKY     :PK WND
================================================================================
1   2   3   4   5  6A  6B    7    8   9   10  11  12  13   14  15   16   17  18
                                     12Z  AVG MX 2MIN
DY MAX MIN AVG DEP HDD CDD  WTR  SNW DPTH SPD SPD DIR MIN PSBL S-S WX    SPD DR
================================================================================

 1  65  46  56  -5   9   0 0.61  0.0    0 13.3 29 140   M    M   7 1      43 130
 2  64  52  58  -3   7   0 0.10  0.0    0  7.4 17 110   M    M   7 1      23 130
 3  61  50  56  -5   9   0 0.33  0.0    0  7.6 21 250   M    M   8 1      29 270
 4  56  47  52 -10  13   0 0.47  0.0    0  6.4 14  60   M    M  10 12     20  60
 5  62  45  54  -8  11   0 0.39  0.0    0  6.4 16 350   M    M   8 1      29 240
 6  66  45  56  -6   9   0 0.37    T    0  3.8 18  10   M    M   4 12358  31 360
 7  67  46  57  -5   8   0 0.00  0.0    0  3.2 10  50   M    M   4 123    29  20
 8  78  51  65   2   0   0    T  0.0    0  7.5 18 280   M    M   2        28 220
 9  72  57  65   2   0   0 0.03  0.0    0  5.4 16 280   M    M   7 1      21 280
10  85  61  73  10   0   8    T  0.0    0  4.4  9 140   M    M   4        14 350
11  82  63  73   9   0   8 0.00  0.0    0 10.7 18 150   M    M   2 18     29 160
12  65  61  63  -1   2   0 0.69  0.0    0  9.4 17 330   M    M   9 1      26 140
13  68  51  60  -4   5   0 0.00  0.0    0 10.7 20 340   M    M   4        28 340
14  75  50  63  -1   2   0 0.00  0.0    0  6.6 13  70   M    M   0        17  80
15  78  52  65   1   0   0 0.00  0.0    0  2.9 12 140   M    M   1        17 140
16  78  56  67   2   0   2 0.00  0.0    0  4.6  9 140   M    M   1        13 150
17  75  56  66   1   0   1 0.00  0.0    0  8.1 20 180   M    M   0        24 190
18  66  57  62  -3   3   0    T  0.0    0  9.0 15 170   M    M   8        21 180
19  83  60  72   6   0   7 0.21  0.0    0  7.3 14 250   M    M   5 13     18 230
20  90  69  80  14   0  15 0.00  0.0    0  6.3 10 270   M    M   1 1      15 280
21  89  68  79  13   0  14 0.00  0.0    0  6.5 16 280   M    M   1 1      21 270
22  77  65  71   5   0   6    T  0.0    0  7.5 16 360   M    M   3 8      21 320
23  77  59  68   2   0   3 0.00  0.0    0  7.4 20 360   M    M   2        24 350
24  77  56  67   0   0   2 0.01  0.0    0  5.2 10 220   M    M   3        14 230
25  68  52  60  -7   5   0 0.52  0.0    0 10.1 21 340   M    M   7 123    30 350
26  68  48  58  -9   7   0 0.00  0.0    0 11.0 23 340   M    M   4        35 360
27  76  53  65  -2   0   0 0.00  0.0    0 10.4 23 310   M    M   1        33 340
28  83  55  69   2   0   4 0.00  0.0    0  6.1 13 250   M    M   2        16 230
29  90  68  79  12   0  14 0.00  0.0    0  8.0 18 270   M    M   1        25 280
30  85  63  74   6   0   9 0.00  0.0    0  7.8 17 250   M    M   1        23 270
================================================================================
SM 2226 1662        90  93  3.73    T    221.0          M      117
================================================================================
AV 74.2 55.4                               7.4 FASTST   M    M   4    MAX(MPH)
                                 MISC ---->  # 29 140               # 43  130
================================================================================
NOTES:
# LAST OF SEVERAL OCCURRENCES

COLUMN 17 PEAK WIND IN M.P.H.

PRELIMINARY LOCAL CLIMATOLOGICAL DATA (WS FORM: F-6) , PAGE 2

                                          STATION:  BINGHAMTON NY
                                          MONTH:    JUNE
                                          YEAR:     2012
                                          LATITUDE:   42 13 N
                                          LONGITUDE:  75 59 W

[TEMPERATURE DATA]      [PRECIPITATION DATA]       SYMBOLS USED IN COLUMN 16

AVERAGE MONTHLY: 64.8   TOTAL FOR MONTH:   3.73    1 = FOG OR MIST
DPTR FM NORMAL:   0.4   DPTR FM NORMAL:   -0.58    2 = FOG REDUCING VISIBILITY
HIGHEST:    90 ON 29,20 GRTST 24HR  0.76 ON  5- 6      TO 1/4 MILE OR LESS
LOWEST:     45 ON  6, 5                            3 = THUNDER
                        SNOW, ICE PELLETS, HAIL    4 = ICE PELLETS
                        TOTAL MONTH:    T          5 = HAIL
                        GRTST 24HR    T  ON  6- 6  6 = FREEZING RAIN OR DRIZZLE
                        GRTST DEPTH:   0           7 = DUSTSTORM OR SANDSTORM:
                                                       VSBY 1/2 MILE OR LESS
                                                   8 = SMOKE OR HAZE
[NO. OF DAYS WITH]      [WEATHER - DAYS WITH]      9 = BLOWING SNOW
                                                   X = TORNADO
MAX 32 OR BELOW:   0    0.01 INCH OR MORE:  11
MAX 90 OR ABOVE:   2    0.10 INCH OR MORE:   9
MIN 32 OR BELOW:   0    0.50 INCH OR MORE:   3
MIN  0 OR BELOW:   0    1.00 INCH OR MORE:   0

[HDD (BASE 65) ]
TOTAL THIS MO.    90    CLEAR  (SCALE 0-3)  15
DPTR FM NORMAL    -1    PTCLDY (SCALE 4-7)  13
TOTAL FM JUL 1  5813    CLOUDY (SCALE 8-10)  2
DPTR FM NORMAL -1382

[CDD (BASE 65) ]
TOTAL THIS MO.    93
DPTR FM NORMAL    19    [PRESSURE DATA]
TOTAL FM JAN 1   149    HIGHEST SLP M ON M
DPTR FM NORMAL    52    LOWEST  SLP 29.59 ON  4

[REMARKS]
#FINAL-06-12#
