000
CXUS51 KBGM 010534
CF6BGM
PRELIMINARY LOCAL CLIMATOLOGICAL DATA (WS FORM: F-6)

                                          STATION:   BINGHAMTON NY
                                          MONTH:     MAY
                                          YEAR:      2012
                                          LATITUDE:   42 13 N
                                          LONGITUDE:  75 59 W

  TEMPERATURE IN F:       :PCPN:    SNOW:  WIND      :SUNSHINE: SKY     :PK WND
================================================================================
1   2   3   4   5  6A  6B    7    8   9   10  11  12  13   14  15   16   17  18
                                     12Z  AVG MX 2MIN
DY MAX MIN AVG DEP HDD CDD  WTR  SNW DPTH SPD SPD DIR MIN PSBL S-S WX    SPD DR
================================================================================

 1  63  48  56   5   9   0 0.20  0.0    0  6.4 15 210   M    M   8 1      21 210
 2  60  49  55   4  10   0 0.17  0.0    0  8.4 15 150   M    M  10 13     20 180
 3  79  50  65  13   0   0 0.50  0.0    0  5.8 21 290   M    M   6 1238   33 300
 4  78  59  69  17   0   4 0.42  0.0    0  7.8 18 310   M    M   5 1238   26 300
 5  65  49  57   5   8   0 0.00  0.0    0  8.1 14 350   M    M   5 12     18 340
 6  69  43  56   3   9   0 0.00  0.0    0  5.9 14 350   M    M   2        18 360
 7  61  47  54   1  11   0 0.47  0.0    0  8.3 17 190   M    M   8 18     26 170
 8  58  49  54   1  11   0 0.61  0.0    0  7.9 17 200   M    M  10 1      26 190
 9  67  49  58   4   7   0    T  0.0    0  5.4 15 310   M    M   9 128    23 310
10  52  42  47  -7  18   0    T  0.0    0 11.2 23 310   M    M   8        31 320
11  62  37  50  -4  15   0 0.00  0.0    0  9.9 25 350   M    M   1        32 290
12  76  43  60   5   5   0 0.00  0.0    0  6.4 15 260   M    M   0        21 270
13  74  55  65  10   0   0    T  0.0    0  4.4 14 230   M    M   1 8      17 270
14  62  53  58   3   7   0 0.76  0.0    0  5.5 13 180   M    M  10 1      16 170
15  67  57  62   6   3   0 0.56  0.0    0  4.3 10 160   M    M   9 12     14 170
16  79  45  62   6   3   0    T  0.0    0  8.5 22 340   M    M   5 12     32 280
17  62  40  51  -5  14   0 0.00  0.0    0  6.9 16 350   M    M   0        20  10
18  72  40  56   0   9   0 0.00  0.0    0  1.8  9 340   M    M   0        14 360
19  80  49  65   8   0   0 0.00  0.0    0  3.8 12 340   M    M   0        16  10
20  82  53  68  11   0   3 0.00  0.0    0  5.3 14 150   M    M   0        20 160
21  69  54  62   5   3   0 0.01  0.0    0  9.0 20 150   M    M   6 1      23 140
22  74  59  67   9   0   2 0.08  0.0    0  4.4 12 360   M    M   9 18     15 350
23  74  57  66   8   0   1 0.00  0.0    0  4.1 10 350   M    M   6 12     13 350
24  75  61  68  10   0   3 0.01  0.0    0  9.4 18 150   M    M   6 1      25 130
25  78  61  70  12   0   5 0.01  0.0    0  9.3 17 200   M    M   5 18     25 190
26  79  63  71  12   0   6 0.00  0.0    0  5.3 14 350   M    M   3 18     17 350
27  80  59  70  11   0   5 0.00  0.0    0  2.4 10 250   M    M   1 8      14 270
28  87  63  75  16   0  10 0.00  0.0    0  6.3 14 220   M    M   2 12     18 220
29  86  63  75  15   0  10 0.33  0.0    0  7.7 23 310   M    M   3 1238   32 320
30  74  57  66   6   0   1 0.06  0.0    0  5.4 15 230   M    M   6 1      20 350
31  67  51  59  -1   6   0 0.00  0.0    0  7.4 16 330   M    M   2        23 280
================================================================================
SM 2211 1605       148  50  4.19     0.0 202.7          M      146
================================================================================
AV 71.3 51.8                               6.5 FASTST   M    M   5    MAX(MPH)
                                 MISC ---->  # 25 350               # 33  300
================================================================================
NOTES:
# LAST OF SEVERAL OCCURRENCES

COLUMN 17 PEAK WIND IN M.P.H.

PRELIMINARY LOCAL CLIMATOLOGICAL DATA (WS FORM: F-6) , PAGE 2

                                          STATION:  BINGHAMTON NY
                                          MONTH:    MAY
                                          YEAR:     2012
                                          LATITUDE:   42 13 N
                                          LONGITUDE:  75 59 W

[TEMPERATURE DATA]      [PRECIPITATION DATA]       SYMBOLS USED IN COLUMN 16

AVERAGE MONTHLY: 61.5   TOTAL FOR MONTH:   4.19    1 = FOG OR MIST
DPTR FM NORMAL:   5.7   DPTR FM NORMAL:    0.62    2 = FOG REDUCING VISIBILITY
HIGHEST:    87 ON 28    GRTST 24HR  1.12 ON 14-15      TO 1/4 MILE OR LESS
LOWEST:     37 ON 11                               3 = THUNDER
                        SNOW, ICE PELLETS, HAIL    4 = ICE PELLETS
                        TOTAL MONTH:   0.0 INCH    5 = HAIL
                        GRTST 24HR     0.0         6 = FREEZING RAIN OR DRIZZLE
                        GRTST DEPTH:   0           7 = DUSTSTORM OR SANDSTORM:
                                                       VSBY 1/2 MILE OR LESS
                                                   8 = SMOKE OR HAZE
[NO. OF DAYS WITH]      [WEATHER - DAYS WITH]      9 = BLOWING SNOW
                                                   X = TORNADO
MAX 32 OR BELOW:   0    0.01 INCH OR MORE:  14
MAX 90 OR ABOVE:   0    0.10 INCH OR MORE:   9
MIN 32 OR BELOW:   0    0.50 INCH OR MORE:   4
MIN  0 OR BELOW:   0    1.00 INCH OR MORE:   0

[HDD (BASE 65) ]
TOTAL THIS MO.   148    CLEAR  (SCALE 0-3)  13
DPTR FM NORMAL  -157    PTCLDY (SCALE 4-7)  10
TOTAL FM JUL 1  5723    CLOUDY (SCALE 8-10)  8
DPTR FM NORMAL -1381

[CDD (BASE 65) ]
TOTAL THIS MO.    50
DPTR FM NORMAL    31    [PRESSURE DATA]
TOTAL FM JAN 1    56    HIGHEST SLP M ON M
DPTR FM NORMAL    33    LOWEST  SLP 29.54 ON 10

[REMARKS]
#FINAL-05-12#
