000
CXUS51 KBGM 011528 AAB
CF6BGM

PRELIMINARY LOCAL CLIMATOLOGICAL DATA (WS FORM: F-6)

                                          STATION:   BINGHAMTON NY
                                          MONTH:     AUGUST
                                          YEAR:      2012
                                          LATITUDE:   42 13 N
                                          LONGITUDE:  75 59 W

  TEMPERATURE IN F:       :PCPN:    SNOW:  WIND      :SUNSHINE: SKY     :PK WND
================================================================================
1   2   3   4   5  6A  6B    7    8   9   10  11  12  13   14  15   16   17  18
                                     12Z  AVG MX 2MIN
DY MAX MIN AVG DEP HDD CDD  WTR  SNW DPTH SPD SPD DIR MIN PSBL S-S WX    SPD DR
================================================================================

 1  78  62  70   1   0   5 0.01  0.0    0  4.6 16 260   M    M   6 13     38 320
 2  84  60  72   3   0   7 0.00  0.0    0  4.2 12 280   M    M   1 12     16 260
 3  90  67  79  10   0  14 0.00  0.0    0  5.4 10 260   M    M   1        13 340
 4  87  67  77   8   0  12 0.00  0.0    0  8.4 17 170   M    M   1 18     24 220
 5  80  69  75   6   0  10 0.48  0.0    0  9.9 24 250   M    M   5 1      32 230
 6  75  62  69   0   0   4 0.00  0.0    0  6.8 14 270   M    M   3        17 290
 7  82  52  67  -1   0   2 0.00  0.0    0  4.3 14 260   M    M   0 1      20 220
 8  87  60  74   6   0   9 0.00  0.0    0  5.2 13 240   M    M   2        17 260
 9  88  65  77   9   0  12 0.02  0.0    0  5.9 14 240   M    M   3 13     20 200
10  72  64  68   0   0   3 1.43  0.0    0  6.5 15 280   M    M   6 123    22 260
11  80  62  71   3   0   6 0.00  0.0    0  7.1 18 220   M    M   5 1      25 230
12  76  58  67  -1   0   2 0.00  0.0    0  6.2 13 260   M    M   4        16 260
13  78  58  68   0   0   3 0.00  0.0    0  4.0 12 330   M    M   3        18 290
14  75  60  68   0   0   3 1.54  0.0    0  5.0 20 360   M    M   5 13     24 360
15  74  60  67  -1   0   2 0.41  0.0    0  4.2 12 260   M    M   6 123    16 150
16  78  56  67  -1   0   2 0.00  0.0    0  4.0 13 270   M    M   1        22 270
17  73  58  66  -2   0   1 0.26  0.0    0  5.7 15 340   M    M   8 12     18 350
18  70  55  63  -5   2   0 0.00  0.0    0  6.0 13 320   M    M   2 12     26  10
19  73  49  61  -6   4   0 0.00  0.0    0  2.2 12 230   M    M   2        15 220
20  68  55  62  -5   3   0 0.10  0.0    0  3.7 13 350   M    M   4 1      16 360
21  74  50  62  -5   3   0 0.00  0.0    0  2.1 10 290   M    M   4 12     16 280
22  78  51  65  -2   0   0 0.00  0.0    0  3.3 10 200   M    M   1 13     16 230
23  80  59  70   3   0   5 0.00  0.0    0  4.1 12 260   M    M   1        16 280
24  81  56  69   3   0   4 0.00  0.0    0  2.3  8 180   M    M   0 1      12 160
25  79  62  71   5   0   6 0.00  0.0    0  5.7 13 150   M    M   0        16 140
26  80  61  71   5   0   6 0.00  0.0    0  7.3 14 130   M    M   2        21 150
27  79  62  71   5   0   6 0.77  0.0    0  6.6 18 280   M    M   6 123    24 280
28  76  59  68   2   0   3 1.06  0.0    0  7.8 15 330   M    M   6 12     29 330
29  71  53  62  -3   3   0 0.00  0.0    0  5.0 12 280   M    M   2        21 210
30  75  48  62  -3   3   0 0.00  0.0    0  6.3 12 220   M    M   0 1      17 260
31  85  60  73   8   0   8 0.00  0.0    0  9.3 20 260   M    M   0        26 280
================================================================================
SM 2426 1820        18 135  6.08     0.0 169.1          M       90
================================================================================
AV 78.3 58.7                               5.5 FASTST   M    M   3    MAX(MPH)
                                 MISC ---->  # 24 250               # 38  320
================================================================================
NOTES:
# LAST OF SEVERAL OCCURRENCES

COLUMN 17 PEAK WIND IN M.P.H.

PRELIMINARY LOCAL CLIMATOLOGICAL DATA (WS FORM: F-6) , PAGE 2

                                          STATION:  BINGHAMTON NY
                                          MONTH:    AUGUST
                                          YEAR:     2012
                                          LATITUDE:   42 13 N
                                          LONGITUDE:  75 59 W

[TEMPERATURE DATA]      [PRECIPITATION DATA]       SYMBOLS USED IN COLUMN 16

AVERAGE MONTHLY: 68.5   TOTAL FOR MONTH:   6.08    1 = FOG OR MIST
DPTR FM NORMAL:   1.1   DPTR FM NORMAL:    2.63    2 = FOG REDUCING VISIBILITY
HIGHEST:    90 ON  3    GRTST 24HR  1.95 ON 14-15      TO 1/4 MILE OR LESS
LOWEST:     48 ON 30                               3 = THUNDER
                        SNOW, ICE PELLETS, HAIL    4 = ICE PELLETS
                        TOTAL MONTH:   0.0 INCH    5 = HAIL
                        GRTST 24HR     0.0         6 = FREEZING RAIN OR DRIZZLE
                        GRTST DEPTH:   0           7 = DUSTSTORM OR SANDSTORM:
                                                       VSBY 1/2 MILE OR LESS
                                                   8 = SMOKE OR HAZE
[NO. OF DAYS WITH]      [WEATHER - DAYS WITH]      9 = BLOWING SNOW
                                                   X = TORNADO
MAX 32 OR BELOW:   0    0.01 INCH OR MORE:  10
MAX 90 OR ABOVE:   1    0.10 INCH OR MORE:   8
MIN 32 OR BELOW:   0    0.50 INCH OR MORE:   4
MIN  0 OR BELOW:   0    1.00 INCH OR MORE:   3

[HDD (BASE 65) ]
TOTAL THIS MO.    18    CLEAR  (SCALE 0-3)  19
DPTR FM NORMAL   -21    PTCLDY (SCALE 4-7)  12
TOTAL FM JUL 1    21    CLOUDY (SCALE 8-10)  0
DPTR FM NORMAL   -42

[CDD (BASE 65) ]
TOTAL THIS MO.   135
DPTR FM NORMAL    22    [PRESSURE DATA]
TOTAL FM JAN 1   518    HIGHEST SLP 30.31 ON 26
DPTR FM NORMAL   170    LOWEST  SLP 29.74 ON 10

[REMARKS]
#FINAL-08-12#
TEMPERATURE AND DEWPOINT TEMPERATURE SENSOR NOT WORKING
    FROM 8/24 3 PM TO 8/25 4 PM.
USED TEMPERATURES ON 8/24 FROM ASOS
TEMPERATURES ON 8/25 ARE FROM DAVIS SYSTEM AT OFFICE
DAILY RECORD RAINFALL 8/14  OLD RECORD 0.84 IN 1994
DAILY RECORD RAINFALL 8/10  OLD RECORD 1.17 IN 2008
