000
CXUS51 KBGM 011950
CF6BGM
PRELIMINARY LOCAL CLIMATOLOGICAL DATA (WS FORM: F-6)

                                          STATION:   BINGHAMTON NY
                                          MONTH:     APRIL
                                          YEAR:      2012
                                          LATITUDE:   42 13 N
                                          LONGITUDE:  75 59 W

  TEMPERATURE IN F:       :PCPN:    SNOW:  WIND      :SUNSHINE: SKY     :PK WND
================================================================================
1   2   3   4   5  6A  6B    7    8   9   10  11  12  13   14  15   16   17  18
                                     12Z  AVG MX 2MIN
DY MAX MIN AVG DEP HDD CDD  WTR  SNW DPTH SPD SPD DIR MIN PSBL S-S WX    SPD DR
================================================================================

 1  41  34  38  -1  27   0 0.42    T    0  5.6 14 270   M    M  10 12     17 340
 2  48  32  40   1  25   0    T    T    0 12.2 23 310   M    M   4 1      35 360
 3  54  29  42   2  23   0    T  0.0    0  6.9 20 350   M    M   3        23 340
 4  56  34  45   5  20   0 0.00  0.0    0 10.4 31 340   M    M   4        43 340
 5  41  30  36  -5  29   0 0.00  0.0    0  9.4 18 350   M    M   6        24 350
 6  47  28  38  -3  27   0    T    T    0  9.5 24 350   M    M   0        29 330
 7  51  30  41  -1  24   0 0.00  0.0    0 10.0 25 330   M    M   0        35 310
 8  58  33  46   4  19   0 0.00  0.0    0 13.2 30 280   M    M   2        43 280
 9  54  36  45   3  20   0 0.00  0.0    0 14.6 28 280   M    M   4        37 310
10  52  35  44   1  21   0    T    T    0  9.9 22 290   M    M   5        31 260
11  44  33  39  -4  26   0 0.08    T    0  9.2 20 350   M    M  10 18     25 340
12  50  34  42  -2  23   0    T  0.0    0  9.2 21 350   M    M   7        26 330
13  57  34  46   2  19   0 0.00  0.0    0  6.6 15 300   M    M   1        21 310
14  66  39  53   9  12   0 0.01  0.0    0  8.8 22 230   M    M   4        30 220
15  64  50  57  12   8   0 0.06  0.0    0  6.8 14 210   M    M   9 18     17 210
16  83  59  71  26   0   6    T  0.0    0 10.6 22 220   M    M   1 8      33 230
17  64  37  51   5  14   0 0.00  0.0    0  9.4 16  10   M    M   0        28  70
18  55  31  43  -3  22   0 0.00  0.0    0  4.3  9  30   M    M   0        17 210
19  70  39  55   8  10   0 0.00  0.0    0  6.5 14 220   M    M   2 8      20 230
20  74  51  63  16   2   0 0.00  0.0    0  9.2 21 150   M    M   0 8      29 160
21  64  37  51   4  14   0 0.37  0.0    0 10.0 18 350   M    M   6 1      23 360
22  41  34  38 -10  27   0 0.77    T    0 11.2 22  20   M    M  10 12     31  10
23  39  32  36 -12  29   0 0.72  0.4    T 10.6 20  10   M    M  10 1      28  10
24  45  32  39  -9  26   0 0.02    T    0 12.6 24 240   M    M  10 1      36 240
25  52  33  43  -6  22   0 0.00  0.0    0  8.3 20 270   M    M   4        30 280
26  55  31  43  -6  22   0 0.10  0.0    0 10.4 20 320   M    M   6 1      26 290
27  40  30  35 -15  30   0 0.10  0.3    T 11.3 22 310   M    M   8 12     31 310
28  50  26  38 -12  27   0 0.00  0.0    0  6.8 14 280   M    M   0        17 330
29  53  29  41  -9  24   0 0.00  0.0    0  9.1 26 340   M    M   0        33 340
30  62  29  46  -5  19   0    T  0.0    0  6.3 21 190   M    M   4        31 200
================================================================================
SM 1630 1041       611   6  2.65     0.7 278.9          M      130
================================================================================
AV 54.3 34.7                               9.3 FASTST   M    M   4    MAX(MPH)
                                 MISC ---->  # 31 340               # 43  340
================================================================================
NOTES:
# LAST OF SEVERAL OCCURRENCES

COLUMN 17 PEAK WIND IN M.P.H.

PRELIMINARY LOCAL CLIMATOLOGICAL DATA (WS FORM: F-6) , PAGE 2

                                          STATION:  BINGHAMTON NY
                                          MONTH:    APRIL
                                          YEAR:     2012
                                          LATITUDE:   42 13 N
                                          LONGITUDE:  75 59 W

[TEMPERATURE DATA]      [PRECIPITATION DATA]       SYMBOLS USED IN COLUMN 16

AVERAGE MONTHLY: 44.5   TOTAL FOR MONTH:   2.65    1 = FOG OR MIST
DPTR FM NORMAL:  -0.6   DPTR FM NORMAL:   -0.78    2 = FOG REDUCING VISIBILITY
HIGHEST:    83 ON 16    GRTST 24HR  1.46 ON 22-23      TO 1/4 MILE OR LESS
LOWEST:     26 ON 28                               3 = THUNDER
                        SNOW, ICE PELLETS, HAIL    4 = ICE PELLETS
                        TOTAL MONTH:   0.7 INCH    5 = HAIL
                        GRTST 24HR   0.4 ON   M    6 = FREEZING RAIN OR DRIZZLE
                        GRTST DEPTH:   0           7 = DUSTSTORM OR SANDSTORM:
                                                       VSBY 1/2 MILE OR LESS
                                                   8 = SMOKE OR HAZE
[NO. OF DAYS WITH]      [WEATHER - DAYS WITH]      9 = BLOWING SNOW
                                                   X = TORNADO
MAX 32 OR BELOW:   0    0.01 INCH OR MORE:  10
MAX 90 OR ABOVE:   0    0.10 INCH OR MORE:   6
MIN 32 OR BELOW:  13    0.50 INCH OR MORE:   2
MIN  0 OR BELOW:   0    1.00 INCH OR MORE:   0

[HDD (BASE 65) ]
TOTAL THIS MO.   611    CLEAR  (SCALE 0-3)  11
DPTR FM NORMAL     8    PTCLDY (SCALE 4-7)  12
TOTAL FM JUL 1  5575    CLOUDY (SCALE 8-10)  7
DPTR FM NORMAL -1224

[CDD (BASE 65) ]
TOTAL THIS MO.     6
DPTR FM NORMAL     2    [PRESSURE DATA]
TOTAL FM JAN 1     6    HIGHEST SLP 30.35 ON 30
DPTR FM NORMAL     2    LOWEST  SLP 29.23 ON 23

[REMARKS]
#FINAL-04-12#
