000
CXUS51 KBGM 010533
CF6BGM
PRELIMINARY LOCAL CLIMATOLOGICAL DATA (WS FORM: F-6)

                                          STATION:   BINGHAMTON NY
                                          MONTH:     JULY
                                          YEAR:      2012
                                          LATITUDE:   42 13 N
                                          LONGITUDE:  75 59 W

  TEMPERATURE IN F:       :PCPN:    SNOW:  WIND      :SUNSHINE: SKY     :PK WND
================================================================================
1   2   3   4   5  6A  6B    7    8   9   10  11  12  13   14  15   16   17  18
                                     12Z  AVG MX 2MIN
DY MAX MIN AVG DEP HDD CDD  WTR  SNW DPTH SPD SPD DIR MIN PSBL S-S WX    SPD DR
================================================================================

 1  85  65  75   7   0  10 0.00  0.0    0  7.4 22 270   M    M   1        29 270
 2  81  62  72   4   0   7 0.00  0.0    0  7.2 18 350   M    M   2        25 330
 3  85  58  72   4   0   7 0.05  0.0    0  4.7 17 250   M    M   2 1      21 240
 4  87  65  76   8   0  11 0.23  0.0    0  6.1 16 270   M    M   5 13     22 260
 5  84  65  75   7   0  10 0.00  0.0    0  8.0 16 360   M    M   0        23 340
 6  90  55  73   5   0   8 0.00  0.0    0  4.0 12 280   M    M   1        21 210
 7  80  65  73   5   0   8 0.45  0.0    0  5.3 16 340   M    M   3 138    21 340
 8  82  62  72   4   0   7 0.00  0.0    0  6.8 16 360   M    M   1 1      20 340
 9  77  56  67  -2   0   2 0.00  0.0    0  5.5 14 350   M    M   2        18  10
10  80  55  68  -1   0   3 0.11  0.0    0  2.9 17 280   M    M   3        26 280
11  84  57  71   2   0   6 0.00  0.0    0  3.2 12 280   M    M   0        15 290
12  87  63  75   6   0  10 0.00  0.0    0  4.7 10 260   M    M   2        15 250
13  87  69  78   9   0  13    T  0.0    0  6.4 13 220   M    M   3        25 110
14  85  67  76   7   0  11    T  0.0    0  6.4 13 220   M    M   1        25  40
15  81  67  74   5   0   9 0.70  0.0    0  5.0 22 330   M    M   7 138    29 340
16  84  66  75   6   0  10 0.00  0.0    0  6.7 15 350   M    M   5 128    24 290
17  91  68  80  11   0  15    T  0.0    0  9.4 21 260   M    M   1        29 250
18  84  68  76   7   0  11 0.00  0.0    0  6.8 16 360   M    M   3        22 330
19  82  62  72   3   0   7 0.05  0.0    0  4.3 13 360   M    M   5        15  20
20  66  57  62  -7   3   0 0.48  0.0    0  5.0 10  70   M    M  10 1      13 100
21  76  58  67  -2   0   2 0.00  0.0    0  3.1  9 240   M    M   7 12     13 240
22  79  59  69   0   0   4 0.01  0.0    0  5.7 12 250   M    M   3 3      29 210
23  87  67  77   8   0  12 0.20  0.0    0  8.2 18 230   M    M   4 138    25 230
24  82  62  72   3   0   7    T  0.0    0 11.3 24 340   M    M   3 3      35 350
25  79  57  68  -1   0   3 0.01  0.0    0  5.5 14 340   M    M   2        29 220
26  83  62  73   4   0   8 0.85  0.0    0  8.9 29 360   M    M   5 13     37 350
27  79  67  73   4   0   8 0.01  0.0    0  6.5 15 320   M    M   7 1      31 280
28  79  63  71   2   0   6    T  0.0    0  6.3 15 350   M    M   6        17  20
29  82  64  73   4   0   8 0.01  0.0    0  6.8 13 360   M    M   6        17 330
30  82  57  70   1   0   5 0.00  0.0    0  4.6 15 190   M    M   1 1      20 190
31  79  63  71   2   0   6 0.34  0.0    0  7.0 15 300   M    M   7 13     22 290
================================================================================
SM 2549 1931         3 234  3.50     0.0 189.7          M      108
================================================================================
AV 82.2 62.3                               6.1 FASTST   M    M   3    MAX(MPH)
                                 MISC ---->  # 29 360               # 37  350
================================================================================
NOTES:
# LAST OF SEVERAL OCCURRENCES

COLUMN 17 PEAK WIND IN M.P.H.

PRELIMINARY LOCAL CLIMATOLOGICAL DATA (WS FORM: F-6) , PAGE 2

                                          STATION:  BINGHAMTON NY
                                          MONTH:    JULY
                                          YEAR:     2012
                                          LATITUDE:   42 13 N
                                          LONGITUDE:  75 59 W

[TEMPERATURE DATA]      [PRECIPITATION DATA]       SYMBOLS USED IN COLUMN 16

AVERAGE MONTHLY: 72.3   TOTAL FOR MONTH:   3.50    1 = FOG OR MIST
DPTR FM NORMAL:   3.6   DPTR FM NORMAL:   -0.20    2 = FOG REDUCING VISIBILITY
HIGHEST:    91 ON 17    GRTST 24HR  0.86 ON 25-26      TO 1/4 MILE OR LESS
LOWEST:     55 ON 10, 6                            3 = THUNDER
                        SNOW, ICE PELLETS, HAIL    4 = ICE PELLETS
                        TOTAL MONTH:   0.0 INCH    5 = HAIL
                        GRTST 24HR     0.0         6 = FREEZING RAIN OR DRIZZLE
                        GRTST DEPTH:   0           7 = DUSTSTORM OR SANDSTORM:
                                                       VSBY 1/2 MILE OR LESS
                                                   8 = SMOKE OR HAZE
[NO. OF DAYS WITH]      [WEATHER - DAYS WITH]      9 = BLOWING SNOW
                                                   X = TORNADO
MAX 32 OR BELOW:   0    0.01 INCH OR MORE:  14
MAX 90 OR ABOVE:   2    0.10 INCH OR MORE:   8
MIN 32 OR BELOW:   0    0.50 INCH OR MORE:   2
MIN  0 OR BELOW:   0    1.00 INCH OR MORE:   0

[HDD (BASE 65) ]
TOTAL THIS MO.     3    CLEAR  (SCALE 0-3)  16
DPTR FM NORMAL   -21    PTCLDY (SCALE 4-7)  14
TOTAL FM JUL 1     3    CLOUDY (SCALE 8-10)  1
DPTR FM NORMAL   -21

[CDD (BASE 65) ]
TOTAL THIS MO.   234
DPTR FM NORMAL    96    [PRESSURE DATA]
TOTAL FM JAN 1   383    HIGHEST SLP 30.21 ON 14
DPTR FM NORMAL   148    LOWEST  SLP 29.58 ON 26

[REMARKS]
#FINAL-07-12#
