000
CXUS51 KBGM 021410 CCA
CF6BGM

PRELIMINARY LOCAL CLIMATOLOGICAL DATA (WS FORM: F-6)

                                          STATION:   BINGHAMTON NY
                                          MONTH:     MARCH
                                          YEAR:      2012
                                          LATITUDE:   42 13 N
                                          LONGITUDE:  75 59 W

  TEMPERATURE IN F:       :PCPN:    SNOW:  WIND      :SUNSHINE: SKY     :PK WND
================================================================================
1   2   3   4   5  6A  6B    7    8   9   10  11  12  13   14  15   16   17  18
                                     12Z  AVG MX 2MIN
DY MAX MIN AVG DEP HDD CDD  WTR  SNW DPTH SPD SPD DIR MIN PSBL S-S WX    SPD DR
================================================================================

 1  36  32  34   6  31   0 0.55  0.5    1  5.5 15 120   M    M  10 1236   21 150
 2  38  32  35   7  30   0 0.15  0.2    T 11.0 23 140   M    M   9 1      32 170
 3  49  31  40  12  25   0    T  0.0    T 16.9 32 240   M    M   8 1      41 240
 4  36  19  28  -1  37   0 0.08  1.8    0  9.4 21 300   M    M   8 128    28 290
 5  25  14  20  -9  45   0    T    T    1  9.4 16 310   M    M   4 8      24 310
 6  37  13  25  -4  40   0 0.00  0.0    T  7.3 14 180   M    M   3        21 180
 7  61  30  46  16  19   0 0.00  0.0    0 10.4 21 220   M    M   0        26 220
 8  58  32  45  15  20   0 0.52  0.6    0 13.8 29 330   M    M   6 1      36 330
 9  35  22  29  -1  36   0 0.06  0.7    1 11.8 26 260   M    M   8 128    37 270
10  30  17  24  -7  41   0    T  0.3    1  7.8 20 290   M    M   5 18     25 300
11  60  29  45  14  20   0 0.00  0.0    0 10.1 17 240   M    M   0        25 240
12  63  40  52  21  13   0    T  0.0    0  6.9 13 200   M    M   3        18 200
13  69  51  60  28   5   0 0.00  0.0    0  9.1 24 250   M    M   5        31 240
14  60  40  50  18  15   0 0.00  0.0    0  6.7 17 270   M    M   0        25 280
15  71  37  54  22  11   0 0.00  0.0    0  8.4 17 150   M    M   1        21 150
16  65  42  54  21  11   0 0.07  0.0    0  7.6 14 150   M    M   6 18     18 350
17  71  43  57  24   8   0 0.00  0.0    0  3.8 10 220   M    M   3 12     13 190
18  74  48  61  28   4   0 0.00  0.0    0  6.9 13 200   M    M   0 18     18 180
19  73  53  63  29   2   0 0.02  0.0    0  3.7 16 180   M    M   7 138    23 180
20  72  51  62  28   3   0 0.00  0.0    0  5.2 13 220   M    M   2 1      28 320
21  74  51  63  29   2   0 0.00  0.0    0  5.9 13 110   M    M   1        18 140
22  76  50  63  28   2   0 0.00  0.0    0  4.8 12 250   M    M   0 18     15 220
23  71  53  62  27   3   0 0.00  0.0    0  5.8 12  40   M    M   3        15  70
24  61  45  53  17  12   0 0.01  0.0    0  8.5 17 140   M    M   8        22 140
25  56  41  49  13  16   0 0.01  0.0    0  4.9 15 180   M    M   9 1      20 190
26  47  25  36   0  29   0    T    T    0 17.9 29 340   M    M   5 1      38 320
27  44  18  31  -6  34   0 0.00  0.0    0  8.0 22 350   M    M   0        28 350
28  69  39  54  17  11   0 0.03  0.0    0 11.7 24 340   M    M   5 13     32 350
29  43  32  38   0  27   0 0.03    T    0 11.4 21 330   M    M  10 1      29 300
30  48  28  38   0  27   0 0.02    T    0  6.5 15 350   M    M   5 1      21 350
31  39  34  37  -2  28   0 0.13    T    0  6.5 16 110   M    M  10 1      20 110
================================================================================
SM 1711 1092       607   0  1.68     4.1 263.6          M      144
================================================================================
AV 55.2 35.2                               8.5 FASTST   M    M   5    MAX(MPH)
                                 MISC ---->  # 32 240               # 41  240
================================================================================
NOTES:
# LAST OF SEVERAL OCCURRENCES

COLUMN 17 PEAK WIND IN M.P.H.

PRELIMINARY LOCAL CLIMATOLOGICAL DATA (WS FORM: F-6) , PAGE 2

                                          STATION:  BINGHAMTON NY
                                          MONTH:    MARCH
                                          YEAR:     2012
                                          LATITUDE:   42 13 N
                                          LONGITUDE:  75 59 W

[TEMPERATURE DATA]      [PRECIPITATION DATA]       SYMBOLS USED IN COLUMN 16

AVERAGE MONTHLY: 45.2   TOTAL FOR MONTH:   1.68    1 = FOG OR MIST
DPTR FM NORMAL:  12.4   DPTR FM NORMAL:   -1.31    2 = FOG REDUCING VISIBILITY
HIGHEST:    76 ON 22    GRTST 24HR  0.77 ON 29- 1      TO 1/4 MILE OR LESS
LOWEST:     13 ON  6                               3 = THUNDER
                        SNOW, ICE PELLETS, HAIL    4 = ICE PELLETS
                        TOTAL MONTH:   4.1 INCHES  5 = HAIL
                        GRTST 24HR   1.8 ON   4    6 = FREEZING RAIN OR DRIZZLE
                        GRTST DEPTH:   1 ON 10, 9  7 = DUSTSTORM OR SANDSTORM:
                                                       VSBY 1/2 MILE OR LESS
                                                   8 = SMOKE OR HAZE
[NO. OF DAYS WITH]      [WEATHER - DAYS WITH]      9 = BLOWING SNOW
                                                   X = TORNADO
MAX 32 OR BELOW:   2    0.01 INCH OR MORE:  13
MAX 90 OR ABOVE:   0    0.10 INCH OR MORE:   4
MIN 32 OR BELOW:  15    0.50 INCH OR MORE:   2
MIN  0 OR BELOW:   0    1.00 INCH OR MORE:   0

[HDD (BASE 65) ]
TOTAL THIS MO.   607    CLEAR  (SCALE 0-3)  12
DPTR FM NORMAL  -390    PTCLDY (SCALE 4-7)  13
TOTAL FM JUL 1  4964    CLOUDY (SCALE 8-10)  6
DPTR FM NORMAL -1232

[CDD (BASE 65) ]
TOTAL THIS MO.     0
DPTR FM NORMAL     0    [PRESSURE DATA]
TOTAL FM JAN 1     0    HIGHEST SLP 30.60 ON  6
DPTR FM NORMAL     0    LOWEST  SLP 29.43 ON  3

[REMARKS]
WARMEST MARCH ON RECORD  OLD RECORD 40.0F IN 2010
8TH LOWEST MARCH PRECIPITATION  RECORD 0.69 INCHES IN 1981 AND 1969
8TH LOWEST MARCH SNOWFALL  RECORD 0.9 INCHES IN 2009
MANY DAILY TEMPERATURE RECORDS 17TH TO 23RD
#FINAL-03-12#
