000
CXUS51 KBGM 310800
CF6BGM
PRELIMINARY LOCAL CLIMATOLOGICAL DATA (WS FORM: F-6)

                                          STATION:   BINGHAMTON NY
                                          MONTH:     DECEMBER
                                          YEAR:      2011
                                          LATITUDE:   42 13 N
                                          LONGITUDE:  75 59 W

  TEMPERATURE IN F:       :PCPN:    SNOW:  WIND      :SUNSHINE: SKY     :PK WND
================================================================================
1   2   3   4   5  6A  6B    7    8   9   10  11  12  13   14  15   16   17  18
                                     12Z  AVG MX 2MIN
DY MAX MIN AVG DEP HDD CDD  WTR  SNW DPTH SPD SPD DIR MIN PSBL S-S WX    SPD DR
================================================================================

 1  44  27  36   4  29   0 0.00  0.0    0  5.8 15 340   M    M   2        21 340
 2  40  29  35   3  30   0 0.02    T    0  7.1 14 240   M    M   4 1      18 220
 3  41  25  33   1  32   0 0.00  0.0    0  5.4 12 180   M    M   0        18 160
 4  49  32  41  10  24   0 0.00  0.0    0  9.7 18 190   M    M   0        26 170
 5  52  41  47  16  18   0 0.00  0.0    0  6.7 14 200   M    M   2 8      20 220
 6  53  36  45  15  20   0 0.28  0.0    0  6.1 14 180   M    M  10 12     20 190
 7  37  30  34   4  31   0 0.70  3.8    0  7.7 20 330   M    M   9 12     29 320
 8  34  25  30   0  35   0    T  0.1    3 10.3 21 310   M    M   4 1      29 310
 9  36  27  32   3  33   0 0.00  0.0    2  6.2 13 210   M    M   8 1      18 210
10  33  20  27  -2  38   0    T    T    1  8.0 16 310   M    M   5 1      22 310
11  32  16  24  -5  41   0 0.00  0.0    1  4.8 13 230   M    M   0        17 230
12  37  21  29   1  36   0 0.00  0.0    1  4.9  9 200   M    M   0        13 180
13  42  22  32   4  33   0 0.00  0.0    1  3.4  9 350   M    M   1 18     12 340
14  44  31  38  10  27   0    T  0.0    T  5.9 16 180   M    M   8 18     24 200
15  49  39  44  17  21   0 0.11  0.0    T 11.3 20 220   M    M  10 18     30 210
16  46  30  38  11  27   0    T    T    0 12.0 32 290   M    M   7        51 290
17  31  14  23  -4  42   0 0.04  0.7    T  8.1 17 350   M    M   9 1      23 350
18  26  12  19  -7  46   0 0.00  0.0    T  2.6  8 190   M    M   2        12 190
19  42  23  33   7  32   0    T  0.0    T 10.4 20 220   M    M   6 18     28 220
20  38  30  34   8  31   0 0.02    T    T  5.4 17 320   M    M   7 1      28 310
21  47  35  41  15  24   0 0.95  0.0    0  8.3 20 260   M    M  10 12     25 280
22  47  40  44  19  21   0 0.19  0.0    0  5.4 21 280   M    M  10 12     26 280
23  40  20  30   5  35   0 0.41    T    0  7.6 16 320   M    M  10 128    24 330
24  27  18  23  -2  42   0    T    T    T  5.4 10 350   M    M   4 18     14 350
25  39  20  30   6  35   0 0.04  1.0    0  9.4 18 270   M    M   7 1      26 270
26  34  28  31   7  34   0 0.02  0.3    1  7.8 15 320   M    M   8 1      23 320
27  43  27  35  11  30   0 0.30  0.0    0 11.8 21 250   M    M   5 1      28 210
28  39  15  27   3  38   0 0.01  0.8    T 15.0 25 280   M    M  10 1      33 280
29  27  10  19  -5  46   0 0.02  0.4    1  6.9 14 290   M    M   6 18     22 300
30  42  27  35  11  30   0    T    T    1  7.3 15 160   M    M   8 1      22 170
================================================================================
SM 1191  770       961   0  3.11     7.1 226.7          M      172
================================================================================
AV 39.7 25.7                               7.6 FASTST   M    M   6    MAX(MPH)
                                 MISC ---->  # 32 290               # 51  290
================================================================================
NOTES:
# LAST OF SEVERAL OCCURRENCES

COLUMN 17 PEAK WIND IN M.P.H.

PRELIMINARY LOCAL CLIMATOLOGICAL DATA (WS FORM: F-6) , PAGE 2

                                          STATION:  BINGHAMTON NY
                                          MONTH:    DECEMBER
                                          YEAR:     2011
                                          LATITUDE:   42 13 N
                                          LONGITUDE:  75 59 W

[TEMPERATURE DATA]      [PRECIPITATION DATA]       SYMBOLS USED IN COLUMN 16

AVERAGE MONTHLY: 32.7   TOTAL FOR MONTH:   3.11    1 = FOG OR MIST
DPTR FM NORMAL:   5.3   DPTR FM NORMAL:    0.36    2 = FOG REDUCING VISIBILITY
HIGHEST:    53 ON  6    GRTST 24HR  0.95 ON 21-21      TO 1/4 MILE OR LESS
LOWEST:     10 ON 29                               3 = THUNDER
                        SNOW, ICE PELLETS, HAIL    4 = ICE PELLETS
                        TOTAL MONTH:   7.1 INCHES  5 = HAIL
                        GRTST 24HR   3.8 ON   M    6 = FREEZING RAIN OR DRIZZLE
                        GRTST DEPTH:   3 ON  8     7 = DUSTSTORM OR SANDSTORM:
                                                       VSBY 1/2 MILE OR LESS
                                                   8 = SMOKE OR HAZE
[NO. OF DAYS WITH]      [WEATHER - DAYS WITH]      9 = BLOWING SNOW
                                                   X = TORNADO
MAX 32 OR BELOW:   5    0.01 INCH OR MORE:  14
MAX 90 OR ABOVE:   0    0.10 INCH OR MORE:   7
MIN 32 OR BELOW:  25    0.50 INCH OR MORE:   2
MIN  0 OR BELOW:   0    1.00 INCH OR MORE:   0

[HDD (BASE 65) ]
TOTAL THIS MO.   961    CLEAR  (SCALE 0-3)   8
DPTR FM NORMAL  -165    PTCLDY (SCALE 4-7)  13
TOTAL FM JUL 1  2187    CLOUDY (SCALE 8-10)  9
DPTR FM NORMAL  -514

[CDD (BASE 65) ]
TOTAL THIS MO.     0
DPTR FM NORMAL     0    [PRESSURE DATA]
TOTAL FM JAN 1   527    HIGHEST SLP M ON M
DPTR FM NORMAL   146    LOWEST  SLP 29.29 ON 27

[REMARKS]
