000
CXUS51 KBGM 010800
CF6BGM
PRELIMINARY LOCAL CLIMATOLOGICAL DATA (WS FORM: F-6)

                                          STATION:   BINGHAMTON NY
                                          MONTH:     OCTOBER
                                          YEAR:      2016
                                          LATITUDE:   42 13 N
                                          LONGITUDE:  75 59 W

  TEMPERATURE IN F:       :PCPN:    SNOW:  WIND      :SUNSHINE: SKY     :PK WND
================================================================================
1   2   3   4   5  6A  6B    7    8   9   10  11  12  13   14  15   16   17  18
                                     12Z  AVG MX 2MIN
DY MAX MIN AVG DEP HDD CDD  WTR  SNW DPTH SPD SPD DIR MIN PSBL S-S WX    SPD DR
================================================================================

 1  61  48  55   1  10   0 0.41  0.0    0  8.8 16 110   M    M  10 123    20 120
 2  61  52  57   4   8   0 0.00  0.0    0  6.0 12 230   M    M  10 12     16 230
 3  64  50  57   4   8   0    T  0.0    0  4.9  9  20   M    M   8 12     13 330
 4  61  49  55   3  10   0 0.00  0.0    0  4.9 10 100   M    M   7 12     12 130
 5  65  43  54   2  11   0 0.00  0.0    0  5.3 13 140   M    M   2 12     15 140
 6  70  43  57   5   8   0 0.00  0.0    0  4.6 12 220   M    M   0        16 250
 7  71  45  58   7   7   0    T  0.0    0  6.3 14 150   M    M   2        18 140
 8  62  49  56   5   9   0 0.07  0.0    0  7.3 13 340   M    M   8 1      19 330
 9  56  39  48  -3  17   0    T  0.0    0 13.6 23 350   M    M   6        31 320
10  51  34  43  -7  22   0 0.00  0.0    0 11.1 23 350   M    M   2        28 360
11  62  30  46  -4  19   0 0.00  0.0    0  5.0 12 140   M    M   0        15 150
12  64  43  54   4  11   0 0.00  0.0    0  8.1 14 180   M    M   0        20 170
13  56  39  48  -1  17   0 0.08  0.0    0  8.7 20 310   M    M   4 1      25 320
14  54  34  44  -5  21   0 0.00  0.0    0  5.1 14 360   M    M   0        17 360
15  61  31  46  -3  19   0 0.00  0.0    0  7.8 15 190   M    M   0        21 160
16  69  48  59  11   6   0 0.05  0.0    0  8.8 15 240   M    M   6 1      20 200
17  67  58  63  15   2   0 0.04  0.0    0  5.9 10 200   M    M   8 1      14 240
18  77  60  69  21   0   4 0.02  0.0    0 11.9 25 220   M    M   3 1      36 220
19  65  49  57  10   8   0 0.04  0.0    0  6.8 14 350   M    M   5 1      16 340
20  63  46  55   8  10   0 0.66  0.0    0  8.9 21 160   M    M   7 13     29 170
21  62  42  52   5  13   0 2.74  0.0    0 10.5 21 350   M    M   9 13     30 320
22  42  37  40  -6  25   0 0.18  0.0    0 15.1 26 290   M    M  10 1      39 290
23  52  36  44  -2  21   0 0.10  0.0    0 11.5 23 280   M    M   8 1      38 280
24  46  38  42  -4  23   0 0.22  0.0    0 10.5 20 310   M    M   9 1      29 340
25  43  33  38  -8  27   0 0.12    T    0  9.4 21 340   M    M  10 1      32 330
26  37  30  34 -11  31   0 0.00  0.0    0  6.3 17 360   M    M   7        21 350
27  42  28  35 -10  30   0 0.89  1.0    1 12.1 24 140   M    M  10 126    31 140
28  41  29  35 -10  30   0    T    T    0  9.0 18 320   M    M   7 1      26 310
29  64  28  46   2  19   0    T  0.0    0  9.5 17 220   M    M   4        25 250
30  58  38  48   4  17   0 0.21  0.0    0  7.5 17 330   M    M  10 1      23 330
31  42  30  36  -8  29   0    T    T    0  6.9 14 350   M    M   5 1      20  10
================================================================================
SM 1789 1259       488   4  5.83     1.0 258.1          M      177
================================================================================
AV 57.7 40.6                               8.3 FASTST   M    M   6    MAX(MPH)
                                 MISC ---->  # 26 290               # 39  290
================================================================================
NOTES:
# LAST OF SEVERAL OCCURRENCES

COLUMN 17 PEAK WIND IN M.P.H.

PRELIMINARY LOCAL CLIMATOLOGICAL DATA (WS FORM: F-6) , PAGE 2

                                          STATION:  BINGHAMTON NY
                                          MONTH:    OCTOBER
                                          YEAR:     2016
                                          LATITUDE:   42 13 N
                                          LONGITUDE:  75 59 W

[TEMPERATURE DATA]      [PRECIPITATION DATA]       SYMBOLS USED IN COLUMN 16

AVERAGE MONTHLY: 49.2   TOTAL FOR MONTH:   5.83    1 = FOG OR MIST
DPTR FM NORMAL:   0.7   DPTR FM NORMAL:    2.50    2 = FOG REDUCING VISIBILITY
HIGHEST:    77 ON 18    GRTST 24HR  2.83 ON 20-21      TO 1/4 MILE OR LESS
LOWEST:     28 ON 29,27                            3 = THUNDER
                        SNOW, ICE PELLETS, HAIL    4 = ICE PELLETS
                        TOTAL MONTH:   1.0 INCH    5 = HAIL
                        GRTST 24HR   1.0 ON 27-27  6 = FREEZING RAIN OR DRIZZLE
                        GRTST DEPTH:   1 ON 27     7 = DUSTSTORM OR SANDSTORM:
                                                       VSBY 1/2 MILE OR LESS
                                                   8 = SMOKE OR HAZE
[NO. OF DAYS WITH]      [WEATHER - DAYS WITH]      9 = BLOWING SNOW
                                                   X = TORNADO
MAX 32 OR BELOW:   0    0.01 INCH OR MORE:  15
MAX 90 OR ABOVE:   0    0.10 INCH OR MORE:   9
MIN 32 OR BELOW:   7    0.50 INCH OR MORE:   3
MIN  0 OR BELOW:   0    1.00 INCH OR MORE:   1

[HDD (BASE 65) ]
TOTAL THIS MO.   488    CLEAR  (SCALE 0-3)   9
DPTR FM NORMAL   -27    PTCLDY (SCALE 4-7)  14
TOTAL FM JUL 1   611    CLOUDY (SCALE 8-10)  8
DPTR FM NORMAL  -161

[CDD (BASE 65) ]
TOTAL THIS MO.     4
DPTR FM NORMAL     2    [PRESSURE DATA]
TOTAL FM JAN 1   563    HIGHEST SLP 30.48 ON 11
DPTR FM NORMAL   182    LOWEST  SLP 29.53 ON 22

[REMARKS]
#FINAL-10-16#
