454
CXUS51 KBGM 010800
CF6BGM
PRELIMINARY LOCAL CLIMATOLOGICAL DATA (WS FORM: F-6)

                                          STATION:   BINGHAMTON NY
                                          MONTH:     DECEMBER
                                          YEAR:      2015
                                          LATITUDE:   42 13 N
                                          LONGITUDE:  75 59 W

  TEMPERATURE IN F:       :PCPN:    SNOW:  WIND      :SUNSHINE: SKY     :PK WND
================================================================================
1   2   3   4   5  6A  6B    7    8   9   10  11  12  13   14  15   16   17  18
                                     12Z  AVG MX 2MIN
DY MAX MIN AVG DEP HDD CDD  WTR  SNW DPTH SPD SPD DIR MIN PSBL S-S WX    SPD DR
================================================================================

 1  44  33  39   7  26   0 0.26  0.0    0 11.4 21 150   M    M  10 1      28 150
 2  47  37  42  10  23   0 0.71  0.0    0  6.5 14 330   M    M  10 12     18 260
 3  39  34  37   5  28   0 0.03    T    0  9.5 18 310   M    M  10 1      28 300
 4  39  34  37   6  28   0 0.00  0.0    0  7.7 16 280   M    M  10        22 270
 5  42  30  36   5  29   0 0.00  0.0    0  3.4 10 350   M    M   6 12     12 350
 6  46  22  34   4  31   0 0.00  0.0    0  3.7  8 230   M    M   1 12     13 220
 7  46  25  36   6  29   0 0.00  0.0    0  6.4 13 360   M    M   2 1      17 350
 8  39  30  35   5  30   0 0.00  0.0    0  4.3  9 220   M    M   6        12 230
 9  48  30  39  10  26   0 0.00  0.0    0  8.2 17 160   M    M   5 18     23 160
10  51  39  45  16  20   0 0.11  0.0    0  6.5 13 240   M    M   4 1      19 180
11  54  42  48  19  17   0 0.00  0.0    0  9.6 21 230   M    M   1        26 240
12  55  39  47  19  18   0 0.00  0.0    0  3.9  8 230   M    M   6        11 220
13  62  51  57  29   8   0 0.00  0.0    0  3.7  9 170   M    M   6 12     14 200
14  61  52  57  29   8   0 0.33  0.0    0 10.4 21 280   M    M   7 1      28 260
15  56  37  47  20  18   0    T  0.0    0 12.2 29 280   M    M  10 1      37 280
16  42  35  39  12  26   0    T  0.0    0  8.5 17 170   M    M   7 18     27 150
17  48  37  43  16  22   0 0.22  0.0    0  9.5 21 350   M    M  10 1      29 170
18  37  29  33   7  32   0    T    T    0  8.1 18 280   M    M  10        24 270
19  30  23  27   1  38   0 0.02  0.9    1 11.5 21 290   M    M   9 12     28 290
20  34  25  30   4  35   0 0.00  0.0    T  8.6 20 300   M    M   4        26 310
21  46  29  38  12  27   0    T  0.0    0  9.6 16 180   M    M   5        22 170
22  52  43  48  23  17   0 0.48  0.0    0  7.1 17 250   M    M   8        25 260
23  56  43  50  25  15   0 0.30  0.0    0 12.0 25 140   M    M  10 12     35 140
24  63  45  54  29  11   0 0.01  0.0    0  9.2 25 250   M    M   3 2      36 270
25  58  38  48  24  17   0    T  0.0    0  6.6 18 360   M    M   3        24 330
26  43  34  39  15  26   0 0.04  0.0    0  7.5 15 160   M    M   7 1      22 160
27  51  31  41  17  24   0 0.61    T    0 11.8 23 330   M    M  10 12     30 330
28  31  24  28   4  37   0 0.24  0.5    T 11.7 24 140   M    M   9 16     32 130
29  38  24  31   7  34   0 0.17  0.6    1  8.4 25 130   M    M  10 126    31 120
30  43  35  39  15  26   0 0.01  0.0    T  4.9 14 190   M    M  10 12     20 200
31  42  30  36  13  29   0 0.07  0.2    T  8.1 17 340   M    M  10 12     22 350
================================================================================
SM 1443 1060       755   0  3.61     2.2 250.5          M      219
================================================================================
AV 46.5 34.2                               8.1 FASTST   M    M   7    MAX(MPH)
                                 MISC ---->  # 29 280               # 37  280
================================================================================
NOTES:
# LAST OF SEVERAL OCCURRENCES

COLUMN 17 PEAK WIND IN M.P.H.

PRELIMINARY LOCAL CLIMATOLOGICAL DATA (WS FORM: F-6) , PAGE 2

                                          STATION:  BINGHAMTON NY
                                          MONTH:    DECEMBER
                                          YEAR:     2015
                                          LATITUDE:   42 13 N
                                          LONGITUDE:  75 59 W

[TEMPERATURE DATA]      [PRECIPITATION DATA]       SYMBOLS USED IN COLUMN 16

AVERAGE MONTHLY: 40.4   TOTAL FOR MONTH:   3.61    1 = FOG OR MIST
DPTR FM NORMAL:  13.1   DPTR FM NORMAL:    0.78    2 = FOG REDUCING VISIBILITY
HIGHEST:    63 ON 24    GRTST 24HR  0.71 ON  2- 2      TO 1/4 MILE OR LESS
LOWEST:     22 ON  6                               3 = THUNDER
                        SNOW, ICE PELLETS, HAIL    4 = ICE PELLETS
                        TOTAL MONTH:   2.2 INCHES  5 = HAIL
                        GRTST 24HR   0.9 ON   M    6 = FREEZING RAIN OR DRIZZLE
                        GRTST DEPTH:   1 ON 29,19  7 = DUSTSTORM OR SANDSTORM:
                                                       VSBY 1/2 MILE OR LESS
                                                   8 = SMOKE OR HAZE
[NO. OF DAYS WITH]      [WEATHER - DAYS WITH]      9 = BLOWING SNOW
                                                   X = TORNADO
MAX 32 OR BELOW:   2    0.01 INCH OR MORE:  16
MAX 90 OR ABOVE:   0    0.10 INCH OR MORE:  10
MIN 32 OR BELOW:  13    0.50 INCH OR MORE:   2
MIN  0 OR BELOW:   0    1.00 INCH OR MORE:   0

[HDD (BASE 65) ]
TOTAL THIS MO.   755    CLEAR  (SCALE 0-3)   4
DPTR FM NORMAL  -415    PTCLDY (SCALE 4-7)  13
TOTAL FM JUL 1  2025    CLOUDY (SCALE 8-10) 14
DPTR FM NORMAL  -720

[CDD (BASE 65) ]
TOTAL THIS MO.     0
DPTR FM NORMAL     0    [PRESSURE DATA]
TOTAL FM JAN 1   443    HIGHEST SLP 30.72 ON  5
DPTR FM NORMAL    62    LOWEST  SLP 29.37 ON 14

[REMARKS]
#FINAL-12-15#
