000
CXUS51 KBGM 010712 CCA
CF6BGM

PRELIMINARY LOCAL CLIMATOLOGICAL DATA (WS FORM: F-6)

                                          STATION:   BINGHAMTON NY
                                          MONTH:     NOVEMBER
                                          YEAR:      2011
                                          LATITUDE:   42 13 N
                                          LONGITUDE:  75 59 W

  TEMPERATURE IN F:       :PCPN:    SNOW:  WIND      :SUNSHINE: SKY     :PK WND
================================================================================
1   2   3   4   5  6A  6B    7    8   9   10  11  12  13   14  15   16   17  18
                                     12Z  AVG MX 2MIN
DY MAX MIN AVG DEP HDD CDD  WTR  SNW DPTH SPD SPD DIR MIN PSBL S-S WX    SPD DR
================================================================================

 1  53  35  44   1  21   0 0.00  0.0    0  3.5  9 210   M    M   4        12 200
 2  57  34  46   3  19   0 0.00  0.0    0  6.5 13 230   M    M   0        17 230
 3  58  40  49   6  16   0 0.00  0.0    0  6.5 15 350   M    M   1 18     21  10
 4  45  29  37  -5  28   0 0.00  0.0    0 12.1 26 350   M    M   3        33 350
 5  47  25  36  -6  29   0 0.00  0.0    0  3.8  8 170   M    M   0        10 170
 6  52  31  42   0  23   0 0.00  0.0    0  7.9 16 220   M    M   0        22 220
 7  62  36  49   8  16   0 0.00  0.0    0  6.8 15 250   M    M   4        20 260
 8  66  53  60  19   5   0 0.00  0.0    0  5.0 12 230   M    M   4        15 190
 9  64  44  54  13  11   0 0.00  0.0    0  9.3 17 160   M    M   0        25 150
10  52  37  45   5  20   0 0.13  0.0    0  6.0 16 170   M    M   8 1      23 180
11  41  30  36  -4  29   0    T    T    0 12.0 23 280   M    M   7 8      32 300
12  51  31  41   1  24   0 0.00  0.0    0  9.4 22 220   M    M   2        30 220
13  58  41  50  11  15   0 0.00  0.0    0  9.7 21 200   M    M   1        28 220
14  56  50  53  14  12   0 0.31  0.0    0  9.5 22 240   M    M   7 13     33 320
15  54  47  51  12  14   0 0.09  0.0    0  5.5 13 170   M    M   7 1      18 180
16  51  38  45   7  20   0 0.13  0.0    0  5.9 18 320   M    M   8 128    26 320
17  38  28  33  -5  32   0    T  0.2    0  7.5 15 270   M    M   5 1      22 280
18  39  24  32  -5  33   0 0.00  0.0    T 10.0 18 280   M    M   1        25 280
19  50  33  42   5  23   0 0.00  0.0    0  9.7 16 220   M    M   5        23 210
20  61  41  51  14  14   0 0.01  0.0    0 12.2 18 240   M    M   7        26 230
21  42  28  35  -1  30   0 0.00  0.0    0  6.3 14 350   M    M   5        18 350
22  40  25  33  -3  32   0 0.94  0.0    0  8.8 29 130   M    M   5 1      35 120
23  42  33  38   2  27   0 0.57  0.0    0 12.8 24 340   M    M  10 1      30 350
24  50  27  39   4  26   0    T  0.0    0  7.2 13 260   M    M   1 1      17 250
25  57  36  47  12  18   0 0.00  0.0    0  9.8 15 240   M    M   0        20 250
26  60  44  52  18  13   0 0.00  0.0    0  6.9 12 230   M    M   0        15 250
27  59  42  51  17  14   0 0.00  0.0    0  7.7 17 200   M    M   2        28 180
28  59  52  56  22   9   0 0.00  0.0    0  6.2 14 190   M    M   6        23 160
29  63  46  55  22  10   0 0.84  0.0    0 10.6 24 150   M    M  10 18     30 160
30  46  29  38   5  27   0 0.06    T    0 12.1 23 300   M    M  10 1      32 310
================================================================================
SM 1573 1089       610   0  3.08     0.2 247.2          M      123
================================================================================
AV 52.4 36.3                               8.2 FASTST   M    M   4    MAX(MPH)
                                 MISC ---->  # 29 130               # 35  120
================================================================================
NOTES:
# LAST OF SEVERAL OCCURRENCES

COLUMN 17 PEAK WIND IN M.P.H.

PRELIMINARY LOCAL CLIMATOLOGICAL DATA (WS FORM: F-6) , PAGE 2

                                          STATION:  BINGHAMTON NY
                                          MONTH:    NOVEMBER
                                          YEAR:     2011
                                          LATITUDE:   42 13 N
                                          LONGITUDE:  75 59 W

[TEMPERATURE DATA]      [PRECIPITATION DATA]       SYMBOLS USED IN COLUMN 16

AVERAGE MONTHLY: 44.4   TOTAL FOR MONTH:   3.08    1 = FOG OR MIST
DPTR FM NORMAL:   6.1   DPTR FM NORMAL:   -0.22    2 = FOG REDUCING VISIBILITY
HIGHEST:    66 ON  8    GRTST 24HR  1.51 ON 22-23      TO 1/4 MILE OR LESS
LOWEST:     24 ON 18                               3 = THUNDER
                        SNOW, ICE PELLETS, HAIL    4 = ICE PELLETS
                        TOTAL MONTH:   0.2 INCH    5 = HAIL
                        GRTST 24HR   0.2 ON  17    6 = FREEZING RAIN OR DRIZZLE
                        GRTST DEPTH:   T ON 17 18  7 = DUSTSTORM OR SANDSTORM:
                                                       VSBY 1/2 MILE OR LESS
                                                   8 = SMOKE OR HAZE
[NO. OF DAYS WITH]      [WEATHER - DAYS WITH]      9 = BLOWING SNOW
                                                   X = TORNADO
MAX 32 OR BELOW:   0    0.01 INCH OR MORE:   9
MAX 90 OR ABOVE:   0    0.10 INCH OR MORE:   6
MIN 32 OR BELOW:  11    0.50 INCH OR MORE:   3
MIN  0 OR BELOW:   0    1.00 INCH OR MORE:   0

[HDD (BASE 65) ]
TOTAL THIS MO.   610    CLEAR  (SCALE 0-3)  13
DPTR FM NORMAL  -193    PTCLDY (SCALE 4-7)  13
TOTAL FM JUL 1  1226    CLOUDY (SCALE 8-10)  4
DPTR FM NORMAL  -349

[CDD (BASE 65) ]
TOTAL THIS MO.     0
DPTR FM NORMAL     0    [PRESSURE DATA]
TOTAL FM JAN 1   527    HIGHEST SLP 30.51 ON  6
DPTR FM NORMAL   146    LOWEST  SLP 29.49 ON 30

[REMARKS]
#FINAL-11-11#
SECOND HIGHEST NOVEMBER AVERAGE TEMPERATURE
FIFTH LOWEST NOVEMBER SNOWFALL
