000
CXUS51 KBGM 011816 CCA
CF6BGM

PRELIMINARY LOCAL CLIMATOLOGICAL DATA (WS FORM: F-6)

                                          STATION:   BINGHAMTON NY
                                          MONTH:     FEBRUARY
                                          YEAR:      2012
                                          LATITUDE:   42 13 N
                                          LONGITUDE:  75 59 W

  TEMPERATURE IN F:       :PCPN:    SNOW:  WIND      :SUNSHINE: SKY     :PK WND
================================================================================
1   2   3   4   5  6A  6B    7    8   9   10  11  12  13   14  15   16   17  18
                                     12Z  AVG MX 2MIN
DY MAX MIN AVG DEP HDD CDD  WTR  SNW DPTH SPD SPD DIR MIN PSBL S-S WX    SPD DR
================================================================================

 1  55  36  46  23  19   0 0.03  0.0    0 11.5 24 260   M    M   7 1      35 270
 2  36  26  31   8  34   0    T    T    0  9.0 18 340   M    M  10        26 340
 3  36  25  31   8  34   0    T    T    0  7.1 16 320   M    M   9 8      22 330
 4  37  26  32   9  33   0 0.00  0.0    0  6.2 12  10   M    M   9        16 340
 5  33  20  27   4  38   0    T    T    0  6.0 10 330   M    M   7        14 300
 6  50  23  37  14  28   0 0.00  0.0    0  8.4 16 250   M    M   1        23 250
 7  35  25  30   7  35   0    T    T    0  8.0 16 310   M    M   9 18     24 320
 8  31  22  27   3  38   0    T    T    0  3.2  8 260   M    M   6 1      10 350
 9  41  18  30   6  35   0 0.00  0.0    0  6.5 13 260   M    M   0        16 270
10  33  21  27   3  38   0 0.02  0.2    0  6.7 14 240   M    M   5 1      18 240
11  33  11  22  -2  43   0 0.05  0.9    T  8.1 25 340   M    M   9 18     35 330
12  22  11  17  -7  48   0 0.06  2.4    1 11.0 25 330   M    M  10 128    40 320
13  39  21  30   6  35   0 0.00  0.0    2 12.8 22 260   M    M   3        28 260
14  34  26  30   6  35   0 0.02  0.1    T  6.1 10 200   M    M   9 18     15 220
15  35  29  32   7  33   0    T    T    T  4.0  9 330   M    M   8 168    13 330
16  35  26  31   6  34   0 0.28  1.0    T  6.7 12 170   M    M   8 126    17 210
17  40  30  35  10  30   0    T    T    T  9.7 22 280   M    M   9 128    28 320
18  38  24  31   6  34   0 0.04  0.4    T  8.9 25 270   M    M   8 128    32 260
19  31  25  28   2  37   0    T    T    T  7.4 17  10   M    M  10        22  10
20  33  23  28   2  37   0 0.00  0.0    T  8.8 18 350   M    M   4        23 330
21  39  18  29   3  36   0    T  0.1    T 10.4 23 210   M    M   3 8      36 190
22  48  35  42  16  23   0    T    T    0 11.8 22 270   M    M   8        31 250
23  42  31  37  11  28   0 0.03  0.4    T  6.6 17 280   M    M   7 1      22 270
24  37  30  34   7  31   0 0.33  1.9    2 13.5 31 260   M    M  10 16     44 250
25  33  22  28   1  37   0 0.12  2.5    T 18.1 32 270   M    M   9 1268   43 290
26  32  20  26  -1  39   0    T    T    2  8.5 22 290   M    M   6 6      32 310
27  47  24  36   9  29   0 0.00  0.0    1 10.3 25 300   M    M   7        36 320
28  33  26  30   2  35   0    T    T    T  9.6 24 330   M    M   6 8      32 300
29  32  27  30   2  35   0 0.27  1.7    0 11.2 21 140   M    M  10 1236   25 130
================================================================================
SM 1070  701       991   0  1.25    11.6 256.1          M      207
================================================================================
AV 36.9 24.2                               8.8 FASTST   M    M   7    MAX(MPH)
                                 MISC ---->  # 32 270               # 44  250
================================================================================
NOTES:
# LAST OF SEVERAL OCCURRENCES

COLUMN 17 PEAK WIND IN M.P.H.

PRELIMINARY LOCAL CLIMATOLOGICAL DATA (WS FORM: F-6) , PAGE 2

                                          STATION:  BINGHAMTON NY
                                          MONTH:    FEBRUARY
                                          YEAR:     2012
                                          LATITUDE:   42 13 N
                                          LONGITUDE:  75 59 W

[TEMPERATURE DATA]      [PRECIPITATION DATA]       SYMBOLS USED IN COLUMN 16

AVERAGE MONTHLY: 30.5   TOTAL FOR MONTH:   1.25    1 = FOG OR MIST
DPTR FM NORMAL:   5.8   DPTR FM NORMAL:   -1.06    2 = FOG REDUCING VISIBILITY
HIGHEST:    55 ON  1    GRTST 24HR  0.33 ON 24-24      TO 1/4 MILE OR LESS
LOWEST:     11 ON 12,11                            3 = THUNDER
                        SNOW, ICE PELLETS, HAIL    4 = ICE PELLETS
                        TOTAL MONTH:  11.6 INCHES  5 = HAIL
                        GRTST 24HR   2.9 ON 11-12  6 = FREEZING RAIN OR DRIZZLE
                        GRTST DEPTH:   3 ON 26,25  7 = DUSTSTORM OR SANDSTORM:
                                                       VSBY 1/2 MILE OR LESS
                                                   8 = SMOKE OR HAZE
[NO. OF DAYS WITH]      [WEATHER - DAYS WITH]      9 = BLOWING SNOW
                                                   X = TORNADO
MAX 32 OR BELOW:   5    0.01 INCH OR MORE:  11
MAX 90 OR ABOVE:   0    0.10 INCH OR MORE:   4
MIN 32 OR BELOW:  27    0.50 INCH OR MORE:   0
MIN  0 OR BELOW:   0    1.00 INCH OR MORE:   0

[HDD (BASE 65) ]
TOTAL THIS MO.   991    CLEAR  (SCALE 0-3)   2
DPTR FM NORMAL  -136    PTCLDY (SCALE 4-7)  14
TOTAL FM JUL 1  4357    CLOUDY (SCALE 8-10) 13
DPTR FM NORMAL  -879

[CDD (BASE 65) ]
TOTAL THIS MO.     0
DPTR FM NORMAL     0    [PRESSURE DATA]
TOTAL FM JAN 1     0    HIGHEST SLP 30.50 ON  3
DPTR FM NORMAL     0    LOWEST  SLP 29.34 ON 24

[REMARKS]
#FINAL-02-12#
CORRECTED GREATEST 24 HOUR SNOWFALL AND GREATEST SNOW DEPTH
