000
CXUS51 KBGM 020244 CCA
CF6BGM

PRELIMINARY LOCAL CLIMATOLOGICAL DATA (WS FORM: F-6)

                                          STATION:   BINGHAMTON NY
                                          MONTH:     JANUARY
                                          YEAR:      2012
                                          LATITUDE:   42 13 N
                                          LONGITUDE:  75 59 W

  TEMPERATURE IN F:       :PCPN:    SNOW:  WIND      :SUNSHINE: SKY     :PK WND
================================================================================
1   2   3   4   5  6A  6B    7    8   9   10  11  12  13   14  15   16   17  18
                                     12Z  AVG MX 2MIN
DY MAX MIN AVG DEP HDD CDD  WTR  SNW DPTH SPD SPD DIR MIN PSBL S-S WX    SPD DR
================================================================================

 1  47  36  42  19  23   0 0.02  0.0    0 10.2 31 260   M    M   9        38 260
 2  36  21  29   6  36   0 0.05  1.6    T 12.6 31 270   M    M   8 128    40 270
 3  21   1  11 -12  54   0 0.02  0.7    1 11.6 21 320   M    M   6 18     28 320
 4  20  -1  10 -13  55   0 0.00  0.0    1  7.5 12 220   M    M   4 1      17 210
 5  29  20  25   2  40   0 0.01  0.2    1  6.7 17 290   M    M  10 8      23 290
 6  49  27  38  16  27   0 0.00  0.0    1  8.9 16 210   M    M   2        22 230
 7  50  35  43  21  22   0 0.00  0.0    0  9.2 20 250   M    M   3        25 330
 8  36  20  28   6  37   0 0.01  0.2    0  7.0 20 300   M    M   8 1      29 300
 9  37  20  29   7  36   0 0.00  0.0    T  6.4 14 200   M    M   3        18 200
10  37  29  33  11  32   0    T    T    0  7.4 20 300   M    M  10        29 320
11  43  27  35  13  30   0 0.20    T    0  9.3 21 130   M    M   3 1      28 130
12  39  34  37  15  28   0 0.38  0.0    0 11.5 23 120   M    M  10 12     29 110
13  38  18  28   6  37   0 0.39  5.5    1 17.0 29 260   M    M  10 128    39 260
14  21   7  14  -8  51   0 0.02  1.7    5  9.8 24 260   M    M  10 18     29 260
15  12  -3   5 -17  60   0    T    T    4  6.1 18 330   M    M   2 18     26 340
16  29   1  15  -7  50   0 0.02    T    4  9.8 21 180   M    M   3 1      29 180
17  46  29  38  16  27   0 0.20  0.0    2 10.3 33 280   M    M  10 1      48 270
18  39  11  25   3  40   0 0.01  0.3    T 11.1 33 280   M    M   7 18     46 280
19  24   7  16  -6  49   0 0.03  1.0    T  9.2 22 200   M    M   4 18     31 170
20  22   9  16  -6  49   0    T  0.1    1  6.9 20 310   M    M   5 18     30 320
21  22  11  17  -5  48   0 0.41  3.1    4  6.7 14 360   M    M   8 18     17 360
22  29   4  17  -5  48   0    T    T    4  9.2 17 150   M    M   3 1      22 150
23  46  29  38  16  27   0 0.10  0.0    3 12.9 21 160   M    M  10 1      29 160
24  42  29  36  14  29   0 0.01    T    T 10.1 20 280   M    M   9 158    26 280
25  30  27  29   7  36   0    T    T    T  5.9 20 290   M    M  10        31 310
26  36  26  31   9  34   0 0.38  0.4    T  7.5 17 160   M    M  10 168    23 170
27  50  33  42  20  23   0 0.66  0.1    0 13.0 25 280   M    M  10 12     37 310
28  41  28  35  13  30   0 0.02  0.3    T 11.6 26 280   M    M   8 18     37 280
29  38  23  31   9  34   0 0.03  1.1    T 12.1 29 260   M    M   5 128    39 260
30  29  20  25   3  40   0 0.07  0.9    2  8.8 22 340   M    M   6 12     29 340
31  54  29  42  20  23   0 0.00  0.0    1 10.6 22 250   M    M   4        28 250
================================================================================
SM 1092  607      1155   0  3.04    17.2 296.9          M      210
================================================================================
AV 35.2 19.6                               9.6 FASTST   M    M   7    MAX(MPH)
                                 MISC ---->  # 33 280               # 48  270
================================================================================
NOTES:
# LAST OF SEVERAL OCCURRENCES

COLUMN 17 PEAK WIND IN M.P.H.

PRELIMINARY LOCAL CLIMATOLOGICAL DATA (WS FORM: F-6) , PAGE 2

                                          STATION:  BINGHAMTON NY
                                          MONTH:    JANUARY
                                          YEAR:     2012
                                          LATITUDE:   42 13 N
                                          LONGITUDE:  75 59 W

[TEMPERATURE DATA]      [PRECIPITATION DATA]       SYMBOLS USED IN COLUMN 16

AVERAGE MONTHLY: 27.4   TOTAL FOR MONTH:   3.04    1 = FOG OR MIST
DPTR FM NORMAL:   5.2   DPTR FM NORMAL:    0.59    2 = FOG REDUCING VISIBILITY
HIGHEST:    54 ON 31    GRTST 24HR  0.99 ON 26-27      TO 1/4 MILE OR LESS
LOWEST:     -3 ON 15                               3 = THUNDER
                        SNOW, ICE PELLETS, HAIL    4 = ICE PELLETS
                        TOTAL MONTH:  17.2 INCHES  5 = HAIL
                        GRTST 24HR   6.0 ON 13-14  6 = FREEZING RAIN OR DRIZZLE
                        GRTST DEPTH:   5 ON 14,13  7 = DUSTSTORM OR SANDSTORM:
                                                       VSBY 1/2 MILE OR LESS
                                                   8 = SMOKE OR HAZE
[NO. OF DAYS WITH]      [WEATHER - DAYS WITH]      9 = BLOWING SNOW
                                                   X = TORNADO
MAX 32 OR BELOW:  12    0.01 INCH OR MORE:  21
MAX 90 OR ABOVE:   0    0.10 INCH OR MORE:   8
MIN 32 OR BELOW:  27    0.50 INCH OR MORE:   1
MIN  0 OR BELOW:   2    1.00 INCH OR MORE:   0

[HDD (BASE 65) ]
TOTAL THIS MO.  1155    CLEAR  (SCALE 0-3)   6
DPTR FM NORMAL  -172    PTCLDY (SCALE 4-7)  13
TOTAL FM JUL 1  3366    CLOUDY (SCALE 8-10) 12
DPTR FM NORMAL  -706

[CDD (BASE 65) ]
TOTAL THIS MO.     0
DPTR FM NORMAL     0    [PRESSURE DATA]
TOTAL FM JAN 1     0    HIGHEST SLP 30.60 ON 15
DPTR FM NORMAL     0    LOWEST  SLP 29.16 ON 13

[REMARKS]
#FINAL-01-12#
TAC
