000
CXUS51 KBGM 010557
CF6BGM
PRELIMINARY LOCAL CLIMATOLOGICAL DATA (WS FORM: F-6)

                                          STATION:   BINGHAMTON NY
                                          MONTH:     OCTOBER
                                          YEAR:      2011
                                          LATITUDE:   42 13 N
                                          LONGITUDE:  75 59 W

  TEMPERATURE IN F:       :PCPN:    SNOW:  WIND      :SUNSHINE: SKY     :PK WND
================================================================================
1   2   3   4   5  6A  6B    7    8   9   10  11  12  13   14  15   16   17  18
                                     12Z  AVG MX 2MIN
DY MAX MIN AVG DEP HDD CDD  WTR  SNW DPTH SPD SPD DIR MIN PSBL S-S WX    SPD DR
================================================================================

 1  51  40  46  -8  19   0 0.08  0.0    0 12.4 23 350   M    M   8 12     28 350
 2  58  39  49  -4  16   0 0.50  0.0    0  6.2 21  10   M    M   9 12     28  20
 3  50  41  46  -7  19   0    T  0.0    0  4.6 13 130   M    M   9 12     17 330
 4  56  45  51  -1  14   0 0.03  0.0    0  7.0 16 360   M    M  10 1      21 350
 5  62  43  53   1  12   0 0.00  0.0    0 10.3 21 350   M    M   3        26 350
 6  62  35  49  -3  16   0 0.00  0.0    0  4.8 10 340   M    M   0        14 340
 7  67  37  52   1  13   0 0.00  0.0    0  2.8 10 270   M    M   0        30 220
 8  75  46  61  10   4   0 0.00  0.0    0  4.4  8 230   M    M   0        31 320
 9  78  51  65  14   0   0 0.00  0.0    0  4.2 12 270   M    M   0        14 270
10  76  51  64  14   1   0 0.00  0.0    0  4.8 10 360   M    M   0 1      14 300
11  72  53  63  13   2   0 0.00  0.0    0  1.9 10 130   M    M   1 1      15 140
12  61  49  55   5  10   0 0.29  0.0    0  8.9 18 140   M    M   8 1      22 140
13  64  50  57   8   8   0 0.43  0.0    0  9.8 17 150   M    M  10 13     24 150
14  68  48  58   9   7   0 0.73  0.0    0 11.0 21 260   M    M   8 1      30 280
15  51  45  48  -1  17   0 0.02  0.0    0 14.9 30 270   M    M   8 1      41 250
16  56  45  51   3  14   0 0.31  0.0    0 10.3 23 250   M    M   9 1      33 270
17  59  42  51   3  14   0    T  0.0    0 11.4 23 250   M    M   2 1      32 240
18  55  45  50   2  15   0 0.00  0.0    0  6.4 14 240   M    M   6        18 240
19  61  47  54   7  11   0 0.23  0.0    0 12.4 23 120   M    M   7 1      31 100
20  59  45  52   5  13   0 0.54  0.0    0 12.2 22 130   M    M   9 1      30 210
21  48  43  46  -1  19   0    T  0.0    0 10.1 18 220   M    M  10        24 220
22  48  40  44  -2  21   0 0.03  0.0    0  4.4 14 300   M    M   9 1      16 310
23  54  38  46   0  19   0 0.00  0.0    0  4.0 12 270   M    M   3        15 260
24  59  41  50   4  15   0 0.05  0.0    0  8.2 18 280   M    M   5 1      26 220
25  55  41  48   2  17   0    T  0.0    0  8.9 18 310   M    M   4        28 310
26  53  42  48   3  17   0 0.12  0.0    0  4.6 12 350   M    M  10 1      14 360
27  46  32  39  -6  26   0 0.63  1.9    0  9.6 18 350   M    M  10 1      23 360
28  42  28  35 -10  30   0 0.00  0.0    1  4.5 12 360   M    M   3 12     16 350
29  35  30  33 -11  32   0 0.10  0.7    0  5.8 12  30   M    M   9 1      17  20
30  45  27  36  -8  29   0 0.00  0.0    T  6.3 17 350   M    M   2        23 340
31  46  28  37  -7  28   0 0.00  0.0    0  7.4 16 190   M    M   1        22 190
================================================================================
SM 1772 1287       478   0  4.09     2.6 234.5          M      173
================================================================================
AV 57.2 41.5                               7.6 FASTST   M    M   6    MAX(MPH)
                                 MISC ---->  # 30 270               # 41  250
================================================================================
NOTES:
# LAST OF SEVERAL OCCURRENCES

COLUMN 17 PEAK WIND IN M.P.H.

PRELIMINARY LOCAL CLIMATOLOGICAL DATA (WS FORM: F-6) , PAGE 2

                                          STATION:  BINGHAMTON NY
                                          MONTH:    OCTOBER
                                          YEAR:     2011
                                          LATITUDE:   42 13 N
                                          LONGITUDE:  75 59 W

[TEMPERATURE DATA]      [PRECIPITATION DATA]       SYMBOLS USED IN COLUMN 16

AVERAGE MONTHLY: 49.3   TOTAL FOR MONTH:   4.09    1 = FOG OR MIST
DPTR FM NORMAL:   0.8   DPTR FM NORMAL:    0.76    2 = FOG REDUCING VISIBILITY
HIGHEST:    78 ON  9    GRTST 24HR  0.97 ON 13-14      TO 1/4 MILE OR LESS
LOWEST:     27 ON 30                               3 = THUNDER
                        SNOW, ICE PELLETS, HAIL    4 = ICE PELLETS
                        TOTAL MONTH:   2.6 INCHES  5 = HAIL
                        GRTST 24HR   1.9 ON   M    6 = FREEZING RAIN OR DRIZZLE
                        GRTST DEPTH:   1 ON 28     7 = DUSTSTORM OR SANDSTORM:
                                                       VSBY 1/2 MILE OR LESS
                                                   8 = SMOKE OR HAZE
[NO. OF DAYS WITH]      [WEATHER - DAYS WITH]      9 = BLOWING SNOW
                                                   X = TORNADO
MAX 32 OR BELOW:   0    0.01 INCH OR MORE:  15
MAX 90 OR ABOVE:   0    0.10 INCH OR MORE:  10
MIN 32 OR BELOW:   5    0.50 INCH OR MORE:   4
MIN  0 OR BELOW:   0    1.00 INCH OR MORE:   0

[HDD (BASE 65) ]
TOTAL THIS MO.   478    CLEAR  (SCALE 0-3)  10
DPTR FM NORMAL   -37    PTCLDY (SCALE 4-7)   8
TOTAL FM JUL 1   616    CLOUDY (SCALE 8-10) 13
DPTR FM NORMAL  -156

[CDD (BASE 65) ]
TOTAL THIS MO.     0
DPTR FM NORMAL    -2    [PRESSURE DATA]
TOTAL FM JAN 1   527    HIGHEST SLP M ON M
DPTR FM NORMAL   146    LOWEST  SLP 29.20 ON 20

[REMARKS]
#FINAL-10-11#
