000
CXUS51 KBGM 101640
CF6BGM
PRELIMINARY LOCAL CLIMATOLOGICAL DATA (WS FORM: F-6)

                                          STATION:   BINGHAMTON NY
                                          MONTH:     JULY
                                          YEAR:      2011
                                          LATITUDE:   42 13 N
                                          LONGITUDE:  75 59 W

  TEMPERATURE IN F:       :PCPN:    SNOW:  WIND      :SUNSHINE: SKY     :PK WND
================================================================================
1   2   3   4   5  6A  6B    7    8   9   10  11  12  13   14  15   16   17  18
                                     12Z  AVG MX 2MIN
DY MAX MIN AVG DEP HDD CDD  WTR  SNW DPTH SPD SPD DIR MIN PSBL S-S WX    SPD DR
================================================================================

 1  77  51  64  -4   1   0 0.00  0.0    0  5.2 15 350   M    M   2        21 350
 2  82  56  69   1   0   4 0.00  0.0    0  4.1 12 250   M    M   1 1      15 240
 3  83  67  75   7   0  10    T  0.0    0  6.4 17 300   M    M   5 18     22 300
 4  81  61  71   3   0   6 0.00  0.0    0  6.2 14 320   M    M   0        20 340
 5  81  57  69   1   0   4 0.00  0.0    0  4.3 10 310   M    M   0        15 300
 6  86  63  75   7   0  10 0.09  0.0    0  7.1 23 360   M    M   1 13     31  10
 7  80  62  71   3   0   6    T  0.0    0  4.1 10 360   M    M   3 18     16 350
 8  78  60  69   1   0   4    T  0.0    0  4.8 10 130   M    M   4 13     14 100
 9  78  60  69   0   0   4 0.00  0.0    0  8.4 17 360   M    M   1 1      24 350
10  84  56  70   1   0   5 0.00  0.0    0  3.0 13 210   M    M   1        16 240
11  86  68  77   8   0  12    T  0.0    0  7.6 15 220   M    M   1 8      20 270
12  87  69  78   9   0  13 0.00  0.0    0  9.6 18 280   M    M   2        25 330
13  79  59  69   0   0   4 0.02  0.0    0  8.6 23 350   M    M   2        31  10
14  78  56  67  -2   0   2 0.00  0.0    0  7.4 16  10   M    M   1        22  20
15  82  57  70   1   0   5 0.00  0.0    0  2.8 13 360   M    M   1        29 300
16  85  59  72   3   0   7 0.00  0.0    0  5.6 13 210   M    M   1        17 220
17  89  65  77   8   0  12 0.00  0.0    0  5.8 13 270   M    M   0        17 270
18  85  65  75   6   0  10 0.72  0.0    0  5.6 47  20   M    M   2 1238   68  20
19  85  65  75   6   0  10 0.07  0.0    0  3.8 12 260   M    M   2 13     14  40
20  90  65  78   9   0  13 0.00  0.0    0  5.0 13 250   M    M   1 18     26 320
21  95  72  84  15   0  19 0.00  0.0    0  8.1 18 250   M    M   2 18     25 260
22  93  77  85  16   0  20 0.00  0.0    0  6.0 12 260   M    M   0        18 320
23  91  72  82  13   0  17 0.00  0.0    0  5.8 16 270   M    M   2        20 270
24  85  67  76   7   0  11 0.16  0.0    0  6.9 15 360   M    M   5 18     18 350
25  78  64  71   2   0   6 0.14  0.0    0  5.1  7 200   M    M   5 138     9 210
26  82  61  72   3   0   7 0.14  0.0    0  7.5 24 250   M    M   2 12     30 250
27  79  59  69   0   0   4 0.00  0.0    0  5.9 14 330   M    M   4        26 290
28  75  60  68  -1   0   3    T  0.0    0  4.4 12 230   M    M   6        15 220
29  84  65  75   6   0  10 0.06  0.0    0  7.6 24 270   M    M   7 138    35 280
30  84  64  74   5   0   9 0.00  0.0    0  8.2 18 360   M    M   1        25 360
31  84  58  71   2   0   6    T  0.0    0  5.6 15 230   M    M   2        26 230
================================================================================
SM 2586 1940         1 253  1.40     0.0 186.5          M       67
================================================================================
AV 83.4 62.6                               6.0 FASTST   M    M   2    MAX(MPH)
                                 MISC ---->  # 47  20               # 68   20
================================================================================
NOTES:
# LAST OF SEVERAL OCCURRENCES

COLUMN 17 PEAK WIND IN M.P.H.

PRELIMINARY LOCAL CLIMATOLOGICAL DATA (WS FORM: F-6) , PAGE 2

                                          STATION:  BINGHAMTON NY
                                          MONTH:    JULY
                                          YEAR:     2011
                                          LATITUDE:   42 13 N
                                          LONGITUDE:  75 59 W

[TEMPERATURE DATA]      [PRECIPITATION DATA]       SYMBOLS USED IN COLUMN 16

AVERAGE MONTHLY: 73.0   TOTAL FOR MONTH:   1.40    1 = FOG OR MIST
DPTR FM NORMAL:   4.3   DPTR FM NORMAL:   -2.30    2 = FOG REDUCING VISIBILITY
HIGHEST:    95 ON 21    GRTST 24HR  0.79 ON 18-19      TO 1/4 MILE OR LESS
LOWEST:     51 ON  1                               3 = THUNDER
                        SNOW, ICE PELLETS, HAIL    4 = ICE PELLETS
                        TOTAL MONTH:   0.0 INCH    5 = HAIL
                        GRTST 24HR     0.0         6 = FREEZING RAIN OR DRIZZLE
                        GRTST DEPTH:   0           7 = DUSTSTORM OR SANDSTORM:
                                                       VSBY 1/2 MILE OR LESS
                                                   8 = SMOKE OR HAZE
[NO. OF DAYS WITH]      [WEATHER - DAYS WITH]      9 = BLOWING SNOW
                                                   X = TORNADO
MAX 32 OR BELOW:   0    0.01 INCH OR MORE:   8
MAX 90 OR ABOVE:   4    0.10 INCH OR MORE:   4
MIN 32 OR BELOW:   0    0.50 INCH OR MORE:   1
MIN  0 OR BELOW:   0    1.00 INCH OR MORE:   0

[HDD (BASE 65) ]
TOTAL THIS MO.     1    CLEAR  (SCALE 0-3)  23
DPTR FM NORMAL   -23    PTCLDY (SCALE 4-7)   8
TOTAL FM JUL 1     1    CLOUDY (SCALE 8-10)  0
DPTR FM NORMAL   -23

[CDD (BASE 65) ]
TOTAL THIS MO.   253
DPTR FM NORMAL   115    [PRESSURE DATA]
TOTAL FM JAN 1   379    HIGHEST SLP 30.18 ON 16
DPTR FM NORMAL   144    LOWEST  SLP 29.68 ON 26

[REMARKS]
#FINAL-07-11#
