000
CXUS51 KBGM 010550
CF6BGM
PRELIMINARY LOCAL CLIMATOLOGICAL DATA (WS FORM: F-6)

                                          STATION:   BINGHAMTON NY
                                          MONTH:     JUNE
                                          YEAR:      2011
                                          LATITUDE:   42 13 N
                                          LONGITUDE:  75 59 W

  TEMPERATURE IN F:       :PCPN:    SNOW:  WIND      :SUNSHINE: SKY     :PK WND
================================================================================
1   2   3   4   5  6A  6B    7    8   9   10  11  12  13   14  15   16   17  18
                                     12Z  AVG MX 2MIN
DY MAX MIN AVG DEP HDD CDD  WTR  SNW DPTH SPD SPD DIR MIN PSBL S-S WX    SPD DR
================================================================================

 1  86  64  75  14   0  10 0.00  0.0    0 12.3 29 280   M    M   2 138    39 270
 2  64  49  57  -4   8   0 0.00  0.0    0 12.2 23 320   M    M   2 8      35 310
 3  66  46  56  -5   9   0 0.00  0.0    0  9.3 22 360   M    M   0        30 350
 4  63  49  56  -5   9   0 0.01  0.0    0  3.5 13 260   M    M   6        17 250
 5  74  53  64   2   1   0 0.00  0.0    0  6.2 15 340   M    M   6        21 360
 6  79  55  67   5   0   2 0.00  0.0    0  3.8  9 300   M    M   2 18     13 290
 7  82  58  70   8   0   5 0.00  0.0    0  6.3 16 270   M    M   0 8      20 230
 8  91  63  77  15   0  12 0.00  0.0    0  6.2 16 260   M    M   1 8      21 260
 9  89  68  79  17   0  14 0.13  0.0    0  6.9 22 340   M    M   0 138    28 340
10  74  59  67   4   0   2 0.08  0.0    0  5.8 14 340   M    M   5 18     18 340
11  75  58  67   4   0   2 1.16  0.0    0  7.4 20 350   M    M   9 123    26 340
12  72  55  64   1   1   0 0.24  0.0    0  6.4 15 340   M    M   9 12     21 320
13  65  50  58  -5   7   0    T  0.0    0  5.4 12 280   M    M   7 18     15 350
14  65  51  58  -6   7   0 0.01  0.0    0  7.4 17 330   M    M   8 1      23 320
15  78  47  63  -1   2   0 0.00  0.0    0  6.1 16 360   M    M   0 8      22 350
16  77  55  66   2   0   1 0.10  0.0    0  5.1 16 200   M    M   3 1      21 200
17  73  57  65   1   0   0 0.01  0.0    0  4.9 12 270   M    M   7 1      15 270
18  78  57  68   4   0   3 0.00  0.0    0  4.9 12 290   M    M   3 12     18 340
19  74  55  65   0   0   0 0.00  0.0    0  6.1 16 350   M    M   0        20 360
20  79  52  66   1   0   1 0.00  0.0    0  3.2  9 280   M    M   1        13 280
21  81  62  72   7   0   7 0.00  0.0    0  2.1  6  70   M    M   5 18      M  M
22  80  66  73   8   0   8 0.69  0.0    0  5.8 22 220   M    M   5 138    32 260
23  77  65  71   5   0   6 1.00  0.0    0  6.8 17  90   M    M   4 123    25  90
24  76  62  69   3   0   4 0.02  0.0    0  8.2 18 210   M    M   8 13     25 210
25  70  56  63  -3   2   0 0.02  0.0    0  7.1 15 240   M    M   9 1      20 240
26  69  56  63  -3   2   0 0.00  0.0    0  3.9  9 260   M    M   8 1      13 260
27  77  55  66   0   0   1 0.00  0.0    0  3.2  9 130   M    M   4 12     16 350
28  79  61  70   3   0   5 0.86  0.0    0  6.7 21 340   M    M   5 1238   25 260
29  69  57  63  -4   2   0 0.00  0.0    0  7.2 15 280   M    M   4        23 300
30  74  56  65  -2   0   0 0.00  0.0    0  7.2 16 280   M    M   3 1      24 330
================================================================================
SM 2256 1697        50  83  4.33     0.0 187.6          M      126
================================================================================
AV 75.2 56.6                               6.3 FASTST   M    M   4    MAX(MPH)
                                 MISC ---->  # 29 280               # 39  270
================================================================================
NOTES:
# LAST OF SEVERAL OCCURRENCES

COLUMN 17 PEAK WIND IN M.P.H.

PRELIMINARY LOCAL CLIMATOLOGICAL DATA (WS FORM: F-6) , PAGE 2

                                          STATION:  BINGHAMTON NY
                                          MONTH:    JUNE
                                          YEAR:     2011
                                          LATITUDE:   42 13 N
                                          LONGITUDE:  75 59 W

[TEMPERATURE DATA]      [PRECIPITATION DATA]       SYMBOLS USED IN COLUMN 16

AVERAGE MONTHLY: 65.9   TOTAL FOR MONTH:   4.33    1 = FOG OR MIST
DPTR FM NORMAL:   2.0   DPTR FM NORMAL:    0.53    2 = FOG REDUCING VISIBILITY
HIGHEST:    91 ON  8    GRTST 24HR  1.40 ON 11-12      TO 1/4 MILE OR LESS
LOWEST:     46 ON  3                               3 = THUNDER
                        SNOW, ICE PELLETS, HAIL    4 = ICE PELLETS
                        TOTAL MONTH:   0.0 INCH    5 = HAIL
                        GRTST 24HR     0.0         6 = FREEZING RAIN OR DRIZZLE
                        GRTST DEPTH:   0           7 = DUSTSTORM OR SANDSTORM:
                                                       VSBY 1/2 MILE OR LESS
                                                   8 = SMOKE OR HAZE
[NO. OF DAYS WITH]      [WEATHER - DAYS WITH]      9 = BLOWING SNOW
                                                   X = TORNADO
MAX 32 OR BELOW:   0    0.01 INCH OR MORE:  13
MAX 90 OR ABOVE:   1    0.10 INCH OR MORE:   7
MIN 32 OR BELOW:   0    0.50 INCH OR MORE:   4
MIN  0 OR BELOW:   0    1.00 INCH OR MORE:   2

[HDD (BASE 65) ]
TOTAL THIS MO.    50    CLEAR  (SCALE 0-3)  13
DPTR FM NORMAL   -40    PTCLDY (SCALE 4-7)  14
TOTAL FM JUL 1  7137    CLOUDY (SCALE 8-10)  3
DPTR FM NORMAL  -100

[CDD (BASE 65) ]
TOTAL THIS MO.    83
DPTR FM NORMAL    10    [PRESSURE DATA]
TOTAL FM JAN 1   126    HIGHEST SLP M ON M
DPTR FM NORMAL    25    LOWEST  SLP 29.63 ON 24

[REMARKS]
#FINAL-06-11#
