000
CXUS51 KBGM 011033 CCA
CF6BGM

PRELIMINARY LOCAL CLIMATOLOGICAL DATA (WS FORM: F-6)

                                          STATION:   BINGHAMTON NY
                                          MONTH:     MARCH
                                          YEAR:      2011
                                          LATITUDE:   42 13 N
                                          LONGITUDE:  75 59 W

  TEMPERATURE IN F:       :PCPN:    SNOW:  WIND      :SUNSHINE: SKY     :PK WND
================================================================================
1   2   3   4   5  6A  6B    7    8   9   10  11  12  13   14  15   16   17  18
                                     12Z  AVG MX 2MIN
DY MAX MIN AVG DEP HDD CDD  WTR  SNW DPTH SPD SPD DIR MIN PSBL S-S WX    SPD DR
================================================================================

 1  33  21  27   0  38   0    T  0.2    8  8.1 18 330   M    M   4 18     25 320
 2  38  12  25  -3  40   0    T    T    7 14.5 25 330   M    M   4 8      37 330
 3  24   6  15 -13  50   0    T    T    7  5.4 14 320   M    M   1 18     22 320
 4  36  16  26  -2  39   0 0.00  0.0    6 12.1 22 160   M    M   3        29 160
 5  49  34  42  13  23   0    T  0.0    4 12.3 23 190   M    M  10        37 230
 6  48  23  36   7  29   0 1.25  7.7    1 15.5 28 360   M    M  10 126    40  10
 7  28  14  21  -9  44   0 0.44  8.2   15 13.3 29 350   M    M   6 128    38 350
 8  39  13  26  -4  39   0 0.00  0.0   13  3.1  9 110   M    M   0 18     12 100
 9  34  24  29  -1  36   0    T    T   12 17.6 32 150   M    M   4 168    46 140
10  44  32  38   7  27   0 0.53    T   10 21.9 31 130   M    M  10 146    43 120
11  44  29  37   6  28   0 0.24  0.2    5 11.3 28 130   M    M  10 18     40 130
12  43  29  36   5  29   0 0.05  0.9    3  8.6 22 220   M    M   9 1      30 220
13  38  29  34   2  31   0 0.01  0.1    2  9.5 17 290   M    M  10 168    24 280
14  32  27  30  -2  35   0    T  0.1    1  6.5 15 360   M    M  10 18     17 360
15  45  22  34   2  31   0 0.03  0.0    1  7.1 15 170   M    M   2 1      25 170
16  49  33  41   8  24   0 0.23    T    T  8.1 16 160   M    M  10 168    25 180
17  57  31  44  11  21   0 0.00  0.0    T  8.4 15 260   M    M   0 18     20 230
18  59  38  49  16  16   0    T  0.0    T 10.9 21 330   M    M   4 1      30 280
19  38  24  31  -3  34   0    T    T    0 10.2 20 300   M    M   7 18     31 350
20  44  21  33  -1  32   0 0.00  0.0    0  3.6 16 170   M    M   1        28 190
21  42  32  37   3  28   0 0.50  2.8    3  9.8 18 170   M    M   9 1268   26 210
22  37  31  34  -1  31   0 0.01  0.1    T  9.4 17 330   M    M  10 1      24 340
23  31  24  28  -7  37   0 0.52  5.1    2  7.6 14  70   M    M  10 12     18  80
24  32  20  26 -10  39   0 0.02  0.1    5 10.3 22 360   M    M   5 16     26 350
25  27  15  21 -15  44   0    T    T    2  7.8 17 360   M    M   5 18     24 340
26  27  14  21 -15  44   0    T    T    2  8.7 18 340   M    M   4 18     23 300
27  29  14  22 -15  43   0 0.00  0.0    2 10.6 21 350   M    M   0        30 310
28  32  15  24 -13  41   0 0.00  0.0    1 10.0 20 280   M    M   0        26 280
29  38  19  29  -8  36   0 0.00  0.0    T  9.5 17 340   M    M   4        25 290
30  47  24  36  -2  29   0 0.01    T    T  4.0 13 200   M    M   2 1      18 200
31  37  32  35  -3  30   0 0.06  0.4    T  5.8 10 150   M    M  10 12     14 150
================================================================================
SM 1201  718      1048   0  3.90    25.9 301.5          M      174
================================================================================
AV 38.7 23.2                               9.7 FASTST   M    M   6    MAX(MPH)
                                 MISC ---->  # 32 150               # 46  140
================================================================================
NOTES:
# LAST OF SEVERAL OCCURRENCES

COLUMN 17 PEAK WIND IN M.P.H.

PRELIMINARY LOCAL CLIMATOLOGICAL DATA (WS FORM: F-6) , PAGE 2

                                          STATION:  BINGHAMTON NY
                                          MONTH:    MARCH
                                          YEAR:     2011
                                          LATITUDE:   42 13 N
                                          LONGITUDE:  75 59 W

[TEMPERATURE DATA]      [PRECIPITATION DATA]       SYMBOLS USED IN COLUMN 16

AVERAGE MONTHLY: 31.0   TOTAL FOR MONTH:   3.90    1 = FOG OR MIST
DPTR FM NORMAL:  -1.7   DPTR FM NORMAL:    0.93    2 = FOG REDUCING VISIBILITY
HIGHEST:    59 ON 18    GRTST 24HR  1.55 ON  6- 7      TO 1/4 MILE OR LESS
LOWEST:      6 ON  3                               3 = THUNDER
                        SNOW, ICE PELLETS, HAIL    4 = ICE PELLETS
                        TOTAL MONTH:  25.9 INCHES  5 = HAIL
                        GRTST 24HR  15.6 ON   6-7  6 = FREEZING RAIN OR DRIZZLE
                        GRTST DEPTH:  15 ON  7     7 = DUSTSTORM OR SANDSTORM:
                                                       VSBY 1/2 MILE OR LESS
                                                   8 = SMOKE OR HAZE
[NO. OF DAYS WITH]      [WEATHER - DAYS WITH]      9 = BLOWING SNOW
                                                   X = TORNADO
MAX 32 OR BELOW:   9    0.01 INCH OR MORE:  14
MAX 90 OR ABOVE:   0    0.10 INCH OR MORE:   7
MIN 32 OR BELOW:  28    0.50 INCH OR MORE:   4
MIN  0 OR BELOW:   0    1.00 INCH OR MORE:   1

[HDD (BASE 65) ]
TOTAL THIS MO.  1048    CLEAR  (SCALE 0-3)   9
DPTR FM NORMAL    51    PTCLDY (SCALE 4-7)  10
TOTAL FM JUL 1  6304    CLOUDY (SCALE 8-10) 12
DPTR FM NORMAL    66

[CDD (BASE 65) ]
TOTAL THIS MO.     0
DPTR FM NORMAL    -1    [PRESSURE DATA]
TOTAL FM JAN 1     0    HIGHEST SLP 30.70 ON  3
DPTR FM NORMAL    -1    LOWEST  SLP 29.56 ON 11

[REMARKS]
#FINAL-03-11#
