000
CXUS51 KBGM 030137 CCA
CF6BGM

PRELIMINARY LOCAL CLIMATOLOGICAL DATA (WS FORM: F-6)

                                          STATION:   BINGHAMTON NY
                                          MONTH:     APRIL
                                          YEAR:      2014
                                          LATITUDE:   42 13 N
                                          LONGITUDE:  75 59 W

  TEMPERATURE IN F:       :PCPN:    SNOW:  WIND      :SUNSHINE: SKY     :PK WND
================================================================================
1   2   3   4   5  6A  6B    7    8   9   10  11  12  13   14  15   16   17  18
                                     12Z  AVG MX 2MIN
DY MAX MIN AVG DEP HDD CDD  WTR  SNW DPTH SPD SPD DIR MIN PSBL S-S WX    SPD DR
================================================================================

 1  55  27  41   2  24   0 0.00  0.0    0  6.4 14 130   M    M   0        17 160
 2  59  37  48   9  17   0 0.00  0.0    0  6.2 16 270   M    M   1        22 270
 3  50  28  39  -1  26   0 0.02  0.0    0  5.3 10  50   M    M   2 18     14 260
 4  41  37  39  -1  26   0 0.18  0.0    0 14.6 30 150   M    M  10 1      40 140
 5  40  30  35  -6  30   0    T    T    0 13.6 29 280   M    M  10        39 280
 6  53  26  40  -1  25   0 0.00  0.0    0  4.4 13 350   M    M   0        17 350
 7  45  33  39  -3  26   0 0.26    T    0 10.6 30 130   M    M   6 1      37 140
 8  52  37  45   3  20   0 0.13  0.0    0 11.2 26 270   M    M   7 1      37 280
 9  46  32  39  -3  26   0 0.00  0.0    0  8.3 20 340   M    M   4 12     29 310
10  63  31  47   4  18   0 0.00  0.0    0 13.5 25 200   M    M   1        38 220
11  57  40  49   6  16   0 0.30  0.0    0  3.5 16 220   M    M  10 12     25 210
12  65  38  52   8  13   0 0.00  0.0    0  5.6 14 230   M    M   6 12     24 240
13  79  53  66  22   0   1    T  0.0    0 12.3 23 220   M    M   2        35 220
14  74  58  66  22   0   1 0.13  0.0    0 12.5 32 260   M    M   3 1      46 270
15  61  24  43  -2  22   0 0.65  0.9    0 12.6 23 330   M    M   9 1      32 310
16  35  19  27 -18  38   0    T  0.1    1  9.6 21 340   M    M   3 18     29 340
17  52  24  38  -8  27   0 0.00  0.0    0 10.0 20 150   M    M   0        26 150
18  53  30  42  -4  23   0 0.00  0.0    0  8.0 14 160   M    M   1        21 170
19  52  37  45  -2  20   0 0.00  0.0    0  9.2 20  10   M    M   1 1      25 360
20  64  32  48   1  17   0 0.00  0.0    0  7.1 14 200   M    M   0        20 150
21  71  39  55   8  10   0 0.00  0.0    0  6.2 13 240   M    M   0        18 240
22  63  42  53   5  12   0 0.12  0.0    0  8.0 20 340   M    M   7 1      26 350
23  42  34  38 -10  27   0 0.03    T    0 12.0 22 320   M    M   9 1      33 330
24  50  31  41  -7  24   0 0.00  0.0    0 10.8 28 350   M    M   0        35 350
25  64  31  48  -1  17   0 0.24  0.0    0  9.6 20 170   M    M   4 1      31 190
26  56  39  48  -1  17   0 0.08  0.0    0  8.8 21 330   M    M   9 1      32 330
27  48  37  43  -7  22   0    T  0.0    0 10.4 18 360   M    M   9        24 360
28  58  35  47  -3  18   0 0.00  0.0    0  6.2 14 130   M    M   1        18 130
29  50  39  45  -5  20   0 0.46  0.0    0 16.5 28 140   M    M   8 1      39 150
30  49  38  44  -7  21   0 0.17  0.0    0 20.7 32 140   M    M  10 1      43 160
================================================================================
SM 1647 1038       602   2  2.77     1.0 293.7          M      133
================================================================================
AV 54.9 34.6                               9.8 FASTST   M    M   4    MAX(MPH)
                                 MISC ---->  # 32 260               # 46  270
================================================================================
NOTES:
# LAST OF SEVERAL OCCURRENCES

COLUMN 17 PEAK WIND IN M.P.H.

PRELIMINARY LOCAL CLIMATOLOGICAL DATA (WS FORM: F-6) , PAGE 2

                                          STATION:  BINGHAMTON NY
                                          MONTH:    APRIL
                                          YEAR:     2014
                                          LATITUDE:   42 13 N
                                          LONGITUDE:  75 59 W

[TEMPERATURE DATA]      [PRECIPITATION DATA]       SYMBOLS USED IN COLUMN 16

AVERAGE MONTHLY: 44.8   TOTAL FOR MONTH:   2.77    1 = FOG OR MIST
DPTR FM NORMAL:  -0.3   DPTR FM NORMAL:   -0.66    2 = FOG REDUCING VISIBILITY
HIGHEST:    79 ON 13    GRTST 24HR  0.78 ON 14-15      TO 1/4 MILE OR LESS
LOWEST:     19 ON 16                               3 = THUNDER
                        SNOW, ICE PELLETS, HAIL    4 = ICE PELLETS
                        TOTAL MONTH:   1.0 INCH    5 = HAIL
                        GRTST 24HR   1.0 ON 15-16  6 = FREEZING RAIN OR DRIZZLE
                        GRTST DEPTH:   1 ON 15, 16 7 = DUSTSTORM OR SANDSTORM:
                                                       VSBY 1/2 MILE OR LESS
                                                   8 = SMOKE OR HAZE
[NO. OF DAYS WITH]      [WEATHER - DAYS WITH]      9 = BLOWING SNOW
                                                   X = TORNADO
MAX 32 OR BELOW:   0    0.01 INCH OR MORE:  13
MAX 90 OR ABOVE:   0    0.10 INCH OR MORE:  10
MIN 32 OR BELOW:  13    0.50 INCH OR MORE:   1
MIN  0 OR BELOW:   0    1.00 INCH OR MORE:   0

[HDD (BASE 65) ]
TOTAL THIS MO.   602    CLEAR  (SCALE 0-3)  14
DPTR FM NORMAL    -1    PTCLDY (SCALE 4-7)   8
TOTAL FM JUL 1  7273    CLOUDY (SCALE 8-10)  8
DPTR FM NORMAL   474

[CDD (BASE 65) ]
TOTAL THIS MO.     2
DPTR FM NORMAL    -2    [PRESSURE DATA]
TOTAL FM JAN 1     2    HIGHEST SLP 30.66 ON 17
DPTR FM NORMAL    -2    LOWEST  SLP 29.35 ON  8

[REMARKS]
#FINAL-04-14#
CORRECTED GREATEST 24 HOUR SNOW AMOUNT AND DATES
  AND GREATEST SNOW DEPTH DATES

TAC
