000
CXUS51 KBGM 021611 CCA
CF6BGM

PRELIMINARY LOCAL CLIMATOLOGICAL DATA (WS FORM: F-6)

                                          STATION:   BINGHAMTON NY
                                          MONTH:     NOVEMBER
                                          YEAR:      2015
                                          LATITUDE:   42 13 N
                                          LONGITUDE:  75 59 W

  TEMPERATURE IN F:       :PCPN:    SNOW:  WIND      :SUNSHINE: SKY     :PK WND
================================================================================
1   2   3   4   5  6A  6B    7    8   9   10  11  12  13   14  15   16   17  18
                                     12Z  AVG MX 2MIN
DY MAX MIN AVG DEP HDD CDD  WTR  SNW DPTH SPD SPD DIR MIN PSBL S-S WX    SPD DR
================================================================================

 1  62  44  53  10  12   0 0.03  0.0    0 10.7 22 240   M    M   5        32 240
 2  60  44  52   9  13   0 0.00  0.0    0  3.2 10 250   M    M   0        13 270
 3  71  44  58  15   7   0 0.00  0.0    0  6.4 15 280   M    M   0        20 280
 4  73  44  59  17   6   0 0.00  0.0    0  6.8 14 220   M    M   0        19 220
 5  71  56  64  22   1   0 0.00  0.0    0  6.5 12 200   M    M   6        17 210
 6  68  53  61  19   4   0    T  0.0    0 10.8 24 230   M    M   6 1      33 220
 7  54  38  46   5  19   0    T  0.0    0  8.0 15 270   M    M   7        20 290
 8  48  33  41   0  24   0 0.00  0.0    0  5.8 14 280   M    M   4        19 320
 9  55  30  43   2  22   0 0.00  0.0    0  5.3 10 200   M    M   1        16 200
10  56  44  50  10  15   0 1.65  0.0    0  7.5 13 110   M    M  10 18     17  90
11  54  47  51  11  14   0 0.41  0.0    0  6.4 13 340   M    M  10 1      17 330
12  51  46  49   9  16   0 0.16  0.0    0 12.6 25 260   M    M  10 1      39 180
13  47  34  41   2  24   0 0.03  0.1    0 17.1 30 270   M    M  10 1      39 270
14  37  31  34  -5  31   0 0.03  0.1    T 11.9 23 290   M    M  10 1      34 300
15  57  31  44   5  21   0 0.00  0.0    0  8.5 15 260   M    M   1        20 250
16  58  37  48  10  17   0 0.00  0.0    0  7.6 15 350   M    M   0        20 330
17  49  27  38   0  27   0 0.00  0.0    0  9.0 16 140   M    M   0        20 140
18  52  34  43   6  22   0 0.00  0.0    0 13.1 23 170   M    M   8        35 150
19  58  50  54  17  11   0 0.24  0.0    0 12.6 22 170   M    M   8 1      33 170
20  50  31  41   4  24   0 0.00  0.0    0  7.7 17 270   M    M   1        22 260
21  45  28  37   1  28   0 0.00  0.0    0  9.9 24 170   M    M   1        37 170
22  45  26  36   0  29   0    T    T    0 10.9 33 260   M    M   8        41 260
23  30  22  26 -10  39   0 0.01  0.6    T  6.8 15 350   M    M   6 1      20 340
24  35  22  29  -6  36   0    T    T    0  5.5 13 280   M    M   9        17 290
25  45  27  36   1  29   0 0.00  0.0    0  7.9 16 170   M    M   0        23 180
26  51  36  44  10  21   0 0.00  0.0    0 10.5 17 160   M    M   1        27 120
27  59  46  53  19  12   0 0.00  0.0    0 10.8 17 210   M    M   3        25 230
28  53  28  41   7  24   0 0.08  0.0    0  8.1 15 340   M    M  10 1      19 340
29  34  24  29  -4  36   0 0.00  0.0    0  8.0 14 360   M    M   6        18 350
30  40  19  30  -3  35   0 0.00  0.0    0  5.8 13 140   M    M   2        18 140
================================================================================
SM 1568 1076       619   0  2.64     0.8 261.7          M      143
================================================================================
AV 52.3 35.9                               8.7 FASTST   M    M   5    MAX(MPH)
                                 MISC ---->  # 33 260               # 41  260
================================================================================
NOTES:
# LAST OF SEVERAL OCCURRENCES

COLUMN 17 PEAK WIND IN M.P.H.

PRELIMINARY LOCAL CLIMATOLOGICAL DATA (WS FORM: F-6) , PAGE 2

                                          STATION:  BINGHAMTON NY
                                          MONTH:    NOVEMBER
                                          YEAR:     2015
                                          LATITUDE:   42 13 N
                                          LONGITUDE:  75 59 W

[TEMPERATURE DATA]      [PRECIPITATION DATA]       SYMBOLS USED IN COLUMN 16

AVERAGE MONTHLY: 44.1   TOTAL FOR MONTH:   2.64    1 = FOG OR MIST
DPTR FM NORMAL:   5.8   DPTR FM NORMAL:   -0.66    2 = FOG REDUCING VISIBILITY
HIGHEST:    73 ON  4    GRTST 24HR  2.05 ON 10-11      TO 1/4 MILE OR LESS
LOWEST:     19 ON 30                               3 = THUNDER
                        SNOW, ICE PELLETS, HAIL    4 = ICE PELLETS
                        TOTAL MONTH:   0.8 INCH    5 = HAIL
                        GRTST 24HR   0.6 ON  23    6 = FREEZING RAIN OR DRIZZLE
                        GRTST DEPTH:   T           7 = DUSTSTORM OR SANDSTORM:
                                                       VSBY 1/2 MILE OR LESS
                                                   8 = SMOKE OR HAZE
[NO. OF DAYS WITH]      [WEATHER - DAYS WITH]      9 = BLOWING SNOW
                                                   X = TORNADO
MAX 32 OR BELOW:   1    0.01 INCH OR MORE:   9
MAX 90 OR ABOVE:   0    0.10 INCH OR MORE:   4
MIN 32 OR BELOW:  13    0.50 INCH OR MORE:   1
MIN  0 OR BELOW:   0    1.00 INCH OR MORE:   1

[HDD (BASE 65) ]
TOTAL THIS MO.   619    CLEAR  (SCALE 0-3)  12
DPTR FM NORMAL  -184    PTCLDY (SCALE 4-7)   9
TOTAL FM JUL 1  1270    CLOUDY (SCALE 8-10)  9
DPTR FM NORMAL  -305

[CDD (BASE 65) ]
TOTAL THIS MO.     0
DPTR FM NORMAL     0    [PRESSURE DATA]
TOTAL FM JAN 1   443    HIGHEST SLP 30.73 ON 26
DPTR FM NORMAL    62    LOWEST  SLP 29.44 ON 12

[REMARKS]
#FINAL-11-15#
4TH WARMEST NOVEMBER
10TH LEAST NOVEMBER SNOWFALL
