000
CXUS51 KBGM 072050
CF6BGM
PRELIMINARY LOCAL CLIMATOLOGICAL DATA (WS FORM: F-6)

                                          STATION:   BINGHAMTON NY
                                          MONTH:     MAY
                                          YEAR:      2015
                                          LATITUDE:   42 13 N
                                          LONGITUDE:  75 59 W

  TEMPERATURE IN F:       :PCPN:    SNOW:  WIND      :SUNSHINE: SKY     :PK WND
================================================================================
1   2   3   4   5  6A  6B    7    8   9   10  11  12  13   14  15   16   17  18
                                     12Z  AVG MX 2MIN
DY MAX MIN AVG DEP HDD CDD  WTR  SNW DPTH SPD SPD DIR MIN PSBL S-S WX    SPD DR
================================================================================

 1  62  47  55   4  10   0    T  0.0    0  5.3 14  50   M    M   8        19  50
 2  69  46  58   7   7   0 0.00  0.0    0  6.7 18 280   M    M   2        27 280
 3  74  47  61   9   4   0 0.00  0.0    0  5.5 16 270   M    M   1        22 270
 4  80  53  67  15   0   2    T  0.0    0  9.8 21 230   M    M   4        30 240
 5  74  56  65  13   0   0 0.06  0.0    0  7.0 18 350   M    M   4 1      24 350
 6  66  51  59   6   6   0 0.15  0.0    0  4.4 13 170   M    M   6        18 170
 7  77  49  63  10   2   0 0.00  0.0    0  5.0 14 240   M    M   1        19 240
 8  85  60  73  20   0   8 0.00  0.0    0  5.3 13 260   M    M   0 8      17 170
 9  80  61  71  17   0   6 0.00  0.0    0 10.0 16 180   M    M   1        23 190
10  84  60  72  18   0   7 0.00  0.0    0  9.4 17 220   M    M   2 1      24 180
11  84  62  73  19   0   8 0.00  0.0    0  9.1 17 240   M    M   1 8      24 250
12  74  49  62   7   3   0 0.04  0.0    0 13.2 26 350   M    M   7 1      36 310
13  49  41  45 -10  20   0    T  0.0    0 10.6 21 320   M    M   8 1      30 330
14  64  36  50  -5  15   0 0.00  0.0    0  5.5 14  10   M    M   0        19 360
15  71  43  57   1   8   0 0.05  0.0    0  7.3 16 220   M    M   3 1      22 140
16  74  53  64   8   1   0 0.71  0.0    0  6.0 16 310   M    M   8 123    24 320
17  79  61  70  14   0   5 0.00  0.0    0  4.2  9 300   M    M   6 128    14 250
18  81  60  71  15   0   6 1.91  0.0    0  8.0 32 330   M    M   7 123    48 340
19  79  48  64   7   1   0 0.01  0.0    0  9.6 24 350   M    M   5 1      34 350
20  52  40  46 -11  19   0    T  0.0    0 11.2 21 320   M    M   6 1      31 310
21  56  41  49  -8  16   0 0.00  0.0    0  5.8 13 240   M    M   9        16 240
22  61  39  50  -8  15   0 0.00  0.0    0 10.4 23 340   M    M   2        30 340
23  62  32  47 -11  18   0 0.00  0.0    0  6.5 15 250   M    M   0        21 270
24  75  48  62   4   3   0 0.00  0.0    0  7.0 14 260   M    M   1 8      17 270
25  82  60  71  13   0   6    T  0.0    0  9.6 20 210   M    M   3        26 200
26  78  66  72  13   0   7    T  0.0    0  7.9 16 220   M    M   5        23 210
27  77  66  72  13   0   7 0.09  0.0    0  8.8 16 280   M    M   2        23 210
28  73  60  67   8   0   2 0.00  0.0    0  9.2 20 270   M    M   3 1      25 300
29  79  50  65   5   0   0 0.00  0.0    0  5.6 12 200   M    M   0 18     16 200
30  82  65  74  14   0   9 0.10  0.0    0  9.5 17 210   M    M   4 13     24 190
31  67  53  60   0   5   0 0.29  0.0    0  8.8 15  90   M    M  10 12     19  90
================================================================================
SM 2250 1603       153  73  3.41     0.0 242.2          M      119
================================================================================
AV 72.6 51.7                               7.8 FASTST   M    M   4    MAX(MPH)
                                 MISC ---->  # 32 330               # 48  340
================================================================================
NOTES:
# LAST OF SEVERAL OCCURRENCES

COLUMN 17 PEAK WIND IN M.P.H.

PRELIMINARY LOCAL CLIMATOLOGICAL DATA (WS FORM: F-6) , PAGE 2

                                          STATION:  BINGHAMTON NY
                                          MONTH:    MAY
                                          YEAR:     2015
                                          LATITUDE:   42 13 N
                                          LONGITUDE:  75 59 W

[TEMPERATURE DATA]      [PRECIPITATION DATA]       SYMBOLS USED IN COLUMN 16

AVERAGE MONTHLY: 62.1   TOTAL FOR MONTH:   3.41    1 = FOG OR MIST
DPTR FM NORMAL:   6.3   DPTR FM NORMAL:   -0.16    2 = FOG REDUCING VISIBILITY
HIGHEST:    85 ON  8    GRTST 24HR  1.92 ON 18-19      TO 1/4 MILE OR LESS
LOWEST:     32 ON 23                               3 = THUNDER
                        SNOW, ICE PELLETS, HAIL    4 = ICE PELLETS
                        TOTAL MONTH:   0.0 INCH    5 = HAIL
                        GRTST 24HR     0.0         6 = FREEZING RAIN OR DRIZZLE
                        GRTST DEPTH:   0           7 = DUSTSTORM OR SANDSTORM:
                                                       VSBY 1/2 MILE OR LESS
                                                   8 = SMOKE OR HAZE
[NO. OF DAYS WITH]      [WEATHER - DAYS WITH]      9 = BLOWING SNOW
                                                   X = TORNADO
MAX 32 OR BELOW:   0    0.01 INCH OR MORE:  10
MAX 90 OR ABOVE:   0    0.10 INCH OR MORE:   5
MIN 32 OR BELOW:   1    0.50 INCH OR MORE:   2
MIN  0 OR BELOW:   0    1.00 INCH OR MORE:   1

[HDD (BASE 65) ]
TOTAL THIS MO.   153    CLEAR  (SCALE 0-3)  15
DPTR FM NORMAL  -152    PTCLDY (SCALE 4-7)  14
TOTAL FM JUL 1  7458    CLOUDY (SCALE 8-10)  2
DPTR FM NORMAL   354

[CDD (BASE 65) ]
TOTAL THIS MO.    73
DPTR FM NORMAL    54    [PRESSURE DATA]
TOTAL FM JAN 1    73    HIGHEST SLP 30.47 ON 14
DPTR FM NORMAL    50    LOWEST  SLP 29.76 ON 12

[REMARKS]
#FINAL-05-15#
