000
CXUS51 KBGM 020034
CF6BGM
PRELIMINARY LOCAL CLIMATOLOGICAL DATA (WS FORM: F-6)

                                          STATION:   BINGHAMTON NY
                                          MONTH:     FEBRUARY
                                          YEAR:      2016
                                          LATITUDE:   42 13 N
                                          LONGITUDE:  75 59 W

  TEMPERATURE IN F:       :PCPN:    SNOW:  WIND      :SUNSHINE: SKY     :PK WND
================================================================================
1   2   3   4   5  6A  6B    7    8   9   10  11  12  13   14  15   16   17  18
                                     12Z  AVG MX 2MIN
DY MAX MIN AVG DEP HDD CDD  WTR  SNW DPTH SPD SPD DIR MIN PSBL S-S WX    SPD DR
================================================================================

 1  49  31  40  17  25   0 0.01  0.0    0  9.1 22 300   M    M   4        33 300
 2  42  26  34  11  31   0 0.00  0.0    0  5.6 22 160   M    M   2        30 150
 3  52  37  45  22  20   0 0.77  0.0    0 12.3 24 180   M    M   9 1      36 190
 4  48  30  39  16  26   0 0.00  0.0    0  8.1 17 280   M    M   9        25 270
 5  32  22  27   4  38   0    T    T    0 10.3 22 340   M    M   7        31 350
 6  39  20  30   7  35   0 0.00  0.0    0  8.8 20 240   M    M   5        29 260
 7  43  25  34  11  31   0 0.00  0.0    0  5.3 10 120   M    M   0        14 170
 8  38  26  32   8  33   0    T    T    0  8.3 16 140   M    M   4 1      20 130
 9  32  24  28   4  37   0 0.13  2.1    1  6.8 13 150   M    M  10 18     15 150
10  29  16  23  -1  42   0 0.04  1.3    1 10.6 21 280   M    M  10 128    28 280
11  16   6  11 -13  54   0 0.01  0.3    2 12.8 26 290   M    M   8 189    35 280
12  17   2  10 -14  55   0 0.01  0.1    1  9.1 17 230   M    M   5 18     23 210
13  12  -6   3 -21  62   0 0.03  1.1    2 15.4 23 310   M    M   9 189    35 310
14   6 -18  -6 -30  71   0    T    T    2  5.2 17 340   M    M   2 8      22 350
15  24  -2  11 -14  54   0 0.11  0.7    3 11.5 18 150   M    M   7 16     26 150
16  50  24  37  12  28   0 1.55  0.1    2 13.0 23 160   M    M  10 126    33 170
17  30  21  26   1  39   0 0.07  1.4    T  8.7 22 320   M    M  10 128    29 320
18  21  10  16  -9  49   0    T  0.2    1  9.0 17 350   M    M   3 18     23 330
19  33   7  20  -6  45   0    T    T    T 11.3 22 170   M    M   5        34 180
20  58  31  45  19  20   0 0.00  0.0    T 12.1 24 280   M    M   6        37 260
21  42  30  36  10  29   0 0.00  0.0    0  6.6 14 340   M    M   7        19 330
22  36  21  29   3  36   0 0.00  0.0    0  7.0 15 350   M    M   2        27 350
23  40  19  30   4  35   0 0.08    T    0 10.6 20 140   M    M   5 16     24 160
24  50  31  41  14  24   0 0.79  0.0    0 15.1 24 230   M    M  10 136    41 230
25  50  24  37  10  28   0 0.37  0.7    0 12.1 26 250   M    M  10 13     35 250
26  24  15  20  -7  45   0    T  0.2    1 13.2 24 300   M    M   7 18     38 290
27  34  16  25  -2  40   0    T    T    T 10.2 21 250   M    M   4        27 250
28  57  29  43  15  22   0 0.00  0.0    0 11.8 22 220   M    M   0        31 200
29  49  28  39  11  26   0 0.03  0.0    0 12.8 25 350   M    M   6 1      37 270
================================================================================
SM 1053  545      1080   0  4.00     8.2 292.7          M      176
================================================================================
AV 36.3 18.8                              10.1 FASTST   M    M   6    MAX(MPH)
                                 MISC ---->  # 26 290               # 41  230
================================================================================
NOTES:
# LAST OF SEVERAL OCCURRENCES

COLUMN 17 PEAK WIND IN M.P.H.

PRELIMINARY LOCAL CLIMATOLOGICAL DATA (WS FORM: F-6) , PAGE 2

                                          STATION:  BINGHAMTON NY
                                          MONTH:    FEBRUARY
                                          YEAR:     2016
                                          LATITUDE:   42 13 N
                                          LONGITUDE:  75 59 W

[TEMPERATURE DATA]      [PRECIPITATION DATA]       SYMBOLS USED IN COLUMN 16

AVERAGE MONTHLY: 27.6   TOTAL FOR MONTH:   4.00    1 = FOG OR MIST
DPTR FM NORMAL:   2.9   DPTR FM NORMAL:    1.69    2 = FOG REDUCING VISIBILITY
HIGHEST:    58 ON 20    GRTST 24HR  1.66 ON 15-16      TO 1/4 MILE OR LESS
LOWEST:    -18 ON 14                               3 = THUNDER
                        SNOW, ICE PELLETS, HAIL    4 = ICE PELLETS
                        TOTAL MONTH:   8.2 INCHES  5 = HAIL
                        GRTST 24HR   2.1 ON   M    6 = FREEZING RAIN OR DRIZZLE
                        GRTST DEPTH:   3 ON 15     7 = DUSTSTORM OR SANDSTORM:
                                                       VSBY 1/2 MILE OR LESS
                                                   8 = SMOKE OR HAZE
[NO. OF DAYS WITH]      [WEATHER - DAYS WITH]      9 = BLOWING SNOW
                                                   X = TORNADO
MAX 32 OR BELOW:  11    0.01 INCH OR MORE:  14
MAX 90 OR ABOVE:   0    0.10 INCH OR MORE:   6
MIN 32 OR BELOW:  28    0.50 INCH OR MORE:   3
MIN  0 OR BELOW:   3    1.00 INCH OR MORE:   1

[HDD (BASE 65) ]
TOTAL THIS MO.  1080    CLEAR  (SCALE 0-3)   5
DPTR FM NORMAL   -47    PTCLDY (SCALE 4-7)  15
TOTAL FM JUL 1  4358    CLOUDY (SCALE 8-10)  9
DPTR FM NORMAL  -878

[CDD (BASE 65) ]
TOTAL THIS MO.     0
DPTR FM NORMAL     0    [PRESSURE DATA]
TOTAL FM JAN 1     0    HIGHEST SLP 30.60 ON 18
DPTR FM NORMAL     0    LOWEST  SLP 29.15 ON 25

[REMARKS]
#FINAL-02-16#
