000
CXUS51 KBGM 030309 CCA
CF6BGM

PRELIMINARY LOCAL CLIMATOLOGICAL DATA (WS FORM: F-6)

                                          STATION:   BINGHAMTON NY
                                          MONTH:     NOVEMBER
                                          YEAR:      2016
                                          LATITUDE:   42 13 N
                                          LONGITUDE:  75 59 W

  TEMPERATURE IN F:       :PCPN:    SNOW:  WIND      :SUNSHINE: SKY     :PK WND
================================================================================
1   2   3   4   5  6A  6B    7    8   9   10  11  12  13   14  15   16   17  18
                                     12Z  AVG MX 2MIN
DY MAX MIN AVG DEP HDD CDD  WTR  SNW DPTH SPD SPD DIR MIN PSBL S-S WX    SPD DR
================================================================================

 1  51  27  39  -4  26   0 0.00  0.0    0  9.8 17 190   M    M   4        23 190
 2  66  44  55  12  10   0 0.00  0.0    0  4.5 10 340   M    M   4 1      15 350
 3  59  45  52   9  13   0 0.19  0.0    0  8.9 22 280   M    M   9 1      30 260
 4  47  34  41  -1  24   0    T  0.0    0  9.2 20 350   M    M   5 1      29 350
 5  53  36  45   3  20   0 0.00  0.0    0  7.6 16 280   M    M   7        21 300
 6  48  31  40  -2  25   0 0.00  0.0    0 10.6 21 350   M    M   4        27 360
 7  55  27  41   0  24   0 0.00  0.0    0  2.5  7 240   M    M   0         9 240
 8  61  33  47   6  18   0    T  0.0    0  4.0 10 250   M    M   1 8      12 260
 9  51  34  43   2  22   0 0.08  0.0    0  7.9 20 340   M    M  10 12     24 330
10  53  31  42   2  23   0 0.00  0.0    0  8.4 17 250   M    M   1        21 240
11  48  32  40   0  25   0    T  0.0    0 15.5 26 340   M    M   8        34 350
12  42  28  35  -5  30   0 0.00  0.0    0  8.5 18 350   M    M   2        27 350
13  56  32  44   5  21   0 0.00  0.0    0  9.4 17 280   M    M   0        21 280
14  54  34  44   5  21   0 0.00  0.0    0  7.2 12 220   M    M   0        15 240
15  51  38  45   6  20   0 0.12  0.0    0  3.8 13 360   M    M   8 1      17 360
16  53  36  45   7  20   0 0.02  0.0    0  6.1 14 320   M    M   6 1      19 310
17  47  37  42   4  23   0    T  0.0    0  5.6 14 340   M    M   7 1      18 350
18  63  30  47  10  18   0 0.00  0.0    0  3.8  8 220   M    M   0 12     11 250
19  66  31  49  12  16   0 0.24  4.0    0 10.1 29 290   M    M   3 1      37 280
20  31  24  28  -9  37   0 0.39 10.2    5 15.0 28 320   M    M  10 12     42 300
21  26  23  25 -11  40   0 0.41 10.5   12 17.2 29 280   M    M  10 12     42 310
22  28  24  26 -10  39   0 0.17  2.9   15 11.7 22 330   M    M  10 128    35 300
23  32  23  28  -8  37   0    T  0.0   10  6.6 18 330   M    M   6 6      26 330
24  35  28  32  -3  33   0 0.16    T    8  8.1 15 150   M    M  10 126    19 140
25  45  35  40   5  25   0 0.02  0.0    5  4.4 10 350   M    M  10 1      13 270
26  36  32  34   0  31   0 0.07    T    2  5.8 10 280   M    M  10 12     14 280
27  37  30  34   0  31   0    T    T    1  7.1 14 290   M    M   9 1      20 310
28  46  27  37   3  28   0 0.00  0.0    T  7.2 16 160   M    M   3 1      22 180
29  51  39  45  12  20   0 0.09  0.0    0  9.5 18 170   M    M   9 1      26 160
30  50  43  47  14  18   0 0.15  0.0    0 12.4 30 140   M    M  10 12     40 140
================================================================================
SM 1441  968       738   0  2.11    27.6 248.4          M      176
================================================================================
AV 48.0 32.3                               8.3 FASTST   M    M   6    MAX(MPH)
                                 MISC ---->  # 30 140               # 42  300
================================================================================
NOTES:
# LAST OF SEVERAL OCCURRENCES

COLUMN 17 PEAK WIND IN M.P.H.

PRELIMINARY LOCAL CLIMATOLOGICAL DATA (WS FORM: F-6) , PAGE 2

                                          STATION:  BINGHAMTON NY
                                          MONTH:    NOVEMBER
                                          YEAR:     2016
                                          LATITUDE:   42 13 N
                                          LONGITUDE:  75 59 W

[TEMPERATURE DATA]      [PRECIPITATION DATA]       SYMBOLS USED IN COLUMN 16

AVERAGE MONTHLY: 40.2   TOTAL FOR MONTH:   2.11    1 = FOG OR MIST
DPTR FM NORMAL:   1.9   DPTR FM NORMAL:   -1.19    2 = FOG REDUCING VISIBILITY
HIGHEST:    66 ON 19, 2 GRTST 24HR  1.23 ON 20-21      TO 1/4 MILE OR LESS
LOWEST:     23 ON 23,21                            3 = THUNDER
                        SNOW, ICE PELLETS, HAIL    4 = ICE PELLETS
                        TOTAL MONTH:  27.6 INCHES  5 = HAIL
                        GRTST 24HR  12.9 ON 20-21  6 = FREEZING RAIN OR DRIZZLE
                        GRTST DEPTH:  15 ON 22     7 = DUSTSTORM OR SANDSTORM:
                                                       VSBY 1/2 MILE OR LESS
                                                   8 = SMOKE OR HAZE
[NO. OF DAYS WITH]      [WEATHER - DAYS WITH]      9 = BLOWING SNOW
                                                   X = TORNADO
MAX 32 OR BELOW:   4    0.01 INCH OR MORE:  13
MAX 90 OR ABOVE:   0    0.10 INCH OR MORE:   8
MIN 32 OR BELOW:  17    0.50 INCH OR MORE:   0
MIN  0 OR BELOW:   0    1.00 INCH OR MORE:   0

[HDD (BASE 65) ]
TOTAL THIS MO.   738    CLEAR  (SCALE 0-3)   9
DPTR FM NORMAL   -65    PTCLDY (SCALE 4-7)   8
TOTAL FM JUL 1  1349    CLOUDY (SCALE 8-10) 13
DPTR FM NORMAL  -226

[CDD (BASE 65) ]
TOTAL THIS MO.     0
DPTR FM NORMAL     0    [PRESSURE DATA]
TOTAL FM JAN 1   563    HIGHEST SLP 30.51 ON  7
DPTR FM NORMAL   182    LOWEST  SLP 29.42 ON 30

[REMARKS]
2ND GREATEST NOVEMBER MONTHLY SNOWFALL
#FINAL-11-16#
