000
CXUS51 KBGM 011617 CCA
CF6BGM
PRELIMINARY LOCAL CLIMATOLOGICAL DATA (WS FORM: F-6)
STATION: BINGHAMTON NY
MONTH: NOVEMBER
YEAR: 2020
LATITUDE: 42 13 N
LONGITUDE: 75 59 W
TEMPERATURE IN F: :PCPN: SNOW: WIND :SUNSHINE: SKY :PK WND
================================================================================
1 2 3 4 5 6A 6B 7 8 9 10 11 12 13 14 15 16 17 18
12Z AVG MX 2MIN
DY MAX MIN AVG DEP HDD CDD WTR SNW DPTH SPD SPD DIR MIN PSBL S-S WX SPD DR
================================================================================
1 45 31 38 -5 27 0 0.18 T 0 12.5 23 290 M M 8 1 32 290
2 37 25 31 -12 34 0 0.10 1.5 1 16.4 26 280 M M 9 128 40 300
3 42 31 37 -6 28 0 0.00 0.0 T 11.3 25 270 M M 6 35 270
4 61 32 47 5 18 0 0.00 0.0 0 9.5 17 200 M M 0 24 230
5 66 47 57 15 8 0 0.00 0.0 0 9.1 15 200 M M M 21 230
6 67 50 59 17 6 0 0.00 0.0 0 8.0 17 270 M M 0 22 250
7 67 48 58 17 7 0 0.00 0.0 0 6.7 9 230 M M 0 14 260
8 69 45 57 16 8 0 0.00 0.0 0 2.3 8 240 M M 0 10 260
9 71 45 58 17 7 0 0.00 0.0 0 4.2 10 210 M M 0 14 220
10 71 53 62 22 3 0 0.00 0.0 0 8.4 15 210 M M 0 19 210
11 63 51 57 17 8 0 1.00 0.0 0 8.8 16 340 M M 7 1 22 230
12 51 31 41 1 24 0 0.00 0.0 0 10.0 17 10 M M 6 24 350
13 47 28 38 -1 27 0 0.00 0.0 0 6.5 13 270 M M 6 12 18 230
14 43 30 37 -2 28 0 0.00 0.0 0 7.1 16 310 M M 3 23 300
15 49 29 39 0 26 0 0.30 0.0 0 14.2 32 280 M M 7 1 44 250
16 42 32 37 -1 28 0 0.00 0.0 0 15.0 30 250 M M 9 45 250
17 35 24 30 -8 35 0 0.07 0.6 T 9.1 24 310 M M 9 128 34 300
18 25 19 22 -15 43 0 0.03 1.0 1 9.0 22 340 M M 9 18 28 350
19 45 22 34 -3 31 0 0.00 0.0 T 9.1 18 200 M M 0 29 190
20 60 40 50 13 15 0 T 0.0 0 10.4 18 230 M M 2 8 25 230
21 50 32 41 5 24 0 0.00 0.0 0 8.8 15 330 M M 6 21 350
22 43 28 36 0 29 0 0.02 T 0 8.8 18 160 M M 7 1 26 140
23 50 32 41 5 24 0 0.44 T 0 11.3 24 330 M M 10 1 36 350
24 36 30 33 -2 32 0 0.01 T T 8.0 17 310 M M 8 1 24 290
25 43 33 38 3 27 0 0.28 0.0 0 9.8 18 160 M M 7 1 27 170
26 53 41 47 13 18 0 0.24 0.0 0 8.1 16 130 M M 10 12 20 230
27 48 40 44 10 21 0 0.02 0.0 0 3.3 10 320 M M 10 1 14 310
28 41 32 37 3 28 0 0.01 0.0 0 8.0 18 290 M M 7 1 24 280
29 48 31 40 7 25 0 0.00 0.0 0 7.7 14 220 M M 0 16 220
30 53 36 45 12 20 0 0.38 0.0 0 10.2 22 130 M M 8 1 29 120
================================================================================
SM 1521 1048 659 0 3.08 3.1 271.6 M 154
================================================================================
AV 50.7 34.9 9.1 FASTST M M 5 MAX(MPH)
MISC ----> # 32 280 # 45 250
================================================================================
NOTES:
# LAST OF SEVERAL OCCURRENCES
COLUMN 17 PEAK WIND IN M.P.H.
PRELIMINARY LOCAL CLIMATOLOGICAL DATA (WS FORM: F-6) , PAGE 2
STATION: BINGHAMTON NY
MONTH: NOVEMBER
YEAR: 2020
LATITUDE: 42 13 N
LONGITUDE: 75 59 W
[TEMPERATURE DATA] [PRECIPITATION DATA] SYMBOLS USED IN COLUMN 16
AVERAGE MONTHLY: 42.8 TOTAL FOR MONTH: 3.08 1 = FOG OR MIST
DPTR FM NORMAL: 4.5 DPTR FM NORMAL: -0.22 2 = FOG REDUCING VISIBILITY
HIGHEST: 71 ON 10, 9 GRTST 24HR 1.00 ON 11-11 TO 1/4 MILE OR LESS
LOWEST: 19 ON 18 3 = THUNDER
SNOW, ICE PELLETS, HAIL 4 = ICE PELLETS
TOTAL MONTH: 3.1 INCHES 5 = HAIL
GRTST 24HR 1.6 ON 17-18 6 = FREEZING RAIN OR DRIZZLE
GRTST DEPTH: 1 ON 18, 2 7 = DUSTSTORM OR SANDSTORM:
17 VSBY 1/2 MILE OR LESS
8 = SMOKE OR HAZE
[NO. OF DAYS WITH] [WEATHER - DAYS WITH] 9 = BLOWING SNOW
X = TORNADO
MAX 32 OR BELOW: 1 0.01 INCH OR MORE: 14
MAX 90 OR ABOVE: 0 0.10 INCH OR MORE: 8
MIN 32 OR BELOW: 18 0.50 INCH OR MORE: 1
MIN 0 OR BELOW: 0 1.00 INCH OR MORE: 1
[HDD (BASE 65) ]
TOTAL THIS MO. 659 CLEAR (SCALE 0-3) 10
DPTR FM NORMAL -144 PTCLDY (SCALE 4-7) 11
TOTAL FM JUL 1 1321 CLOUDY (SCALE 8-10) 8
DPTR FM NORMAL -254
[CDD (BASE 65) ]
TOTAL THIS MO. 0
DPTR FM NORMAL 0 [PRESSURE DATA]
TOTAL FM JAN 1 573 HIGHEST SLP 30.55 ON 18
DPTR FM NORMAL 192 LOWEST SLP 29.30 ON 30
[REMARKS]
#FINAL-11-20#
7TH WARMEST NOVEMBER
CORRECTED GREATEST 24 HOUR SNOWFALL
ADDED DAY 17 TO GREATEST SNOW DEPTH