000
CXUS51 KBGM 050306
CF6BGM
PRELIMINARY LOCAL CLIMATOLOGICAL DATA (WS FORM: F-6)

                                          STATION:   BINGHAMTON NY
                                          MONTH:     APRIL
                                          YEAR:      2011
                                          LATITUDE:   42 13 N
                                          LONGITUDE:  75 59 W

  TEMPERATURE IN F:       :PCPN:    SNOW:  WIND      :SUNSHINE: SKY     :PK WND
================================================================================
1   2   3   4   5  6A  6B    7    8   9   10  11  12  13   14  15   16   17  18
                                     12Z  AVG MX 2MIN
DY MAX MIN AVG DEP HDD CDD  WTR  SNW DPTH SPD SPD DIR MIN PSBL S-S WX    SPD DR
================================================================================

 1  36  32  34  -4  31   0 0.16  0.9    1  8.3 18 320   M    M  10 128    25 300
 2  48  28  38  -1  27   0    T    T    T 11.2 25 340   M    M   4        35 350
 3  49  32  41   2  24   0 0.06    T    0  8.4 23 280   M    M   3 1      30 280
 4  58  33  46   6  19   0 0.58  0.1    0 12.4 22 150   M    M   6 1236   30 160
 5  55  30  43   3  22   0 0.56  0.9    0 12.6 23 280   M    M  10 12     31 270
 6  41  27  34  -6  31   0 0.19  0.7    0  6.6 21 250   M    M   6 128    28 250
 7  49  32  41   0  24   0 0.00  0.0    T  4.9 12 330   M    M   7 12     15 350
 8  51  30  41   0  24   0 0.00  0.0    0  4.6 12 140   M    M   2        14 150
 9  55  35  45   4  20   0 0.00  0.0    0  4.6 13 230   M    M   6 18     29 310
10  60  44  52  10  13   0 0.00  0.0    0  8.5 18 190   M    M   7 18     26 190
11  75  53  64  22   1   0    T  0.0    0 12.2 23 290   M    M   7 138    37 280
12  55  41  48   5  17   0 0.04  0.0    0 10.1 21 340   M    M   8        28 340
13  46  41  44   1  21   0 0.82  0.0    0  7.1 22 130   M    M  10 1      28 120
14  59  37  48   5  17   0 0.00  0.0    0  9.2 20 360   M    M   5 18     24 360
15  52  29  41  -3  24   0 0.00  0.0    0  8.7 18 160   M    M   2        26 160
16  47  35  41  -3  24   0 1.09  0.0    0 20.0 37 130   M    M   7 1      48 130
17  50  34  42  -3  23   0 0.12    T    0 13.5 33 250   M    M   9 18     51 230
18  46  32  39  -6  26   0 0.10    T    0  8.0 22 270   M    M   5 128    29 250
19  42  34  38  -7  27   0 0.22  0.0    0  8.4 15 130   M    M  10 12     20 130
20  69  42  56  10   9   0 0.04  0.0    0 14.0 29 240   M    M   8 18     37 260
21  42  29  36 -10  29   0 0.01    T    0 13.8 25 300   M    M   9 18     41 290
22  45  29  37 -10  28   0 0.07    T    0  8.7 20 150   M    M   6 18     32  60
23  56  34  45  -2  20   0 0.65  0.0    0 10.5 23 150   M    M   9 18     31 150
24  56  48  52   4  13   0 0.11  0.0    0  3.2 15 350   M    M   9 128    20 350
25  59  47  53   5  12   0 0.95  0.0    0  4.8 18 310   M    M  10 1238   23 300
26  81  54  68  20   0   3 1.14    T    0  9.0 22 260   M    M   5 12358  30 190
27  76  57  67  18   0   2 0.45  0.0    0 10.1 23 210   M    M   7 1238   33 240
28  72  44  58   9   7   0 1.09  0.0    0 14.0 26 240   M    M   4 138    38 210
29  52  40  46  -4  19   0 0.10  0.0    0  7.5 21 270   M    M   7 18     25 270
30  61  40  51   1  14   0 0.00  0.0    0  8.4 17 330   M    M   4 1      26  10
================================================================================
SM 1643 1123       566   5  8.55     2.6 283.3          M      202
================================================================================
AV 54.8 37.4                               9.4 FASTST   M    M   7    MAX(MPH)
                                 MISC ---->  # 37 130               # 51  230
================================================================================
NOTES:
# LAST OF SEVERAL OCCURRENCES

COLUMN 17 PEAK WIND IN M.P.H.

PRELIMINARY LOCAL CLIMATOLOGICAL DATA (WS FORM: F-6) , PAGE 2

                                          STATION:  BINGHAMTON NY
                                          MONTH:    APRIL
                                          YEAR:     2011
                                          LATITUDE:   42 13 N
                                          LONGITUDE:  75 59 W

[TEMPERATURE DATA]      [PRECIPITATION DATA]       SYMBOLS USED IN COLUMN 16

AVERAGE MONTHLY: 46.1   TOTAL FOR MONTH:   8.55    1 = FOG OR MIST
DPTR FM NORMAL:   2.0   DPTR FM NORMAL:    5.06    2 = FOG REDUCING VISIBILITY
HIGHEST:    81 ON 26    GRTST 24HR  1.66 ON 25-26      TO 1/4 MILE OR LESS
LOWEST:     27 ON  6                               3 = THUNDER
                        SNOW, ICE PELLETS, HAIL    4 = ICE PELLETS
                        TOTAL MONTH:   2.6 INCHES  5 = HAIL
                        GRTST 24HR   0.9 ON   M    6 = FREEZING RAIN OR DRIZZLE
                        GRTST DEPTH:   1 ON  1     7 = DUSTSTORM OR SANDSTORM:
                                                       VSBY 1/2 MILE OR LESS
                                                   8 = SMOKE OR HAZE
[NO. OF DAYS WITH]      [WEATHER - DAYS WITH]      9 = BLOWING SNOW
                                                   X = TORNADO
MAX 32 OR BELOW:   0    0.01 INCH OR MORE:  21
MAX 90 OR ABOVE:   0    0.10 INCH OR MORE:  16
MIN 32 OR BELOW:  11    0.50 INCH OR MORE:   8
MIN  0 OR BELOW:   0    1.00 INCH OR MORE:   3

[HDD (BASE 65) ]
TOTAL THIS MO.   566    CLEAR  (SCALE 0-3)   3
DPTR FM NORMAL   -51    PTCLDY (SCALE 4-7)  18
TOTAL FM JUL 1  6870    CLOUDY (SCALE 8-10)  9
DPTR FM NORMAL    15

[CDD (BASE 65) ]
TOTAL THIS MO.     5
DPTR FM NORMAL     1    [PRESSURE DATA]
TOTAL FM JAN 1     5    HIGHEST SLP 30.47 ON 22
DPTR FM NORMAL     0    LOWEST  SLP 29.25 ON  5

[REMARKS]
#FINAL-04-11#
