000
CXUS51 KBGM 061625
CF6BGM
PRELIMINARY LOCAL CLIMATOLOGICAL DATA (WS FORM: F-6)

                                          STATION:   BINGHAMTON NY
                                          MONTH:     NOVEMBER
                                          YEAR:      2010
                                          LATITUDE:   42 13 N
                                          LONGITUDE:  75 59 W

  TEMPERATURE IN F:       :PCPN:    SNOW:  WIND      :SUNSHINE: SKY     :PK WND
================================================================================
1   2   3   4   5  6A  6B    7    8   9   10  11  12  13   14  15   16   17  18
                                     12Z  AVG MX 2MIN
DY MAX MIN AVG DEP HDD CDD  WTR  SNW DPTH SPD SPD DIR MIN PSBL S-S WX    SPD DR
================================================================================

 1  35  30  33 -10  32   0 0.00  0.0    0  9.0 14 350   M    M  10        18 350
 2  45  29  37  -5  28   0 0.00  0.0    0  4.9 14  10   M    M   3 8      17  10
 3  49  26  38  -4  27   0 0.00  0.0    0  6.6 15 160   M    M   0        22 170
 4  42  38  40  -2  25   0 0.61  0.0    0  7.6 15 350   M    M   9 1      18 340
 5  41  35  38  -3  27   0 0.16    T    0  7.7 16 270   M    M   M 1      25 300
 6  40  30  35  -6  30   0    T    T    0  8.0 18 350   M    M  10 1      21 350
 7  43  28  36  -5  29   0 0.00  0.0    0  6.4 15 310   M    M   3 1      21 340
 8  43  32  38  -2  27   0 0.03  0.0    0 14.4 20 330   M    M   7 1      37 340
 9  43  34  39  -1  26   0 0.00  0.0    0 12.2 17 350   M    M   9 1      22 350
10  54  35  45   5  20   0 0.00  0.0    0  9.2 16 350   M    M   2        18 360
11  58  32  45   6  20   0 0.00  0.0    0  4.7  9  60   M    M   0        22 200
12  62  31  47   8  18   0 0.00  0.0    0  1.6  6 220   M    M   0         8 230
13  60  34  47   8  18   0 0.00  0.0    0  3.0  7 240   M    M   0        10 240
14  60  38  49  11  16   0    T  0.0    0  8.1 16 170   M    M   3        23 200
15  50  41  46   8  19   0    T  0.0    0  2.5 12 340   M    M   8 18     14 340
16  52  40  46   9  19   0 0.38  0.0    0 10.3 26 150   M    M  10 18     37 140
17  53  39  46   9  19   0 0.81  0.0    0 15.9 32 280   M    M   8 13     48 270
18  45  32  39   2  26   0    T    T    0  7.6 15 280   M    M   6 1      21 290
19  37  28  33  -3  32   0 0.01    T    0  7.1 14 300   M    M   5 18     20 290
20  49  33  41   5  24   0 0.01  0.0    0  9.9 23 280   M    M   6 8      30 280
21  42  27  35  -1  30   0 0.00  0.0    0  7.3 14 160   M    M   2        21 150
22  53  37  45  10  20   0 0.08  0.0    0  9.2 16 210   M    M   9 18     26 180
23  60  34  47  12  18   0 0.06  0.0    0  9.6 23 320   M    M   5 18     30 320
24  38  27  33  -2  32   0    T    T    0 10.7 23 350   M    M   4        36 330
25  36  25  31  -3  34   0 0.06  0.1    0  6.9 16 150   M    M   7 1      24 170
26  40  25  33  -1  32   0 0.52  0.0    0 10.5 18 280   M    M   8 1      26 310
27  32  27  30  -3  35   0 0.02  0.5    0 14.0 30 270   M    M  10 12     38 280
28  38  29  34   1  31   0 0.00  0.0    T  4.2 12 280   M    M   9        16 270
29  43  23  33   0  32   0 0.00  0.0    0  8.1 26 310   M    M   0        41 320
30  53  33  43  11  22   0 0.39  0.0    0 16.2 25 150   M    M   9 1      36 160
================================================================================
SM 1396  952       768   0  3.14     0.6 253.4          M      162
================================================================================
AV 46.5 31.7                               8.4 FASTST   M    M   6    MAX(MPH)
                                 MISC ---->  # 32 280               # 48  270
================================================================================
NOTES:
# LAST OF SEVERAL OCCURRENCES

COLUMN 17 PEAK WIND IN M.P.H.

PRELIMINARY LOCAL CLIMATOLOGICAL DATA (WS FORM: F-6) , PAGE 2

                                          STATION:  BINGHAMTON NY
                                          MONTH:    NOVEMBER
                                          YEAR:     2010
                                          LATITUDE:   42 13 N
                                          LONGITUDE:  75 59 W

[TEMPERATURE DATA]      [PRECIPITATION DATA]       SYMBOLS USED IN COLUMN 16

AVERAGE MONTHLY: 39.1   TOTAL FOR MONTH:   3.14    1 = FOG OR MIST
DPTR FM NORMAL:   1.5   DPTR FM NORMAL:   -0.18    2 = FOG REDUCING VISIBILITY
HIGHEST:    62 ON 12    GRTST 24HR  1.19 ON 16-17      TO 1/4 MILE OR LESS
LOWEST:     23 ON 29                               3 = THUNDER
                        SNOW, ICE PELLETS, HAIL    4 = ICE PELLETS
                        TOTAL MONTH:   0.6 INCH    5 = HAIL
                        GRTST 24HR   0.5 ON 27-27  6 = FREEZING RAIN OR DRIZZLE
                        GRTST DEPTH:   T           7 = DUSTSTORM OR SANDSTORM:
                                                       VSBY 1/2 MILE OR LESS
                                                   8 = SMOKE OR HAZE
[NO. OF DAYS WITH]      [WEATHER - DAYS WITH]      9 = BLOWING SNOW
                                                   X = TORNADO
MAX 32 OR BELOW:   1    0.01 INCH OR MORE:  13
MAX 90 OR ABOVE:   0    0.10 INCH OR MORE:   6
MIN 32 OR BELOW:  17    0.50 INCH OR MORE:   3
MIN  0 OR BELOW:   0    1.00 INCH OR MORE:   0

[HDD (BASE 65) ]
TOTAL THIS MO.   768    CLEAR  (SCALE 0-3)   9
DPTR FM NORMAL   -44    PTCLDY (SCALE 4-7)   9
TOTAL FM JUL 1  1437    CLOUDY (SCALE 8-10) 11
DPTR FM NORMAL  -156

[CDD (BASE 65) ]
TOTAL THIS MO.     0
DPTR FM NORMAL     0    [PRESSURE DATA]
TOTAL FM JAN 1   622    HIGHEST SLP 30.52 ON 29
DPTR FM NORMAL   226    LOWEST  SLP 29.39 ON 17

[REMARKS]
#FINAL-11-10#
