000
CXUS51 KBGM 031939
CF6BGM
PRELIMINARY LOCAL CLIMATOLOGICAL DATA (WS FORM: F-6)

                                          STATION:   BINGHAMTON NY
                                          MONTH:     FEBRUARY
                                          YEAR:      2011
                                          LATITUDE:   42 13 N
                                          LONGITUDE:  75 59 W

  TEMPERATURE IN F:       :PCPN:    SNOW:  WIND      :SUNSHINE: SKY     :PK WND
================================================================================
1   2   3   4   5  6A  6B    7    8   9   10  11  12  13   14  15   16   17  18
                                     12Z  AVG MX 2MIN
DY MAX MIN AVG DEP HDD CDD  WTR  SNW DPTH SPD SPD DIR MIN PSBL S-S WX    SPD DR
================================================================================

 1  22  14  18  -4  47   0 0.56  4.3   11  7.6 13 110   M    M  10 126    15 110
 2  37  18  28   6  37   0 0.57  2.3   13 12.8 28 270   M    M  10 1268   39 280
 3  24  13  19  -3  46   0 0.07  0.3   14  8.6 20 320   M    M   4 128    33 300
 4  30  13  22   0  43   0 0.00  0.0   14 10.4 21 250   M    M   0        28 260
 5  34  22  28   6  37   0 0.50    T   13  8.7 23 280   M    M   9 1268   32 310
 6  33  26  30   8  35   0    T  0.3   12  7.5 25 300   M    M  10 18     36 300
 7  36  27  32  10  33   0 0.23  2.1   11  5.3 12 180   M    M  10 128    16 210
 8  32   7  20  -2  45   0 0.14  1.6   13 12.1 22 310   M    M   8 1289   33 340
 9  22   2  12 -10  53   0 0.00  0.0   13 10.7 18 230   M    M   1        24 220
10  18   6  12 -11  53   0 0.00  0.0   12  8.1 15 270   M    M   1        28 290
11  22   5  14  -9  51   0 0.00  0.0   12  8.1 18 260   M    M   1        23 250
12  29  18  24   1  41   0    T    T   12 12.9 26 290   M    M  10 128    37 280
13  42  15  29   6  36   0 0.05  1.0   12 10.6 18 230   M    M   7 128    25 220
14  47  22  35  12  30   0 0.02  1.0   12 17.7 32 270   M    M   6 1      44 310
15  22  11  17  -7  48   0    T  0.2   12 10.5 26 320   M    M   3 18     37 330
16  41  14  28   4  37   0 0.01    T   12  8.1 17 200   M    M   4        25 210
17  55  40  48  24  17   0    T  0.0   11  6.9 10 210   M    M   4        15 220
18  58  39  49  25  16   0 0.00  0.0    7 16.1 36 270   M    M   5        51 280
19  39  14  27   3  38   0 0.06  2.2    3 18.2 33 300   M    M  10 129    48 290
20  29  13  21  -4  44   0 0.08  1.2    5  9.1 25 330   M    M   7 18     33 340
21  23   7  15 -10  50   0 0.39  3.5    8 10.5 21 350   M    M   6 12     24 350
22  22   2  12 -13  53   0 0.00  0.0    8  7.1 15  10   M    M   2        21  10
23  35   3  19  -7  46   0 0.00  0.0    8  2.2  7 360   M    M   0 1       8 260
24  36  18  27   1  38   0    T    T    7  5.4 13 200   M    M   6 18     18 200
25  32  21  27   1  38   0 1.08  8.8    9 11.6 29 350   M    M  10 12     39 350
26  26  11  19  -7  46   0 0.11  1.1   11  6.3 14 240   M    M   5 1      18 270
27  36  26  31   4  34   0 0.09  0.8   12  7.9 14 160   M    M   8 18     17 150
28  44  27  36   9  29   0 0.96    T    9 15.2 26 140   M    M   9 18     37 330
================================================================================
SM  926  454      1121   0  4.92    30.7 276.2          M      166
================================================================================
AV 33.1 16.2                               9.9 FASTST   M    M   6    MAX(MPH)
                                 MISC ---->  # 36 270               # 51  280
================================================================================
NOTES:
# LAST OF SEVERAL OCCURRENCES

COLUMN 17 PEAK WIND IN M.P.H.

PRELIMINARY LOCAL CLIMATOLOGICAL DATA (WS FORM: F-6) , PAGE 2

                                          STATION:  BINGHAMTON NY
                                          MONTH:    FEBRUARY
                                          YEAR:     2011
                                          LATITUDE:   42 13 N
                                          LONGITUDE:  75 59 W

[TEMPERATURE DATA]      [PRECIPITATION DATA]       SYMBOLS USED IN COLUMN 16

AVERAGE MONTHLY: 24.6   TOTAL FOR MONTH:   4.92    1 = FOG OR MIST
DPTR FM NORMAL:   0.8   DPTR FM NORMAL:    2.46    2 = FOG REDUCING VISIBILITY
HIGHEST:    58 ON 18    GRTST 24HR  1.08 ON 25-25      TO 1/4 MILE OR LESS
LOWEST:      2 ON 22, 9                            3 = THUNDER
                        SNOW, ICE PELLETS, HAIL    4 = ICE PELLETS
                        TOTAL MONTH:  30.7 INCHES  5 = HAIL
                        GRTST 24HR   8.8 ON   M    6 = FREEZING RAIN OR DRIZZLE
                        GRTST DEPTH:  14 ON  4, 3  7 = DUSTSTORM OR SANDSTORM:
                                                       VSBY 1/2 MILE OR LESS
                                                   8 = SMOKE OR HAZE
[NO. OF DAYS WITH]      [WEATHER - DAYS WITH]      9 = BLOWING SNOW
                                                   X = TORNADO
MAX 32 OR BELOW:  14    0.01 INCH OR MORE:  16
MAX 90 OR ABOVE:   0    0.10 INCH OR MORE:   9
MIN 32 OR BELOW:  26    0.50 INCH OR MORE:   5
MIN  0 OR BELOW:   0    1.00 INCH OR MORE:   1

[HDD (BASE 65) ]
TOTAL THIS MO.  1121    CLEAR  (SCALE 0-3)   7
DPTR FM NORMAL   -35    PTCLDY (SCALE 4-7)  10
TOTAL FM JUL 1  5256    CLOUDY (SCALE 8-10) 11
DPTR FM NORMAL    15

[CDD (BASE 65) ]
TOTAL THIS MO.     0
DPTR FM NORMAL     0    [PRESSURE DATA]
TOTAL FM JAN 1     0    HIGHEST SLP 30.48 ON 15
DPTR FM NORMAL     0    LOWEST  SLP 29.35 ON  5

[REMARKS]
#FINAL-02-11#
