000
CXUS51 KBGM 091943
CF6BGM
PRELIMINARY LOCAL CLIMATOLOGICAL DATA (WS FORM: F-6)

                                          STATION:   BINGHAMTON NY
                                          MONTH:     JANUARY
                                          YEAR:      2011
                                          LATITUDE:   42 13 N
                                          LONGITUDE:  75 59 W

  TEMPERATURE IN F:       :PCPN:    SNOW:  WIND      :SUNSHINE: SKY     :PK WND
================================================================================
1   2   3   4   5  6A  6B    7    8   9   10  11  12  13   14  15   16   17  18
                                     12Z  AVG MX 2MIN
DY MAX MIN AVG DEP HDD CDD  WTR  SNW DPTH SPD SPD DIR MIN PSBL S-S WX    SPD DR
================================================================================

 1  52  36  44  21  21   0    T  0.0    T  7.1 13 180   M    M   5 18     18 180
 2  47  21  34  11  31   0 0.14    T    0  8.4 18 330   M    M   8 128    24 290
 3  27  16  22  -1  43   0    T  0.2    T  8.8 17 280   M    M   6 1      25 280
 4  36  23  30   7  35   0    T  0.2    T  8.0 16 280   M    M   8 18     22 280
 5  29  16  23   0  42   0 0.01  0.1    T  8.6 17 300   M    M   8 18     25 300
 6  24  12  18  -4  47   0 0.02  0.4    T  5.0 12 160   M    M   7 18     15 170
 7  23  11  17  -5  48   0 0.21  3.8    2  6.5 16 280   M    M   8 128    21 290
 8  21  10  16  -6  49   0 0.04  0.7    3  4.4 14 330   M    M   8 18     21 340
 9  21  17  19  -3  46   0    T  0.8    4 14.2 24 280   M    M   9 18     31 300
10  22  16  19  -3  46   0 0.01  0.3    4  9.2 17 340   M    M   9 18     25 340
11  22  17  20  -2  45   0 0.24  2.7    3  5.1 10 110   M    M   8 12     14 120
12  22  16  19  -3  46   0 0.12  3.2    6 10.7 24 330   M    M  10 12     32 320
13  17   9  13  -9  52   0    T  0.6    8  9.2 21 320   M    M  10 18     28 340
14  21  10  16  -6  49   0 0.01  0.5    8  2.7 10 340   M    M   9 18     15 350
15  27  12  20  -2  45   0 0.01  0.4    7  9.9 22 220   M    M   9 18     30 230
16  24   8  16  -5  49   0 0.01  0.1    7  9.9 20 280   M    M   8 8      25 280
17  21   1  11 -10  54   0    T    T    7  6.9 15 170   M    M   5 8      20 160
18  32  19  26   5  39   0 0.30  1.9    8  6.1 15 160   M    M  10 126    22 150
19  32  21  27   6  38   0 0.06  0.8    7  6.1 13 300   M    M  10 12     17 310
20  22  13  18  -3  47   0 0.11  1.2    7  7.2 18 290   M    M   8 18     30 290
21  20   6  13  -8  52   0 0.23  2.6   11 11.2 25 280   M    M   7 18     35 280
22  16   0   8 -13  57   0 0.01    T   11  6.5 13 280   M    M   1 8      17 280
23  12  -4   4 -17  61   0    T    T   10  9.6 22 320   M    M   3 18     29 330
24  14  -7   4 -17  61   0 0.02  0.3   10  4.8 12 190   M    M   3 18     16 190
25  28  13  21   0  44   0 0.03  0.5   10  5.1 12 220   M    M  10 18     16 220
26  32  24  28   7  37   0 0.00  0.0   10  5.8 15 360   M    M   9 18     20 360
27  29  24  27   6  38   0 0.03  0.8    9  6.0 15 340   M    M  10 128    22 290
28  28  20  24   3  41   0 0.05  1.5   10  5.2 13 310   M    M  10 18     16 310
29  26  20  23   2  42   0 0.03  0.5   10  4.0 12 280   M    M   9 18     14 270
30  26  15  21  -1  44   0    T  0.3   10  6.2 15 320   M    M   9 18     21 320
31  19   4  12 -10  53   0 0.02  0.6   10  5.7 14 320   M    M   3 18     18 320
================================================================================
SM  792  419      1402   0  1.71    25.0 224.1          M      237
================================================================================
AV 25.5 13.5                               7.2 FASTST   M    M   8    MAX(MPH)
                                 MISC ---->  # 25 280               # 35  280
================================================================================
NOTES:
# LAST OF SEVERAL OCCURRENCES

COLUMN 17 PEAK WIND IN M.P.H.

PRELIMINARY LOCAL CLIMATOLOGICAL DATA (WS FORM: F-6) , PAGE 2

                                          STATION:  BINGHAMTON NY
                                          MONTH:    JANUARY
                                          YEAR:     2011
                                          LATITUDE:   42 13 N
                                          LONGITUDE:  75 59 W

[TEMPERATURE DATA]      [PRECIPITATION DATA]       SYMBOLS USED IN COLUMN 16

AVERAGE MONTHLY: 19.5   TOTAL FOR MONTH:   1.71    1 = FOG OR MIST
DPTR FM NORMAL:  -2.2   DPTR FM NORMAL:   -0.87    2 = FOG REDUCING VISIBILITY
HIGHEST:    52 ON  1    GRTST 24HR  0.35 ON 11-12      TO 1/4 MILE OR LESS
LOWEST:     -7 ON 24                               3 = THUNDER
                        SNOW, ICE PELLETS, HAIL    4 = ICE PELLETS
                        TOTAL MONTH:  25.0 INCHES  5 = HAIL
                        GRTST 24HR   3.8 ON   M    6 = FREEZING RAIN OR DRIZZLE
                        GRTST DEPTH:  11 ON 22,21  7 = DUSTSTORM OR SANDSTORM:
                                                       VSBY 1/2 MILE OR LESS
                                                   8 = SMOKE OR HAZE
[NO. OF DAYS WITH]      [WEATHER - DAYS WITH]      9 = BLOWING SNOW
                                                   X = TORNADO
MAX 32 OR BELOW:  28    0.01 INCH OR MORE:  22
MAX 90 OR ABOVE:   0    0.10 INCH OR MORE:   7
MIN 32 OR BELOW:  30    0.50 INCH OR MORE:   0
MIN  0 OR BELOW:   3    1.00 INCH OR MORE:   0

[HDD (BASE 65) ]
TOTAL THIS MO.  1402    CLEAR  (SCALE 0-3)   1
DPTR FM NORMAL    71    PTCLDY (SCALE 4-7)  14
TOTAL FM JUL 1  4135    CLOUDY (SCALE 8-10) 16
DPTR FM NORMAL    50

[CDD (BASE 65) ]
TOTAL THIS MO.     0
DPTR FM NORMAL     0    [PRESSURE DATA]
TOTAL FM JAN 1     0    HIGHEST SLP 30.53 ON 31
DPTR FM NORMAL     0    LOWEST  SLP 29.36 ON  7

[REMARKS]
#FINAL-01-11#
