000
CXUS51 KBGM 070445
CF6BGM
PRELIMINARY LOCAL CLIMATOLOGICAL DATA (WS FORM: F-6)

                                          STATION:   BINGHAMTON NY
                                          MONTH:     SEPTEMBER
                                          YEAR:      2010
                                          LATITUDE:   42 13 N
                                          LONGITUDE:  75 59 W

  TEMPERATURE IN F:       :PCPN:    SNOW:  WIND      :SUNSHINE: SKY     :PK WND
================================================================================
1   2   3   4   5  6A  6B    7    8   9   10  11  12  13   14  15   16   17  18
                                     12Z  AVG MX 2MIN
DY MAX MIN AVG DEP HDD CDD  WTR  SNW DPTH SPD SPD DIR MIN PSBL S-S WX    SPD DR
================================================================================

 1  87  64  76  13   0  11 0.00  0.0    0  3.8 13 250   M    M   0 18     16 260
 2  87  67  77  14   0  12 0.00  0.0    0  6.5 14 220   M    M   1 8      21 220
 3  86  63  75  12   0  10    T  0.0    0  5.9 16 330   M    M   2 18     21 320
 4  67  50  59  -3   6   0    T  0.0    0 12.6 29 270   M    M   5        38 270
 5  65  48  57  -5   8   0    T  0.0    0  9.7 20 260   M    M   5        26 280
 6  75  50  63   1   2   0    T  0.0    0  7.7 15 230   M    M   3        23 230
 7  83  62  73  11   0   8 0.00  0.0    0 10.4 18 220   M    M   2        25 230
 8  77  55  66   5   0   1 0.03  0.0    0 12.0 23 240   M    M   8 13     31 270
 9  55  53  54  -7  11   0    T  0.0    0 10.1 20 300   M    M  10 18     26 300
10  63  53  58  -3   7   0 0.03  0.0    0  9.4 18 360   M    M   9 1      28 360
11  70  47  59  -1   6   0 0.00  0.0    0  5.1 10 160   M    M   0 12     15 160
12  59  54  57  -3   8   0 0.02  0.0    0  7.2 17 140   M    M   8 1      22 160
13  71  53  62   2   3   0 0.09  0.0    0  5.7 13 220   M    M   6 13     18 160
14  65  49  57  -2   8   0 0.00  0.0    0  7.6 18 300   M    M   5 1      24 290
15  62  45  54  -5  11   0 0.00  0.0    0  6.8 15 340   M    M   3 18     22 290
16  63  43  53  -6  12   0 0.24  0.0    0  8.9 20 150   M    M   5 1      28 150
17  61  49  55  -4  10   0 0.01  0.0    0  8.8 18 320   M    M   9 1      24 320
18  68  44  56  -2   9   0 0.00  0.0    0  4.9 12 250   M    M   4        17 240
19  66  51  59   1   6   0    T  0.0    0  5.0 12 330   M    M   7 1      16 330
20  63  46  55  -2  10   0 0.00  0.0    0  9.6 21 350   M    M   1 1      24 360
21  71  38  55  -2  10   0 0.00  0.0    0  7.2 17 210   M    M   1 1      30 310
22  79  59  69  12   0   4 0.02  0.0    0  6.2 13 330   M    M   5 1      17 350
23  75  53  64   8   1   0 0.00  0.0    0  4.9 12 200   M    M   2 18     18 200
24  88  65  77  21   0  12 0.00  0.0    0 10.7 22 230   M    M   2 18     31 240
25  76  50  63   7   2   0 0.00  0.0    0  9.5 22 280   M    M   5        26 280
26  64  48  56   1   9   0 0.00  0.0    0  4.5 12 350   M    M   1        14 350
27  67  50  59   4   6   0 0.45  0.0    0 10.8 17 120   M    M   9 1      22 110
28  77  56  67  12   0   2 0.08  0.0    0 11.0 30 160   M    M   7 1      45 140
29  67  51  59   5   6   0 0.00  0.0    0  4.7 10 230   M    M   3        15 210
30  70  54  62   8   3   0 4.24  0.0    0  8.1 20 330   M    M  10 12     28 340
================================================================================
SM 2127 1570       154  60  5.21     0.0 235.3          M      138
================================================================================
AV 70.9 52.3                               7.8 FASTST   M    M   5    MAX(MPH)
                                 MISC ---->  # 30 160               # 45  140
================================================================================
NOTES:
# LAST OF SEVERAL OCCURRENCES

COLUMN 17 PEAK WIND IN M.P.H.

PRELIMINARY LOCAL CLIMATOLOGICAL DATA (WS FORM: F-6) , PAGE 2

                                          STATION:  BINGHAMTON NY
                                          MONTH:    SEPTEMBER
                                          YEAR:     2010
                                          LATITUDE:   42 13 N
                                          LONGITUDE:  75 59 W

[TEMPERATURE DATA]      [PRECIPITATION DATA]       SYMBOLS USED IN COLUMN 16

AVERAGE MONTHLY: 61.6   TOTAL FOR MONTH:   5.21    1 = FOG OR MIST
DPTR FM NORMAL:   2.8   DPTR FM NORMAL:    1.62    2 = FOG REDUCING VISIBILITY
HIGHEST:    88 ON 24    GRTST 24HR  4.24 ON 30-30      TO 1/4 MILE OR LESS
LOWEST:     38 ON 21                               3 = THUNDER
                        SNOW, ICE PELLETS, HAIL    4 = ICE PELLETS
                        TOTAL MONTH:   0.0 INCH    5 = HAIL
                        GRTST 24HR     0.0         6 = FREEZING RAIN OR DRIZZLE
                        GRTST DEPTH:   0           7 = DUSTSTORM OR SANDSTORM:
                                                       VSBY 1/2 MILE OR LESS
                                                   8 = SMOKE OR HAZE
[NO. OF DAYS WITH]      [WEATHER - DAYS WITH]      9 = BLOWING SNOW
                                                   X = TORNADO
MAX 32 OR BELOW:   0    0.01 INCH OR MORE:  10
MAX 90 OR ABOVE:   0    0.10 INCH OR MORE:   3
MIN 32 OR BELOW:   0    0.50 INCH OR MORE:   1
MIN  0 OR BELOW:   0    1.00 INCH OR MORE:   1

[HDD (BASE 65) ]
TOTAL THIS MO.   154    CLEAR  (SCALE 0-3)  12
DPTR FM NORMAL   -48    PTCLDY (SCALE 4-7)  12
TOTAL FM JUL 1   180    CLOUDY (SCALE 8-10)  6
DPTR FM NORMAL   -87

[CDD (BASE 65) ]
TOTAL THIS MO.    60
DPTR FM NORMAL    28    [PRESSURE DATA]
TOTAL FM JAN 1   622    HIGHEST SLP 30.27 ON 18
DPTR FM NORMAL   228    LOWEST  SLP 29.50 ON 30

[REMARKS]
#FINAL-09-10#
