000
CXUS51 KBGM 021801
CF6BGM
PRELIMINARY LOCAL CLIMATOLOGICAL DATA (WS FORM: F-6)

                                          STATION:   BINGHAMTON NY
                                          MONTH:     DECEMBER
                                          YEAR:      2010
                                          LATITUDE:   42 13 N
                                          LONGITUDE:  75 59 W

  TEMPERATURE IN F:       :PCPN:    SNOW:  WIND      :SUNSHINE: SKY     :PK WND
================================================================================
1   2   3   4   5  6A  6B    7    8   9   10  11  12  13   14  15   16   17  18
                                     12Z  AVG MX 2MIN
DY MAX MIN AVG DEP HDD CDD  WTR  SNW DPTH SPD SPD DIR MIN PSBL S-S WX    SPD DR
================================================================================

 1  57  27  42  10  23   0 1.10  0.6    0 14.9 32 150   M    M  10 12     46 150
 2  30  22  26  -6  39   0    T    T    T  7.3 16 260   M    M   8 8      21 270
 3  32  22  27  -4  38   0    T    T    T  6.0 13 330   M    M   7 18     17 330
 4  30  22  26  -5  39   0 0.04  1.6    T  9.2 21 340   M    M   9 128    28 340
 5  25  19  22  -8  43   0 0.12  6.2    4 12.5 23 300   M    M  10 1      30 310
 6  23  20  22  -8  43   0 0.26  9.1    7 12.9 25 300   M    M  10 12     35 300
 7  24  20  22  -8  43   0 0.08  4.8   10 12.6 22 300   M    M  10 18     33 280
 8  24  13  19 -10  46   0    T    T    8 11.0 24 280   M    M   7 8      31 280
 9  19   9  14 -15  51   0    T    T    6  6.8 13 300   M    M   2 18     18 300
10  27   6  17 -12  48   0 0.03  1.2    5  9.5 20 190   M    M   8 18     28 180
11  35  22  29   1  36   0 0.00  0.0    5  6.4 14 220   M    M   1 18     18 220
12  48  32  40  12  25   0 0.19  0.0    3 16.9 29 140   M    M  10 1      40 150
13  37  10  24  -4  41   0 0.05  1.6    T 11.6 20 310   M    M  10 1      28 310
14  13   8  11 -16  54   0 0.04  1.3    2 12.7 23 310   M    M   9 189    32 300
15  19  12  16 -11  49   0 0.04  1.3    3 12.3 20 300   M    M  10 128    30 280
16  24  14  19  -8  46   0 0.01  0.9    3  9.8 18 250   M    M   7 1      25 280
17  29  13  21  -6  44   0 0.01  0.5    3  7.8 16 280   M    M   8 18     22 280
18  29  19  24  -2  41   0 0.00  0.0    3  6.5 14 250   M    M   4 18     21 240
19  28  12  20  -6  45   0 0.00  0.0    3  2.6  9 350   M    M   2 18     10 360
20  25  20  23  -3  42   0 0.02  0.4    2  9.2 21 340   M    M  10 18     26 350
21  23  21  22  -3  43   0    T    T    3 12.1 24 340   M    M  10 18     33 340
22  26  22  24  -1  41   0 0.01  0.2    2 10.6 20 330   M    M  10 168    28 330
23  24  20  22  -3  43   0    T  0.4    2 15.1 24 330   M    M  10 189    35 350
24  23  20  22  -3  43   0    T    T    2 10.0 21 330   M    M  10 18     28 320
25  23  17  20  -5  45   0 0.02  0.4    2  5.7 12 360   M    M   9 18     15 350
26  17  10  14 -10  51   0    T    T    2 13.9 29 350   M    M  10 18     35 360
27  20  11  16  -8  49   0 0.02  2.1    3 19.2 33 340   M    M   9 12     46 340
28  29  20  25   1  40   0    T  0.1    4 11.6 23 300   M    M   9 168    32 290
29  29  20  25   1  40   0    T    T    4  6.0 18 310   M    M   8 18     25 300
30  37  17  27   4  38   0 0.00  0.0    3  3.7 10 210   M    M   2 128    13 220
31  45  31  38  15  27   0 0.00  0.0    2  5.8 12 220   M    M   6 8      15 230
================================================================================
SM  874  551      1296   0  2.04    32.7 312.2          M      245
================================================================================
AV 28.2 17.8                              10.1 FASTST   M    M   8    MAX(MPH)
                                 MISC ---->  # 33 340               # 46  150
================================================================================
NOTES:
# LAST OF SEVERAL OCCURRENCES

COLUMN 17 PEAK WIND IN M.P.H.

PRELIMINARY LOCAL CLIMATOLOGICAL DATA (WS FORM: F-6) , PAGE 2

                                          STATION:  BINGHAMTON NY
                                          MONTH:    DECEMBER
                                          YEAR:     2010
                                          LATITUDE:   42 13 N
                                          LONGITUDE:  75 59 W

[TEMPERATURE DATA]      [PRECIPITATION DATA]       SYMBOLS USED IN COLUMN 16

AVERAGE MONTHLY: 23.0   TOTAL FOR MONTH:   2.04    1 = FOG OR MIST
DPTR FM NORMAL:  -4.1   DPTR FM NORMAL:   -0.99    2 = FOG REDUCING VISIBILITY
HIGHEST:    57 ON  1    GRTST 24HR  1.34 ON 30- 1      TO 1/4 MILE OR LESS
LOWEST:      6 ON 10                               3 = THUNDER
                        SNOW, ICE PELLETS, HAIL    4 = ICE PELLETS
                        TOTAL MONTH:  32.7 INCHES  5 = HAIL
                        GRTST 24HR   9.1 ON   M    6 = FREEZING RAIN OR DRIZZLE
                        GRTST DEPTH:  10 ON  7     7 = DUSTSTORM OR SANDSTORM:
                                                       VSBY 1/2 MILE OR LESS
                                                   8 = SMOKE OR HAZE
[NO. OF DAYS WITH]      [WEATHER - DAYS WITH]      9 = BLOWING SNOW
                                                   X = TORNADO
MAX 32 OR BELOW:  25    0.01 INCH OR MORE:  16
MAX 90 OR ABOVE:   0    0.10 INCH OR MORE:   4
MIN 32 OR BELOW:  31    0.50 INCH OR MORE:   1
MIN  0 OR BELOW:   0    1.00 INCH OR MORE:   1

[HDD (BASE 65) ]
TOTAL THIS MO.  1296    CLEAR  (SCALE 0-3)   4
DPTR FM NORMAL   135    PTCLDY (SCALE 4-7)   6
TOTAL FM JUL 1  2733    CLOUDY (SCALE 8-10) 21
DPTR FM NORMAL   -21

[CDD (BASE 65) ]
TOTAL THIS MO.     0
DPTR FM NORMAL     0    [PRESSURE DATA]
TOTAL FM JAN 1   622    HIGHEST SLP 30.37 ON 10
DPTR FM NORMAL   226    LOWEST  SLP 29.15 ON 13

[REMARKS]
#FINAL-12-10#
