000
CXUS51 KBGM 010952
CF6BGM
PRELIMINARY LOCAL CLIMATOLOGICAL DATA (WS FORM: F-6)

                                          STATION:   BINGHAMTON NY
                                          MONTH:     JULY
                                          YEAR:      2010
                                          LATITUDE:   42 13 N
                                          LONGITUDE:  75 59 W

  TEMPERATURE IN F:       :PCPN:    SNOW:  WIND      :SUNSHINE: SKY     :PK WND
================================================================================
1   2   3   4   5  6A  6B    7    8   9   10  11  12  13   14  15   16   17  18
                                     12Z  AVG MX 2MIN
DY MAX MIN AVG DEP HDD CDD  WTR  SNW DPTH SPD SPD DIR MIN PSBL S-S WX    SPD DR
================================================================================

 1  67  51  59  -8   6   0 0.00  0.0    0  9.8 23 350   M    M   5        32 340
 2  73  50  62  -6   3   0 0.00  0.0    0  5.7 15  10   M    M   2        28 340
 3  83  53  68   0   0   3 0.00  0.0    0  4.8 12 250   M    M   0        18 250
 4  86  61  74   6   0   9 0.00  0.0    0  5.3 13 260   M    M   0        17 280
 5  90  64  77   9   0  12 0.00  0.0    0  4.9 13 290   M    M   1        16 290
 6  91  71  81  13   0  16 0.00  0.0    0  4.3 12  10   M    M   2 18     16 300
 7  90  71  81  13   0  16 0.00  0.0    0  4.4 13 350   M    M   0 8      16 290
 8  92  68  80  12   0  15 0.00  0.0    0  3.9 15 150   M    M   1 138    20 160
 9  84  67  76   7   0  11    T  0.0    0  8.7 15 150   M    M   6 18     22 150
10  81  64  73   4   0   8 0.28  0.0    0  5.9 13 340   M    M   5 1      16 320
11  83  60  72   3   0   7 0.00  0.0    0  4.1 10 280   M    M   1        17  10
12  86  61  74   5   0   9 0.01  0.0    0  7.6 22 220   M    M   3 1      29 220
13  78  65  72   3   0   7 0.01  0.0    0  5.9 12 220   M    M   6 1      17 170
14  81  68  75   6   0  10 0.01  0.0    0  6.5 20 340   M    M   5 128    24 340
15  86  65  76   7   0  11 0.00  0.0    0  3.9  8 200   M    M   4 12     12 180
16  85  66  76   7   0  11    T  0.0    0  9.0 18 260   M    M   1 8      23 250
17  90  65  78   9   0  13 0.17  0.0    0 10.9 23 260   M    M   3 38     33 260
18  82  66  74   5   0   9    T  0.0    0  6.3 17 300   M    M   2 13     22 300
19  87  65  76   7   0  11 0.18  0.0    0  7.3 24 320   M    M   2 13     37 300
20  81  63  72   3   0   7    T  0.0    0  3.3 10 270   M    M   4 128    14 270
21  86  63  75   6   0  10 0.45    T    0  5.6 23 360   M    M   5 135    28 360
22  81  60  71   2   0   6 0.00  0.0    0  7.6 18 290   M    M   2 1      25 300
23  81  62  72   3   0   7 1.51  0.0    0  5.1 17 340   M    M   6 1238   21 340
24  86  70  78   9   0  13 0.14  0.0    0  9.1 17 280   M    M   5 1      24 280
25  75  61  68  -1   0   3 0.11  0.0    0  7.2 17 330   M    M   4 1      31 350
26  78  59  69   0   0   4 0.00  0.0    0  8.6 17 330   M    M   2 1      23 320
27  82  58  70   1   0   5 0.00  0.0    0  4.7 12 250   M    M   1        15 280
28  85  64  75   6   0  10 0.09  0.0    0  9.0 18 250   M    M   2 1      24 220
29  77  60  69   0   0   4 0.04  0.0    0  8.8 20 360   M    M   5 1      24 360
30  74  55  65  -4   0   0 0.00  0.0    0  6.7 16 350   M    M   3        21 350
31  76  50  63  -6   2   0 0.00  0.0    0  3.8  8 150   M    M   1        15 130
================================================================================
SM 2557 1926        11 247  3.00    T    198.7          M       89
================================================================================
AV 82.5 62.1                               6.4 FASTST   M    M   3    MAX(MPH)
                                 MISC ---->  # 24 320               # 37  300
================================================================================
NOTES:
# LAST OF SEVERAL OCCURRENCES

COLUMN 17 PEAK WIND IN M.P.H.

PRELIMINARY LOCAL CLIMATOLOGICAL DATA (WS FORM: F-6) , PAGE 2

                                          STATION:  BINGHAMTON NY
                                          MONTH:    JULY
                                          YEAR:     2010
                                          LATITUDE:   42 13 N
                                          LONGITUDE:  75 59 W

[TEMPERATURE DATA]      [PRECIPITATION DATA]       SYMBOLS USED IN COLUMN 16

AVERAGE MONTHLY: 72.3   TOTAL FOR MONTH:   3.00    1 = FOG OR MIST
DPTR FM NORMAL:   3.6   DPTR FM NORMAL:   -0.49    2 = FOG REDUCING VISIBILITY
HIGHEST:    92 ON  8    GRTST 24HR  1.51 ON 23-23      TO 1/4 MILE OR LESS
LOWEST:     50 ON 31, 2                            3 = THUNDER
                        SNOW, ICE PELLETS, HAIL    4 = ICE PELLETS
                        TOTAL MONTH:    T          5 = HAIL
                        GRTST 24HR    T  ON 21-21  6 = FREEZING RAIN OR DRIZZLE
                        GRTST DEPTH:   0           7 = DUSTSTORM OR SANDSTORM:
                                                       VSBY 1/2 MILE OR LESS
                                                   8 = SMOKE OR HAZE
[NO. OF DAYS WITH]      [WEATHER - DAYS WITH]      9 = BLOWING SNOW
                                                   X = TORNADO
MAX 32 OR BELOW:   0    0.01 INCH OR MORE:  12
MAX 90 OR ABOVE:   5    0.10 INCH OR MORE:   7
MIN 32 OR BELOW:   0    0.50 INCH OR MORE:   1
MIN  0 OR BELOW:   0    1.00 INCH OR MORE:   1

[HDD (BASE 65) ]
TOTAL THIS MO.    11    CLEAR  (SCALE 0-3)  19
DPTR FM NORMAL   -11    PTCLDY (SCALE 4-7)  12
TOTAL FM JUL 1    11    CLOUDY (SCALE 8-10)  0
DPTR FM NORMAL   -11

[CDD (BASE 65) ]
TOTAL THIS MO.   247
DPTR FM NORMAL    94    [PRESSURE DATA]
TOTAL FM JAN 1   407    HIGHEST SLP 30.30 ON  2
DPTR FM NORMAL   153    LOWEST  SLP 29.74 ON 19

[REMARKS]
#FINAL-07-10#
