000
CXUS51 KBGM 040209
CF6BGM
PRELIMINARY LOCAL CLIMATOLOGICAL DATA (WS FORM: F-6)

                                          STATION:   BINGHAMTON NY
                                          MONTH:     OCTOBER
                                          YEAR:      2010
                                          LATITUDE:   42 13 N
                                          LONGITUDE:  75 59 W

  TEMPERATURE IN F:       :PCPN:    SNOW:  WIND      :SUNSHINE: SKY     :PK WND
================================================================================
1   2   3   4   5  6A  6B    7    8   9   10  11  12  13   14  15   16   17  18
                                     12Z  AVG MX 2MIN
DY MAX MIN AVG DEP HDD CDD  WTR  SNW DPTH SPD SPD DIR MIN PSBL S-S WX    SPD DR
================================================================================

 1  61  47  54   1  11   0 0.65  0.0    0 11.3 24 360   M    M   8 1      31 230
 2  58  43  51  -2  14   0 0.00  0.0    0  6.8 14 250   M    M   4        33  90
 3  59  39  49  -4  16   0 0.00  0.0    0  8.0 15  40   M    M   0        24 350
 4  46  42  44  -8  21   0 0.46  0.0    0  7.7 15  10   M    M  10 1      22  10
 5  51  46  49  -3  16   0 0.42  0.0    0  6.3 13  30   M    M  10 1      17  20
 6  59  48  54   2  11   0 0.07  0.0    0  5.2 15 130   M    M   9 12     21 130
 7  62  48  55   4  10   0 0.06  0.0    0 11.3 23 300   M    M   5 1      32 300
 8  70  42  56   5   9   0 0.00  0.0    0  9.9 20 280   M    M   0        28 290
 9  60  41  51   0  14   0 0.00  0.0    0  8.6 20 350   M    M   0        28 340
10  67  34  51   1  14   0 0.00  0.0    0  5.4 14 240   M    M   0        18 220
11  66  46  56   6   9   0 0.12  0.0    0  5.3 13 270   M    M   5 12     23 270
12  58  40  49   0  16   0 0.02  0.0    0  6.8 20 340   M    M   6 12     24 330
13  60  32  46  -3  19   0 0.00  0.0    0  1.6  8 260   M    M   0 18     16 120
14  51  38  45  -4  20   0 0.39  0.0    0  5.7 15 180   M    M   5 1      20 180
15  44  42  43  -5  22   0 0.32  0.0    0 14.3 25 320   M    M  10 1      37 330
16  53  38  46  -2  19   0    T  0.0    0 12.6 22 340   M    M   6        32 310
17  60  38  49   1  16   0 0.00  0.0    0  9.0 20 320   M    M   4        29 330
18  51  37  44  -3  21   0 0.00  0.0    0  7.1 20 290   M    M   2        26 280
19  52  36  44  -3  21   0 0.01  0.0    0  5.3 15 270   M    M   8        18 270
20  57  38  48   1  17   0 0.00  0.0    0  8.2 16 230   M    M   0        22 240
21  50  36  43  -3  22   0 0.12  0.0    0 10.9 23 280   M    M  10 1      32 270
22  44  33  39  -7  26   0    T    T    0  9.9 22 280   M    M   7        33 330
23  56  35  46   0  19   0 0.04  0.0    0  5.8 12 240   M    M   9 1      14 250
24  62  47  55  10  10   0 0.05  0.0    0  5.7 12 220   M    M   3 1      16 220
25  66  53  60  15   5   0 0.50  0.0    0  5.9 13 210   M    M   4 12     18 200
26  72  55  64  19   1   0 0.36  0.0    0  9.1 24 270   M    M   6 128    32 270
27  66  56  61  17   4   0 0.11  0.0    0  7.4 16 230   M    M   6 1      21 230
28  62  45  54  10  11   0 0.00  0.0    0 12.0 30 250   M    M   5        39 260
29  46  35  41  -3  24   0 0.01  0.0    0 10.9 23 310   M    M   9 18     33 300
30  47  33  40  -3  25   0    T  0.0    0 10.4 16 220   M    M   2        23 210
31  47  31  39  -4  26   0 0.01    T    0  9.5 18 320   M    M   9 18     24 320
================================================================================
SM 1763 1274       489   0  3.72    T    253.9          M      162
================================================================================
AV 56.9 41.1                               8.2 FASTST   M    M   5    MAX(MPH)
                                 MISC ---->  # 30 250               # 39  260
================================================================================
NOTES:
# LAST OF SEVERAL OCCURRENCES

COLUMN 17 PEAK WIND IN M.P.H.

PRELIMINARY LOCAL CLIMATOLOGICAL DATA (WS FORM: F-6) , PAGE 2

                                          STATION:  BINGHAMTON NY
                                          MONTH:    OCTOBER
                                          YEAR:     2010
                                          LATITUDE:   42 13 N
                                          LONGITUDE:  75 59 W

[TEMPERATURE DATA]      [PRECIPITATION DATA]       SYMBOLS USED IN COLUMN 16

AVERAGE MONTHLY: 49.0   TOTAL FOR MONTH:   3.72    1 = FOG OR MIST
DPTR FM NORMAL:   0.9   DPTR FM NORMAL:    0.70    2 = FOG REDUCING VISIBILITY
HIGHEST:    72 ON 26    GRTST 24HR  4.68 ON 30- 1      TO 1/4 MILE OR LESS
LOWEST:     31 ON 31                               3 = THUNDER
                        SNOW, ICE PELLETS, HAIL    4 = ICE PELLETS
                        TOTAL MONTH:    T          5 = HAIL
                        GRTST 24HR    T  ON 31-31  6 = FREEZING RAIN OR DRIZZLE
                        GRTST DEPTH:   0           7 = DUSTSTORM OR SANDSTORM:
                                                       VSBY 1/2 MILE OR LESS
                                                   8 = SMOKE OR HAZE
[NO. OF DAYS WITH]      [WEATHER - DAYS WITH]      9 = BLOWING SNOW
                                                   X = TORNADO
MAX 32 OR BELOW:   0    0.01 INCH OR MORE:  18
MAX 90 OR ABOVE:   0    0.10 INCH OR MORE:  10
MIN 32 OR BELOW:   2    0.50 INCH OR MORE:   2
MIN  0 OR BELOW:   0    1.00 INCH OR MORE:   0

[HDD (BASE 65) ]
TOTAL THIS MO.   489    CLEAR  (SCALE 0-3)   8
DPTR FM NORMAL   -25    PTCLDY (SCALE 4-7)  15
TOTAL FM JUL 1   669    CLOUDY (SCALE 8-10)  8
DPTR FM NORMAL  -112

[CDD (BASE 65) ]
TOTAL THIS MO.     0
DPTR FM NORMAL    -2    [PRESSURE DATA]
TOTAL FM JAN 1   622    HIGHEST SLP 30.28 ON  3
DPTR FM NORMAL   226    LOWEST  SLP 29.48 ON 21

[REMARKS]
#FINAL-10-10#
