000
CXUS51 KBGM 031904
CF6BGM
PRELIMINARY LOCAL CLIMATOLOGICAL DATA (WS FORM: F-6)

                                          STATION:   BINGHAMTON NY
                                          MONTH:     JUNE
                                          YEAR:      2010
                                          LATITUDE:   42 13 N
                                          LONGITUDE:  75 59 W

  TEMPERATURE IN F:       :PCPN:    SNOW:  WIND      :SUNSHINE: SKY     :PK WND
================================================================================
1   2   3   4   5  6A  6B    7    8   9   10  11  12  13   14  15   16   17  18
                                     12Z  AVG MX 2MIN
DY MAX MIN AVG DEP HDD CDD  WTR  SNW DPTH SPD SPD DIR MIN PSBL S-S WX    SPD DR
================================================================================

 1  76  62  69   8   0   4 0.14  0.0    0  7.1 17 280   M    M   5 1238   24 310
 2  80  55  68   7   0   3 0.00  0.0    0  7.7 15 190   M    M   1        22 190
 3  75  62  69   8   0   4    T  0.0    0  6.6 16 280   M    M   8 18     23 280
 4  78  60  69   8   0   4    T  0.0    0  4.5 10 220   M    M   4 18     15 340
 5  82  65  74  12   0   9 0.31  0.0    0  8.9 22 330   M    M   5 138    31 320
 6  75  47  61  -1   4   0 1.56  0.0    0 10.4 26 310   M    M   9 1238   37 310
 7  66  47  57  -5   8   0 0.00  0.0    0  8.0 21 340   M    M   5        26 340
 8  64  46  55  -7  10   0 0.00  0.0    0  8.1 20 350   M    M   2        26 340
 9  57  47  52 -10  13   0 0.85  0.0    0  8.6 17 130   M    M   7 12     23 140
10  69  51  60  -3   5   0 0.01  0.0    0  8.5 21 360   M    M   7 12     25 350
11  73  48  61  -2   4   0 0.00  0.0    0  4.0 13 270   M    M   2 12     16 260
12  81  60  71   8   0   6 0.86  0.0    0  4.6 21 360   M    M   7 1238   31 360
13  75  63  69   6   0   4 0.27  0.0    0  5.1 12 320   M    M  10 12     15 330
14  73  61  67   3   0   2    T  0.0    0  6.0 13 360   M    M   9 1      16 360
15  75  53  64   0   1   0 0.00  0.0    0  3.8 14 350   M    M   1        16 360
16  70  57  64   0   1   0 0.18  0.0    0  9.2 18 200   M    M   7 18     29 200
17  64  54  59  -5   6   0    T  0.0    0 10.5 20 280   M    M   7 1      26 310
18  78  51  65   1   0   0 0.00  0.0    0  4.0 10 190   M    M   1 1      13 200
19  82  61  72   7   0   7 0.00  0.0    0  8.1 16 220   M    M   1 3      23 240
20  80  67  74   9   0   9 0.00  0.0    0  5.9 16 310   M    M   3 138    24 300
21  76  60  68   3   0   3 0.00  0.0    0  6.3 14 340   M    M   1        18 320
22  72  59  66   1   0   1 0.08  0.0    0  6.5 14 200   M    M   4 18     20 210
23  83  65  74   8   0   9    T  0.0    0  8.0 16 310   M    M   5 1      23 310
24  80  64  72   6   0   7 0.03  0.0    0 11.3 26 340   M    M   5 18     36 350
25  78  59  69   3   0   4 0.00  0.0    0  5.5 13 270   M    M   3 1      17 280
26  73  57  65  -1   0   0 0.01  0.0    0  3.3 10 260   M    M   3 18     14 260
27  84  60  72   6   0   7 0.26  0.0    0  6.4 15 250   M    M   4 18     20 250
28  78  66  72   5   0   7 0.46  0.0    0  9.2 17 260   M    M   5 128    23 220
29  72  53  63  -4   2   0 0.00  0.0    0  8.4 20 330   M    M   4 12     25 350
30  67  46  57 -10   8   0 0.00  0.0    0  7.7 20 270   M    M   3        26 270
================================================================================
SM 2236 1706        62  90  5.02     0.0 212.2          M      138
================================================================================
AV 74.5 56.9                               7.1 FASTST   M    M   5    MAX(MPH)
                                 MISC ---->  # 26 310               # 37  310
================================================================================
NOTES:
# LAST OF SEVERAL OCCURRENCES

COLUMN 17 PEAK WIND IN M.P.H.

PRELIMINARY LOCAL CLIMATOLOGICAL DATA (WS FORM: F-6) , PAGE 2

                                          STATION:  BINGHAMTON NY
                                          MONTH:    JUNE
                                          YEAR:     2010
                                          LATITUDE:   42 13 N
                                          LONGITUDE:  75 59 W

[TEMPERATURE DATA]      [PRECIPITATION DATA]       SYMBOLS USED IN COLUMN 16

AVERAGE MONTHLY: 65.7   TOTAL FOR MONTH:   5.02    1 = FOG OR MIST
DPTR FM NORMAL:   1.8   DPTR FM NORMAL:    1.22    2 = FOG REDUCING VISIBILITY
HIGHEST:    84 ON 27    GRTST 24HR  1.77 ON  5- 6      TO 1/4 MILE OR LESS
LOWEST:     46 ON 30, 8                            3 = THUNDER
                        SNOW, ICE PELLETS, HAIL    4 = ICE PELLETS
                        TOTAL MONTH:   0.0 INCH    5 = HAIL
                        GRTST 24HR     0.0         6 = FREEZING RAIN OR DRIZZLE
                        GRTST DEPTH:   0           7 = DUSTSTORM OR SANDSTORM:
                                                       VSBY 1/2 MILE OR LESS
                                                   8 = SMOKE OR HAZE
[NO. OF DAYS WITH]      [WEATHER - DAYS WITH]      9 = BLOWING SNOW
                                                   X = TORNADO
MAX 32 OR BELOW:   0    0.01 INCH OR MORE:  13
MAX 90 OR ABOVE:   0    0.10 INCH OR MORE:   9
MIN 32 OR BELOW:   0    0.50 INCH OR MORE:   3
MIN  0 OR BELOW:   0    1.00 INCH OR MORE:   1

[HDD (BASE 65) ]
TOTAL THIS MO.    62    CLEAR  (SCALE 0-3)  10
DPTR FM NORMAL   -28    PTCLDY (SCALE 4-7)  17
TOTAL FM JUL 1  6561    CLOUDY (SCALE 8-10)  3
DPTR FM NORMAL  -676

[CDD (BASE 65) ]
TOTAL THIS MO.    90
DPTR FM NORMAL    17    [PRESSURE DATA]
TOTAL FM JAN 1   160    HIGHEST SLP 30.19 ON  8
DPTR FM NORMAL    59    LOWEST  SLP 29.33 ON  6

[REMARKS]
#FINAL-06-10#
