000
CXUS51 KBGM 010953
CF6BGM
PRELIMINARY LOCAL CLIMATOLOGICAL DATA (WS FORM: F-6)

                                          STATION:   BINGHAMTON NY
                                          MONTH:     AUGUST
                                          YEAR:      2010
                                          LATITUDE:   42 13 N
                                          LONGITUDE:  75 59 W

  TEMPERATURE IN F:       :PCPN:    SNOW:  WIND      :SUNSHINE: SKY     :PK WND
================================================================================
1   2   3   4   5  6A  6B    7    8   9   10  11  12  13   14  15   16   17  18
                                     12Z  AVG MX 2MIN
DY MAX MIN AVG DEP HDD CDD  WTR  SNW DPTH SPD SPD DIR MIN PSBL S-S WX    SPD DR
================================================================================

 1  77  60  69   0   0   4    T  0.0    0  5.6 18 180   M    M   4 138    23 170
 2  80  62  71   2   0   6 0.00  0.0    0  7.5 16 220   M    M   4 1      21 220
 3  82  65  74   5   0   9 0.09  0.0    0  8.3 17 230   M    M   4 18     24 210
 4  87  71  79  10   0  14 0.00  0.0    0  5.9 13 280   M    M   6 18     18 230
 5  84  70  77   9   0  12 0.02  0.0    0  7.8 17 260   M    M   4 18     23 270
 6  74  62  68   0   0   3 0.00  0.0    0  8.0 20 350   M    M   4        29 350
 7  76  56  66  -2   0   1    T  0.0    0  5.3 13 240   M    M   1        18 220
 8  84  54  69   1   0   4    T  0.0    0  5.8 14 150   M    M   2        22 200
 9  89  68  79  11   0  14 0.10  0.0    0  5.9 22 350   M    M   6 1       M  M
10  83  68  76   8   0  11 0.07  0.0    0  3.7 12 260   M    M   5 128    14 350
11  85  65  75   7   0  10 0.00  0.0    0  4.5 13 330   M    M   3 128    16  30
12  70  63  67   0   0   2 0.26  0.0    0  6.1 13 150   M    M   8 1      15 150
13  76  60  68   1   0   3 0.00  0.0    0  6.1 13 160   M    M   7 1      18 180
14  77  63  70   3   0   5 0.00  0.0    0  9.3 17 200   M    M   6        24 160
15  68  63  66  -1   0   1 0.42  0.0    0  7.8 13 170   M    M   9 1      21 170
16  84  67  76   9   0  11 0.01  0.0    0  7.7 17 270   M    M   5 18     26 240
17  80  59  70   3   0   5 0.00  0.0    0  5.9 15 280   M    M   0        20 270
18  80  59  70   4   0   5 0.00  0.0    0  4.8 12 230   M    M   1        18 240
19  82  62  72   6   0   7 0.00  0.0    0  4.6 15 210   M    M   3        18 220
20  76  59  68   2   0   3    T  0.0    0  7.3 16 360   M    M   3 18     23 330
21  76  54  65  -1   0   0 0.00  0.0    0  7.0 14 140   M    M   0 8      18 160
22  70  62  66   0   0   1 1.80  0.0    0 11.5 22 140   M    M   9 1      31 100
23  65  57  61  -4   4   0 1.05  0.0    0  7.6 16  70   M    M  10 12     22  70
24  69  56  63  -2   2   0 0.02  0.0    0  7.0 12  70   M    M  10 18     17 100
25  68  60  64  -1   1   0    T  0.0    0  4.6  9 350   M    M   9 1      13 340
26  70  55  63  -2   2   0 0.00  0.0    0  7.1 17 310   M    M   7 1      26 210
27  70  50  60  -5   5   0 0.00  0.0    0  4.8 12 270   M    M   2        16 280
28  77  51  64   0   1   0 0.00  0.0    0  4.3 10 270   M    M   0        14 270
29  84  58  71   7   0   6 0.00  0.0    0  3.8 14 360   M    M   0        25 290
30  85  58  72   8   0   7 0.00  0.0    0  4.7 13 350   M    M   0 18     18  20
31  87  64  76  12   0  11 0.00  0.0    0  3.9  9 290   M    M   0 18     14 340
================================================================================
SM 2415 1881        15 155  3.84     0.0 194.2          M      132
================================================================================
AV 77.9 60.7                               6.3 FASTST   M    M   4    MAX(MPH)
                                 MISC ---->  # 22 350               # 31  100
================================================================================
NOTES:
# LAST OF SEVERAL OCCURRENCES

COLUMN 17 PEAK WIND IN M.P.H.

PRELIMINARY LOCAL CLIMATOLOGICAL DATA (WS FORM: F-6) , PAGE 2

                                          STATION:  BINGHAMTON NY
                                          MONTH:    AUGUST
                                          YEAR:     2010
                                          LATITUDE:   42 13 N
                                          LONGITUDE:  75 59 W

[TEMPERATURE DATA]      [PRECIPITATION DATA]       SYMBOLS USED IN COLUMN 16

AVERAGE MONTHLY: 69.3   TOTAL FOR MONTH:   3.84    1 = FOG OR MIST
DPTR FM NORMAL:   2.7   DPTR FM NORMAL:    0.49    2 = FOG REDUCING VISIBILITY
HIGHEST:    89 ON  9    GRTST 24HR  2.13 ON 22-23      TO 1/4 MILE OR LESS
LOWEST:     50 ON 27                               3 = THUNDER
                        SNOW, ICE PELLETS, HAIL    4 = ICE PELLETS
                        TOTAL MONTH:   0.0 INCH    5 = HAIL
                        GRTST 24HR     0.0         6 = FREEZING RAIN OR DRIZZLE
                        GRTST DEPTH:   0           7 = DUSTSTORM OR SANDSTORM:
                                                       VSBY 1/2 MILE OR LESS
                                                   8 = SMOKE OR HAZE
[NO. OF DAYS WITH]      [WEATHER - DAYS WITH]      9 = BLOWING SNOW
                                                   X = TORNADO
MAX 32 OR BELOW:   0    0.01 INCH OR MORE:  10
MAX 90 OR ABOVE:   0    0.10 INCH OR MORE:   5
MIN 32 OR BELOW:   0    0.50 INCH OR MORE:   2
MIN  0 OR BELOW:   0    1.00 INCH OR MORE:   2

[HDD (BASE 65) ]
TOTAL THIS MO.    15    CLEAR  (SCALE 0-3)  12
DPTR FM NORMAL   -28    PTCLDY (SCALE 4-7)  14
TOTAL FM JUL 1    26    CLOUDY (SCALE 8-10)  5
DPTR FM NORMAL   -39

[CDD (BASE 65) ]
TOTAL THIS MO.   155
DPTR FM NORMAL    47    [PRESSURE DATA]
TOTAL FM JAN 1   562    HIGHEST SLP 30.32 ON 30
DPTR FM NORMAL   200    LOWEST  SLP 29.64 ON  5

[REMARKS]
#FINAL-08-10#
