000
CXUS51 KBGM 031821 CCA
CF6BGM

PRELIMINARY LOCAL CLIMATOLOGICAL DATA (WS FORM: F-6)

                                          STATION:   BINGHAMTON NY
                                          MONTH:     APRIL
                                          YEAR:      2010
                                          LATITUDE:   42 13 N
                                          LONGITUDE:  75 59 W

  TEMPERATURE IN F:       :PCPN:    SNOW:  WIND      :SUNSHINE: SKY     :PK WND
================================================================================
1   2   3   4   5  6A  6B    7    8   9   10  11  12  13   14  15   16   17  18
                                     12Z  AVG MX 2MIN
DY MAX MIN AVG DEP HDD CDD  WTR  SNW DPTH SPD SPD DIR MIN PSBL S-S WX    SPD DR
================================================================================

 1  73  32  53  15  12   0 0.00  0.0    0  4.5 10 210   M    M   0 12     15 220
 2  79  51  65  26   0   0 0.00  0.0    0  6.8 14 200   M    M   0        20 210
 3  79  52  66  27   0   1 0.00  0.0    0  9.8 20 170   M    M   0        30 180
 4  64  50  57  17   8   0 0.00  0.0    0  6.7 18 310   M    M   1        28 300
 5  75  44  60  20   5   0    T  0.0    0  7.8 22 250   M    M   1        33 250
 6  72  48  60  20   5   0 0.10  0.0    0  7.0 17 250   M    M   4        23 260
 7  82  56  69  28   0   4 0.00  0.0    0 10.0 22 270   M    M   2        30 270
 8  82  50  66  25   0   1 0.47  0.0    0  9.0 24 310   M    M   3 123    33 300
 9  50  32  41   0  24   0 0.02    T    0 10.1 22 310   M    M  10 1      32 280
10  55  31  43   1  22   0    T    T    0 11.3 22 310   M    M   5        30 310
11  60  44  52  10  13   0    T  0.0    0  9.0 17 360   M    M   4        24 280
12  54  38  46   3  19   0 0.00  0.0    0  9.0 21 350   M    M   1        29 270
13  56  38  47   4  18   0 0.00  0.0    0  5.0 13  40   M    M   6        24  50
14  61  34  48   5  17   0 0.00  0.0    0  4.0 15 350   M    M   0        21 290
15  65  41  53   9  12   0    T  0.0    0  4.8 13 330   M    M   5        17 300
16  70  45  58  14   7   0 0.37  0.0    0  8.1 20 320   M    M   7 13     29 300
17  50  34  42  -3  23   0 0.02    T    0 11.0 21 270   M    M  10 1      29 270
18  49  32  41  -4  24   0 0.01    T    0  9.2 17 340   M    M   8 1      25 310
19  56  37  47   2  18   0 0.00  0.0    0 11.2 24 360   M    M   3        30  10
20  63  37  50   4  15   0 0.00  0.0    0  5.2 14 350   M    M   1        16 340
21  66  42  54   8  11   0 0.00  0.0    0  5.6 14 260   M    M   4        22 220
22  56  37  47   0  18   0 0.00  0.0    0  8.9 20 350   M    M   2        31 350
23  56  33  45  -2  20   0 0.00  0.0    0  9.2 20 350   M    M   0        31 230
24  64  35  50   2  15   0 0.04  0.0    0  6.0 15 220   M    M   2 1      21 230
25  48  45  47  -1  18   0 0.40  0.0    0  8.6 15 100   M    M  10 1      18 100
26  50  44  47  -1  18   0 0.83  0.0    0  6.1 13  60   M    M  10 1      17  70
27  44  32  38 -11  27   0    T    T    0 11.1 29 350   M    M   8 128    35 350
28  51  33  42  -7  23   0    T    T    0 13.4 25 320   M    M   6 1      36 320
29  60  35  48  -2  17   0 0.00  0.0    0 11.6 26 320   M    M   0        41 330
30  75  46  61  11   4   0 0.00  0.0    0  4.9 12 300   M    M   4        20 290
================================================================================
SM 1865 1208       413   6  2.26    T    244.9          M      117
================================================================================
AV 62.2 40.3                               8.2 FASTST   M    M   4    MAX(MPH)
                                 MISC ---->  # 29 350               # 41  330
================================================================================
NOTES:
# LAST OF SEVERAL OCCURRENCES

COLUMN 17 PEAK WIND IN M.P.H.

PRELIMINARY LOCAL CLIMATOLOGICAL DATA (WS FORM: F-6) , PAGE 2

                                          STATION:  BINGHAMTON NY
                                          MONTH:    APRIL
                                          YEAR:     2010
                                          LATITUDE:   42 13 N
                                          LONGITUDE:  75 59 W

[TEMPERATURE DATA]      [PRECIPITATION DATA]       SYMBOLS USED IN COLUMN 16

AVERAGE MONTHLY: 51.2   TOTAL FOR MONTH:   2.26    1 = FOG OR MIST
DPTR FM NORMAL:   7.1   DPTR FM NORMAL:   -1.23    2 = FOG REDUCING VISIBILITY
HIGHEST:    82 ON  8, 7 GRTST 24HR  0.83 ON 26-26      TO 1/4 MILE OR LESS
LOWEST:     31 ON 10                               3 = THUNDER
                        SNOW, ICE PELLETS, HAIL    4 = ICE PELLETS
                        TOTAL MONTH:    T          5 = HAIL
                        GRTST 24HR    T  ON 28-28  6 = FREEZING RAIN OR DRIZZLE
                        GRTST DEPTH:   0           7 = DUSTSTORM OR SANDSTORM:
                                                       VSBY 1/2 MILE OR LESS
                                                   8 = SMOKE OR HAZE
[NO. OF DAYS WITH]      [WEATHER - DAYS WITH]      9 = BLOWING SNOW
                                                   X = TORNADO
MAX 32 OR BELOW:   0    0.01 INCH OR MORE:   9
MAX 90 OR ABOVE:   0    0.10 INCH OR MORE:   5
MIN 32 OR BELOW:   5    0.50 INCH OR MORE:   1
MIN  0 OR BELOW:   0    1.00 INCH OR MORE:   0

[HDD (BASE 65) ]
TOTAL THIS MO.   413    CLEAR  (SCALE 0-3)  15
DPTR FM NORMAL  -204    PTCLDY (SCALE 4-7)  10
TOTAL FM JUL 1  6278    CLOUDY (SCALE 8-10)  5
DPTR FM NORMAL  -577

[CDD (BASE 65) ]
TOTAL THIS MO.     6
DPTR FM NORMAL     2    [PRESSURE DATA]
TOTAL FM JAN 1     6    HIGHEST SLP 30.61 ON 14
DPTR FM NORMAL     1    LOWEST  SLP 29.30 ON 26

[REMARKS]
#FINAL-04-10#
WARMEST APRIL ON RECORD  OLD RECORD 49.7 DEGREES IN 2008
