000
CXUS51 KBGM 030146
CF6BGM

PRELIMINARY LOCAL CLIMATOLOGICAL DATA (WS FORM: F-6)

                                          STATION:   BINGHAMTON NY
                                          MONTH:     JUNE
                                          YEAR:      2017
                                          LATITUDE:   42 13 N
                                          LONGITUDE:  75 59 W

  TEMPERATURE IN F:       :PCPN:    SNOW:  WIND      :SUNSHINE: SKY     :PK WND
================================================================================
1   2   3   4   5  6A  6B    7    8   9   10  11  12  13   14  15   16   17  18
                                     12Z  AVG MX 2MIN
DY MAX MIN AVG DEP HDD CDD  WTR  SNW DPTH SPD SPD DIR MIN PSBL S-S WX    SPD DR
================================================================================

 1  69  47  58  -3   7   0 0.00  0.0    0  7.5 21 270   M    M   6        26 290
 2  63  44  54  -7  11   0 0.00  0.0    0  7.9 21 350   M    M   2        27 340
 3  65  44  55  -6  10   0 0.00  0.0    0  8.9 22 340   M    M   2        28 340
 4  60  44  52 -10  13   0 0.20  0.0    0  5.6 12 220   M    M   5 1      17 200
 5  70  56  63   1   2   0 1.43  0.0    0  5.8 21 320   M    M   7 123    29 310
 6  60  47  54  -8  11   0 0.81  0.0    0  8.0 15 110   M    M  10 13     23 100
 7  67  45  56  -6   9   0 0.01  0.0    0  6.9 14  80   M    M   5 1      20  10
 8  73  49  61  -2   4   0    T  0.0    0  5.4 15 130   M    M   1        21 130
 9  74  50  62  -1   3   0 0.02  0.0    0  7.2 18 300   M    M   3 1      26 280
10  79  56  68   5   0   3 0.02  0.0    0  8.4 15 260   M    M   4        21 260
11  84  64  74  10   0   9 0.00  0.0    0  9.2 20 260   M    M   0        24 240
12  85  64  75  11   0  10 0.00  0.0    0  7.4 15 240   M    M   1        20 270
13  83  65  74  10   0   9 0.04  0.0    0  9.0 16 360   M    M   3 1      20 350
14  76  57  67   3   0   2 0.00  0.0    0  7.4 14 340   M    M   1 1      18 360
15  74  53  64   0   1   0    T  0.0    0  8.5 16 170   M    M   6        24 160
16  67  55  61  -4   4   0 0.30  0.0    0  7.6 15 170   M    M   9 1      22 170
17  78  62  70   5   0   5 0.00  0.0    0  7.3 14 210   M    M   6 1      21 200
18  83  66  75  10   0  10 0.86  0.0    0 10.2 28 270   M    M   7 138    36 270
19  73  62  68   2   0   3 1.02  0.0    0  6.5 20 260   M    M   9 13     24 290
20  72  58  65  -1   0   0 0.08  0.0    0  9.6 21 280   M    M   9 1      27 290
21  73  56  65  -1   0   0 0.01  0.0    0  7.2 15 340   M    M   2        22 320
22  78  53  66   0   0   1 0.00  0.0    0  6.5 17 250   M    M   1        23 250
23  75  67  71   5   0   6 0.02  0.0    0  8.5 14 220   M    M   8 1      19 220
24  77  56  67   0   0   2 0.18  0.0    0  8.4 26 260   M    M   1 1      34 260
25  73  53  63  -4   2   0 0.01  0.0    0  7.3 22 340   M    M   6        31 340
26  70  50  60  -7   5   0 0.26  0.0    0  7.1 17 340   M    M   6 13     25 290
27  64  49  57 -10   8   0 0.32    T    0  7.2 25 290   M    M   6 135    36 300
28  71  48  60  -7   5   0 0.00  0.0    0  7.8 16 270   M    M   2        21 320
29  78  59  69   2   0   4    T  0.0    0  8.6 16 210   M    M   1        23 230
30  81  66  74   6   0   9 0.15  0.0    0  8.5 20 220   M    M   6 13     30 210
================================================================================
SM 2195 1645        95  73  5.74    T    231.4          M      135
================================================================================
AV 73.2 54.8                               7.7 FASTST   M    M   5    MAX(MPH)
                                 MISC ---->  # 28 270               # 36  270
================================================================================
NOTES:
# LAST OF SEVERAL OCCURRENCES

COLUMN 17 PEAK WIND IN M.P.H.

PRELIMINARY LOCAL CLIMATOLOGICAL DATA (WS FORM: F-6) , PAGE 2

                                          STATION:  BINGHAMTON NY
                                          MONTH:    JUNE
                                          YEAR:     2017
                                          LATITUDE:   42 13 N
                                          LONGITUDE:  75 59 W

[TEMPERATURE DATA]      [PRECIPITATION DATA]       SYMBOLS USED IN COLUMN 16

AVERAGE MONTHLY: 64.0   TOTAL FOR MONTH:   5.74    1 = FOG OR MIST
DPTR FM NORMAL:  -0.4   DPTR FM NORMAL:    1.43    2 = FOG REDUCING VISIBILITY
HIGHEST:    85 ON 12    GRTST 24HR  1.96 ON  5- 6      TO 1/4 MILE OR LESS
LOWEST:     44 ON  4, 3                            3 = THUNDER
                        SNOW, ICE PELLETS, HAIL    4 = ICE PELLETS
                        TOTAL MONTH:    T          5 = HAIL
                        GRTST 24HR    T  ON 27     6 = FREEZING RAIN OR DRIZZLE
                        GRTST DEPTH:  T  ON 27     7 = DUSTSTORM OR SANDSTORM:
                                                       VSBY 1/2 MILE OR LESS
                                                   8 = SMOKE OR HAZE
[NO. OF DAYS WITH]      [WEATHER - DAYS WITH]      9 = BLOWING SNOW
                                                   X = TORNADO
MAX 32 OR BELOW:   0    0.01 INCH OR MORE:  18
MAX 90 OR ABOVE:   0    0.10 INCH OR MORE:  10
MIN 32 OR BELOW:   0    0.50 INCH OR MORE:   4
MIN  0 OR BELOW:   0    1.00 INCH OR MORE:   2

[HDD (BASE 65) ]
TOTAL THIS MO.    95    CLEAR  (SCALE 0-3)  12
DPTR FM NORMAL     4    PTCLDY (SCALE 4-7)  14
TOTAL FM JUL 1  6611    CLOUDY (SCALE 8-10)  4
DPTR FM NORMAL  -584

[CDD (BASE 65) ]
TOTAL THIS MO.    73
DPTR FM NORMAL    -1    [PRESSURE DATA]
TOTAL FM JAN 1    94    HIGHEST SLP 30.15 ON 28
DPTR FM NORMAL    -3    LOWEST  SLP 29.57 ON 24

[REMARKS]
#FINAL-06-17#
12TH WETTEST JUNE
CORRECTED 24 HOUR GREATEST PRECIPITATION AND GREATEST "SNOW" DEPTH
