000
CXUS51 KBGM 012201 AAA
CF6BGM

PRELIMINARY LOCAL CLIMATOLOGICAL DATA (WS FORM: F-6)

                                          STATION:   BINGHAMTON NY
                                          MONTH:     AUGUST
                                          YEAR:      2016
                                          LATITUDE:   42 13 N
                                          LONGITUDE:  75 59 W

  TEMPERATURE IN F:       :PCPN:    SNOW:  WIND      :SUNSHINE: SKY     :PK WND
================================================================================
1   2   3   4   5  6A  6B    7    8   9   10  11  12  13   14  15   16   17  18
                                     12Z  AVG MX 2MIN
DY MAX MIN AVG DEP HDD CDD  WTR  SNW DPTH SPD SPD DIR MIN PSBL S-S WX    SPD DR
================================================================================

 1  76  62  69   0   0   4 0.52  0.0    0  5.6 12 350   M    M   8 13     13 350
 2  78  63  71   2   0   6 0.00  0.0    0  5.6 14 100   M    M   7 12     18 140
 3  77  59  68  -1   0   3 0.00  0.0    0  6.5 12 150   M    M   6 128    17 180
 4  80  59  70   1   0   5 0.02  0.0    0  6.2 12 190   M    M   3 1      15 160
 5  79  62  71   2   0   6 0.00  0.0    0  8.4 17 210   M    M   4 8      24 220
 6  80  64  72   3   0   7 0.18  0.0    0  7.8 18 350   M    M   5 1      25 300
 7  79  58  69   1   0   4 0.00  0.0    0  8.1 16 350   M    M   2        22 300
 8  79  57  68   0   0   3 0.00  0.0    0  4.3 10 360   M    M   1        14 360
 9  82  55  69   1   0   4    T  0.0    0  7.2 16 150   M    M   2        21 200
10  82  68  75   7   0  10 1.36  0.0    0  6.9 13 240   M    M   7 13     17 240
11  85  68  77   9   0  12 0.26  0.0    0  5.9 16 230   M    M   6 13     20 240
12  87  69  78  10   0  13 0.82  0.0    0  8.2 24 280   M    M   4 13     33 300
13  89  72  81  13   0  16 0.01  0.0    0  8.6 22 230   M    M   4 3      33 220
14  81  69  75   7   0  10 0.29  0.0    0  6.8 16 270   M    M   6 13     21 270
15  76  66  71   3   0   6    T  0.0    0  3.6  9 280   M    M   2        12 310
16  82  66  74   6   0   9 0.22  0.0    0 10.3 18 200   M    M   5 13     27 210
17  77  62  70   2   0   5 0.00  0.0    0  6.5 20 310   M    M   4        26 300
18  79  62  71   3   0   6 0.13  0.0    0  5.4 16 300   M    M   4 1      20 300
19  80  59  70   3   0   5 0.00  0.0    0  3.4  8 320   M    M   1 12     11 310
20  82  60  71   4   0   6 0.00  0.0    0  8.1 16 190   M    M   2        22 200
21  73  60  67   0   0   2 1.20  0.0    0  8.9 20 170   M    M   6 1      28 160
22  68  54  61  -6   4   0    T  0.0    0  8.1 20 350   M    M   4        29 350
23  75  51  63  -4   2   0 0.00  0.0    0  6.0 12 250   M    M   0        18 260
24  80  57  69   3   0   4    T  0.0    0  5.7 15 180   M    M   0        24 230
25  77  66  72   6   0   7 0.02  0.0    0  7.2 14 220   M    M   3 1      18 230
26  80  68  74   8   0   9 0.17  0.0    0  7.2 15 340   M    M   4 1      21 290
27  82  62  72   6   0   7 0.00  0.0    0  2.6  7 220   M    M   1        10 240
28  83  64  74   8   0   9 0.00  0.0    0  7.8 16 220   M    M   2        22 220
29  77  60  69   4   0   4 0.00  0.0    0  7.9 16 360   M    M   3        21 350
30  76  54  65   0   0   0 0.00  0.0    0  2.7  9 280   M    M   0        14 260
31  72  63  68   3   0   3 0.03  0.0    0  5.1 10 260   M    M   4 1      14 230
================================================================================
SM 2453 1919         6 185  5.23     0.0 202.6          M      110
================================================================================
AV 79.1 61.9                               6.5 FASTST   M    M   4    MAX(MPH)
                                 MISC ---->  # 24 280               # 33  300
================================================================================
NOTES:
# LAST OF SEVERAL OCCURRENCES

COLUMN 17 PEAK WIND IN M.P.H.

PRELIMINARY LOCAL CLIMATOLOGICAL DATA (WS FORM: F-6) , PAGE 2

                                          STATION:  BINGHAMTON NY
                                          MONTH:    AUGUST
                                          YEAR:     2016
                                          LATITUDE:   42 13 N
                                          LONGITUDE:  75 59 W

[TEMPERATURE DATA]      [PRECIPITATION DATA]       SYMBOLS USED IN COLUMN 16

AVERAGE MONTHLY: 70.5   TOTAL FOR MONTH:   5.23    1 = FOG OR MIST
DPTR FM NORMAL:   3.1   DPTR FM NORMAL:    1.78    2 = FOG REDUCING VISIBILITY
HIGHEST:    89 ON 13    GRTST 24HR  1.36 ON 10-10      TO 1/4 MILE OR LESS
LOWEST:     51 ON 23                               3 = THUNDER
                        SNOW, ICE PELLETS, HAIL    4 = ICE PELLETS
                        TOTAL MONTH:   0.0 INCH    5 = HAIL
                        GRTST 24HR     0.0         6 = FREEZING RAIN OR DRIZZLE
                        GRTST DEPTH:   0           7 = DUSTSTORM OR SANDSTORM:
                                                       VSBY 1/2 MILE OR LESS
                                                   8 = SMOKE OR HAZE
[NO. OF DAYS WITH]      [WEATHER - DAYS WITH]      9 = BLOWING SNOW
                                                   X = TORNADO
MAX 32 OR BELOW:   0    0.01 INCH OR MORE:  14
MAX 90 OR ABOVE:   0    0.10 INCH OR MORE:  10
MIN 32 OR BELOW:   0    0.50 INCH OR MORE:   4
MIN  0 OR BELOW:   0    1.00 INCH OR MORE:   2

[HDD (BASE 65) ]
TOTAL THIS MO.     6    CLEAR  (SCALE 0-3)  13
DPTR FM NORMAL   -33    PTCLDY (SCALE 4-7)  18
TOTAL FM JUL 1     9    CLOUDY (SCALE 8-10)  0
DPTR FM NORMAL   -54

[CDD (BASE 65) ]
TOTAL THIS MO.   185
DPTR FM NORMAL    72    [PRESSURE DATA]
TOTAL FM JAN 1   511    HIGHEST SLP 30.34 ON 23
DPTR FM NORMAL   163    LOWEST  SLP 29.76 ON  6

[REMARKS]
9TH WARMEST AUGUST  RECORD 71.9F IN 2005
12TH WETTEST AUGUST  RECORD 8.90" IN 2011
#FINAL-08-16#
