000
CXUS51 KBGM 010530
CF6BGM
PRELIMINARY LOCAL CLIMATOLOGICAL DATA (WS FORM: F-6)

                                          STATION:   BINGHAMTON NY
                                          MONTH:     MAY
                                          YEAR:      2014
                                          LATITUDE:   42 13 N
                                          LONGITUDE:  75 59 W

  TEMPERATURE IN F:       :PCPN:    SNOW:  WIND      :SUNSHINE: SKY     :PK WND
================================================================================
1   2   3   4   5  6A  6B    7    8   9   10  11  12  13   14  15   16   17  18
                                     12Z  AVG MX 2MIN
DY MAX MIN AVG DEP HDD CDD  WTR  SNW DPTH SPD SPD DIR MIN PSBL S-S WX    SPD DR
================================================================================

 1  66  45  56   5   9   0 0.15  0.0    0  6.9 22 150   M    M   7 12     28 150
 2  59  42  51   0  14   0 0.01  0.0    0  8.0 20 280   M    M   9        26 280
 3  58  43  51  -1  14   0 0.19  0.0    0  6.9 35 270   M    M  10 1      46 250
 4  56  40  48  -4  17   0 0.00  0.0    0 14.1 29 290   M    M   3        43 270
 5  57  38  48  -4  17   0    T  0.0    0  9.4 21 350   M    M   2        29 360
 6  58  41  50  -3  15   0 0.00  0.0    0  7.9 20 350   M    M   6        24 350
 7  64  38  51  -2  14   0 0.00  0.0    0  3.5  9 260   M    M   0        12 260
 8  74  48  61   8   4   0 0.03  0.0    0  5.0 14 150   M    M   7 1      17 160
 9  80  56  68  14   0   3 0.46  0.0    0  9.9 18 180   M    M   3 13     26 150
10  74  55  65  11   0   0 0.34  0.0    0  8.2 18 250   M    M   6 13     24 280
11  72  48  60   6   5   0 0.00  0.0    0  5.8 20 280   M    M   0        26 290
12  78  51  65  10   0   0    T  0.0    0  5.3 15 240   M    M   4        23 260
13  82  58  70  15   0   5    T  0.0    0  7.3 22 150   M    M   4 38     30 150
14  78  48  63   8   2   0 0.86  0.0    0  9.4 18 180   M    M   4 13     25 180
15  76  64  70  14   0   5    T  0.0    0 13.3 28 180   M    M   9        37 190
16  68  45  57   1   8   0 1.40  0.0    0 10.7 23 140   M    M   9 1      35 130
17  56  40  48  -8  17   0 0.00  0.0    0  5.3 13 350   M    M   8        16 270
18  58  42  50  -6  15   0 0.01  0.0    0  6.4 16 340   M    M   6 1      22 340
19  64  39  52  -5  13   0    T  0.0    0  8.1 20 320   M    M   2        28 330
20  70  44  57   0   8   0    T  0.0    0  5.1 13 300   M    M   3        18  10
21  65  54  60   3   5   0 0.14  0.0    0  5.6 16 220   M    M   9 13     22 220
22  72  55  64   6   1   0 0.02    T    0  5.9 18 330   M    M   6 1235   24 310
23  57  50  54  -4  11   0 0.09  0.0    0  6.3 15 320   M    M   9 1      21 340
24  69  52  61   3   4   0 0.00  0.0    0  7.7 16 360   M    M   7 1      23 320
25  74  48  61   3   4   0 0.00  0.0    0  6.0 16 360   M    M   2        23  10
26  81  57  69  10   0   4 0.00  0.0    0  8.3 16 280   M    M   3        30 290
27  81  61  71  12   0   6 0.49  0.0    0  8.0 20  30   M    M   6 13     28  30
28  68  53  61   2   4   0 0.03  0.0    0  8.6 16 340   M    M   7 1      21 340
29  57  49  53  -7  12   0 0.00  0.0    0  5.9 15 130   M    M  10        18 130
30  72  50  61   1   4   0 0.00  0.0    0  8.3 22 360   M    M   5 12     30 360
31  70  51  61   1   4   0 0.00  0.0    0  7.7 21  10   M    M   1        28  30
================================================================================
SM 2114 1505       221  23  4.22    T    234.8          M      167
================================================================================
AV 68.2 48.5                               7.6 FASTST   M    M   5    MAX(MPH)
                                 MISC ---->  # 35 270               # 46  250
================================================================================
NOTES:
# LAST OF SEVERAL OCCURRENCES

COLUMN 17 PEAK WIND IN M.P.H.

PRELIMINARY LOCAL CLIMATOLOGICAL DATA (WS FORM: F-6) , PAGE 2

                                          STATION:  BINGHAMTON NY
                                          MONTH:    MAY
                                          YEAR:     2014
                                          LATITUDE:   42 13 N
                                          LONGITUDE:  75 59 W

[TEMPERATURE DATA]      [PRECIPITATION DATA]       SYMBOLS USED IN COLUMN 16

AVERAGE MONTHLY: 58.4   TOTAL FOR MONTH:   4.22    1 = FOG OR MIST
DPTR FM NORMAL:   2.6   DPTR FM NORMAL:    0.65    2 = FOG REDUCING VISIBILITY
HIGHEST:    82 ON 13    GRTST 24HR  1.40 ON 16-16      TO 1/4 MILE OR LESS
LOWEST:     38 ON  7, 5                            3 = THUNDER
                        SNOW, ICE PELLETS, HAIL    4 = ICE PELLETS
                        TOTAL MONTH:    T          5 = HAIL
                        GRTST 24HR    T  ON 22-22  6 = FREEZING RAIN OR DRIZZLE
                        GRTST DEPTH:   0           7 = DUSTSTORM OR SANDSTORM:
                                                       VSBY 1/2 MILE OR LESS
                                                   8 = SMOKE OR HAZE
[NO. OF DAYS WITH]      [WEATHER - DAYS WITH]      9 = BLOWING SNOW
                                                   X = TORNADO
MAX 32 OR BELOW:   0    0.01 INCH OR MORE:  14
MAX 90 OR ABOVE:   0    0.10 INCH OR MORE:   8
MIN 32 OR BELOW:   0    0.50 INCH OR MORE:   2
MIN  0 OR BELOW:   0    1.00 INCH OR MORE:   1

[HDD (BASE 65) ]
TOTAL THIS MO.   221    CLEAR  (SCALE 0-3)   8
DPTR FM NORMAL   -84    PTCLDY (SCALE 4-7)  16
TOTAL FM JUL 1  7494    CLOUDY (SCALE 8-10)  7
DPTR FM NORMAL   390

[CDD (BASE 65) ]
TOTAL THIS MO.    23
DPTR FM NORMAL     4    [PRESSURE DATA]
TOTAL FM JAN 1    25    HIGHEST SLP 30.26 ON 14
DPTR FM NORMAL     2    LOWEST  SLP 29.68 ON M

[REMARKS]
#FINAL-05-14#
