136
CXUS51 KBGM 030618
CF6BGM
PRELIMINARY LOCAL CLIMATOLOGICAL DATA (WS FORM: F-6)

                                          STATION:   BINGHAMTON NY
                                          MONTH:     OCTOBER
                                          YEAR:      2015
                                          LATITUDE:   42 13 N
                                          LONGITUDE:  75 59 W

  TEMPERATURE IN F:       :PCPN:    SNOW:  WIND      :SUNSHINE: SKY     :PK WND
================================================================================
1   2   3   4   5  6A  6B    7    8   9   10  11  12  13   14  15   16   17  18
                                     12Z  AVG MX 2MIN
DY MAX MIN AVG DEP HDD CDD  WTR  SNW DPTH SPD SPD DIR MIN PSBL S-S WX    SPD DR
================================================================================

 1  54  44  49  -5  16   0 0.00  0.0    0 10.5 16  20   M    M   7 1      22  30
 2  49  40  45  -8  20   0 0.00  0.0    0 10.9 18  50   M    M   1        27  70
 3  44  42  43 -10  22   0 0.30  0.0    0  9.9 18  70   M    M  10 1      26  80
 4  61  42  52   0  13   0 0.00  0.0    0  6.8 14 100   M    M   4        16 100
 5  63  40  52   0  13   0 0.00  0.0    0  3.4  8 110   M    M   1        11  20
 6  57  49  53   1  12   0 0.00  0.0    0  4.8 10 320   M    M  10 1      14 330
 7  65  51  58   7   7   0 0.01  0.0    0  5.6 15 280   M    M   8 1      20 270
 8  63  48  56   5   9   0 0.00  0.0    0  4.3  9 270   M    M   5 12     15 250
 9  61  45  53   2  12   0 0.23  0.0    0 10.8 22 320   M    M   8 1      32 330
10  57  40  49  -1  16   0 0.00  0.0    0  6.0 13 340   M    M   2        16 340
11  67  42  55   5  10   0 0.00  0.0    0  8.7 15 220   M    M   0        21 250
12  72  52  62  12   3   0 0.00  0.0    0  8.4 14 180   M    M   0        24 160
13  63  49  56   7   9   0 0.05  0.0    0  9.3 22 280   M    M   6 1      28 290
14  54  41  48  -1  17   0    T  0.0    0  8.1 17 300   M    M   9        23 270
15  59  38  49   0  16   0 0.04  0.0    0  8.0 16 250   M    M   5 1      20 250
16  55  41  48   0  17   0 0.07  0.0    0  8.4 20 280   M    M   8 1      24 280
17  42  28  35 -13  30   0 0.01  0.2    T  8.5 18 340   M    M   6 1      27 280
18  38  26  32 -16  33   0 0.04  0.1    T  6.3 16 340   M    M   5 18     22 320
19  49  26  38  -9  27   0 0.01    T    T  8.1 18 210   M    M   2 1      27 220
20  64  46  55   8  10   0 0.00  0.0    0  8.6 18 260   M    M   4        24 270
21  68  54  61  14   4   0    T  0.0    0  5.3 10 200   M    M   6        16 210
22  66  46  56  10   9   0    T  0.0    0 10.3 17 280   M    M   5        24 270
23  50  34  42  -4  23   0 0.00  0.0    0  9.7 21 360   M    M   2        26 350
24  48  31  40  -6  25   0 0.13  0.0    0 11.0 20 160   M    M   4 1      29 140
25  51  38  45  -1  20   0 0.51  0.0    0 10.1 20 290   M    M   8 1      29 340
26  50  34  42  -3  23   0 0.00  0.0    0  5.3 10 360   M    M   1        13 360
27  53  29  41  -4  24   0 0.00  0.0    0  6.2 14 140   M    M   0        18 140
28  60  43  52   7  13   0 1.17  0.0    0 17.5 31 140   M    M   8 1      43 140
29  61  42  52   8  13   0 0.16  0.0    0 14.1 29 260   M    M   6 1      37 270
30  47  31  39  -5  26   0 0.01  0.0    0 10.3 20 320   M    M   6 8      27 310
31  47  27  37  -7  28   0    T  0.0    0  5.2 12 190   M    M   3 1      16 190
================================================================================
SM 1738 1239       520   0  2.74     0.3 260.4          M      150
================================================================================
AV 56.1 40.0                               8.4 FASTST   M    M   5    MAX(MPH)
                                 MISC ---->  # 31 140               # 43  140
================================================================================
NOTES:
# LAST OF SEVERAL OCCURRENCES

COLUMN 17 PEAK WIND IN M.P.H.

PRELIMINARY LOCAL CLIMATOLOGICAL DATA (WS FORM: F-6) , PAGE 2

                                          STATION:  BINGHAMTON NY
                                          MONTH:    OCTOBER
                                          YEAR:     2015
                                          LATITUDE:   42 13 N
                                          LONGITUDE:  75 59 W

[TEMPERATURE DATA]      [PRECIPITATION DATA]       SYMBOLS USED IN COLUMN 16

AVERAGE MONTHLY: 48.0   TOTAL FOR MONTH:   2.74    1 = FOG OR MIST
DPTR FM NORMAL:  -0.5   DPTR FM NORMAL:   -0.59    2 = FOG REDUCING VISIBILITY
HIGHEST:    72 ON 12    GRTST 24HR  1.24 ON 28-29      TO 1/4 MILE OR LESS
LOWEST:     26 ON 19,18                            3 = THUNDER
                        SNOW, ICE PELLETS, HAIL    4 = ICE PELLETS
                        TOTAL MONTH:   0.3 INCH    5 = HAIL
                        GRTST 24HR   0.2 ON   M    6 = FREEZING RAIN OR DRIZZLE
                        GRTST DEPTH:   0           7 = DUSTSTORM OR SANDSTORM:
                                                       VSBY 1/2 MILE OR LESS
                                                   8 = SMOKE OR HAZE
[NO. OF DAYS WITH]      [WEATHER - DAYS WITH]      9 = BLOWING SNOW
                                                   X = TORNADO
MAX 32 OR BELOW:   0    0.01 INCH OR MORE:  14
MAX 90 OR ABOVE:   0    0.10 INCH OR MORE:   6
MIN 32 OR BELOW:   7    0.50 INCH OR MORE:   2
MIN  0 OR BELOW:   0    1.00 INCH OR MORE:   1

[HDD (BASE 65) ]
TOTAL THIS MO.   520    CLEAR  (SCALE 0-3)  10
DPTR FM NORMAL     5    PTCLDY (SCALE 4-7)  16
TOTAL FM JUL 1   651    CLOUDY (SCALE 8-10)  5
DPTR FM NORMAL  -121

[CDD (BASE 65) ]
TOTAL THIS MO.     0
DPTR FM NORMAL    -2    [PRESSURE DATA]
TOTAL FM JAN 1   443    HIGHEST SLP 30.57 ON 27
DPTR FM NORMAL    62    LOWEST  SLP 29.47 ON 13

[REMARKS]
#FINAL-10-15#
