000
CXUS51 KBGM 310800
CF6BGM
PRELIMINARY LOCAL CLIMATOLOGICAL DATA (WS FORM: F-6)

                                          STATION:   BINGHAMTON NY
                                          MONTH:     DECEMBER
                                          YEAR:      2013
                                          LATITUDE:   42 13 N
                                          LONGITUDE:  75 59 W

  TEMPERATURE IN F:       :PCPN:    SNOW:  WIND      :SUNSHINE: SKY     :PK WND
================================================================================
1   2   3   4   5  6A  6B    7    8   9   10  11  12  13   14  15   16   17  18
                                     12Z  AVG MX 2MIN
DY MAX MIN AVG DEP HDD CDD  WTR  SNW DPTH SPD SPD DIR MIN PSBL S-S WX    SPD DR
================================================================================

 1  35  25  30  -2  35   0 0.04  0.9    2  6.0 15 190   M    M   6 12     23 190
 2  38  31  35   3  30   0    T    T    2  3.2  8 240   M    M   8 12     10 250
 3  36  32  34   2  31   0 0.02  0.1    1  2.1  6 240   M    M  10 12      8 230
 4  49  31  40   9  25   0    T  0.0    1  5.7 14 150   M    M   6 1268   17 150
 5  52  42  47  16  18   0 0.10  0.0    T  9.3 16 330   M    M  10 1      24 190
 6  42  27  35   5  30   0 0.40  1.0    0  7.6 15 340   M    M  10 1      20 340
 7  30  18  24  -6  41   0 0.01  0.3    1  8.4 17 310   M    M   7 1      25 310
 8  24  16  20 -10  45   0    T    T    T  5.5 17 140   M    M   5 18     22 140
 9  36  22  29   0  36   0 0.01  0.1    T 11.2 18 140   M    M   9 16     26 160
10  31  17  24  -5  41   0 0.08  1.7    1  8.4 16 260   M    M   7 18     21 270
11  25  15  20  -9  45   0 0.01  0.4    2 10.3 22 260   M    M   9 18     30 260
12  19   8  14 -14  51   0    T  0.6    2  9.6 20 240   M    M   6 18     25 250
13  23  14  19  -9  46   0 0.01  0.8    2 10.4 20 260   M    M  10 18     29 260
14  19  13  16 -12  49   0 0.42  7.6    2 10.9 25 140   M    M  10 12     32 130
15  28  19  24  -3  41   0 0.05  0.1    7 11.1 23 270   M    M  10 16     31 270
16  22  10  16 -11  49   0    T  0.1    7  7.9 22 290   M    M   6 18     29 290
17  22   6  14 -13  51   0 0.16  1.0    7  4.6 14 150   M    M   8 1      18 140
18  27  17  22  -4  43   0 0.03  1.5    7  7.7 14 250   M    M   9 18     16 260
19  39  23  31   5  34   0 0.00  0.0    7  7.5 16 220   M    M   3        21 230
20  46  38  42  16  23   0 0.12  0.0    5  9.6 16 220   M    M   7 1      22 220
21  53  45  49  23  16   0 0.50  0.0    0  9.7 17 220   M    M  10 1      29 210
22  62  44  53  28  12   0 0.08    T    0 12.3 26 210   M    M   8 1      37 200
23  44  27  36  11  29   0 0.10    T    0  6.3 18 340   M    M  10 12     24 350
24  29  10  20  -5  45   0 0.05  1.0    0  7.7 20 300   M    M   7 128    29 300
25  20   4  12 -12  53   0    T    T    1  5.8 16 320   M    M   6 18     21 340
26  29  18  24   0  41   0 0.33  5.1    5  8.5 15 250   M    M  10 1      20 250
27  30  20  25   1  40   0    T    T    6  7.5 14 250   M    M   7 8      16 240
28  44  27  36  12  29   0 0.00  0.0    4  9.4 21 260   M    M   3        24 260
29  41  32  37  13  28   0 0.91  1.6    2  6.7 13 220   M    M   6 12     18 210
30  35   9  22  -2  43   0    T  0.3    3  9.1 20 310   M    M   8 168    28 310
================================================================================
SM 1030  660      1100   0  3.43    24.2 240.0          M      231
================================================================================
AV 34.3 22.0                               8.0 FASTST   M    M   8    MAX(MPH)
                                 MISC ---->  # 26 210               # 37  200
================================================================================
NOTES:
# LAST OF SEVERAL OCCURRENCES

COLUMN 17 PEAK WIND IN M.P.H.

PRELIMINARY LOCAL CLIMATOLOGICAL DATA (WS FORM: F-6) , PAGE 2

                                          STATION:  BINGHAMTON NY
                                          MONTH:    DECEMBER
                                          YEAR:     2013
                                          LATITUDE:   42 13 N
                                          LONGITUDE:  75 59 W

[TEMPERATURE DATA]      [PRECIPITATION DATA]       SYMBOLS USED IN COLUMN 16

AVERAGE MONTHLY: 28.2   TOTAL FOR MONTH:   3.43    1 = FOG OR MIST
DPTR FM NORMAL:   0.7   DPTR FM NORMAL:    0.68    2 = FOG REDUCING VISIBILITY
HIGHEST:    62 ON 22    GRTST 24HR  0.91 ON 29-29      TO 1/4 MILE OR LESS
LOWEST:      4 ON 25                               3 = THUNDER
                        SNOW, ICE PELLETS, HAIL    4 = ICE PELLETS
                        TOTAL MONTH:  24.2 INCHES  5 = HAIL
                        GRTST 24HR   7.6 ON   M    6 = FREEZING RAIN OR DRIZZLE
                        GRTST DEPTH:   7 ON 19,18  7 = DUSTSTORM OR SANDSTORM:
                                                       VSBY 1/2 MILE OR LESS
                                                   8 = SMOKE OR HAZE
[NO. OF DAYS WITH]      [WEATHER - DAYS WITH]      9 = BLOWING SNOW
                                                   X = TORNADO
MAX 32 OR BELOW:  15    0.01 INCH OR MORE:  20
MAX 90 OR ABOVE:   0    0.10 INCH OR MORE:   9
MIN 32 OR BELOW:  26    0.50 INCH OR MORE:   2
MIN  0 OR BELOW:   0    1.00 INCH OR MORE:   0

[HDD (BASE 65) ]
TOTAL THIS MO.  1100    CLEAR  (SCALE 0-3)   2
DPTR FM NORMAL   -26    PTCLDY (SCALE 4-7)  14
TOTAL FM JUL 1  2691    CLOUDY (SCALE 8-10) 14
DPTR FM NORMAL   -10

[CDD (BASE 65) ]
TOTAL THIS MO.     0
DPTR FM NORMAL     0    [PRESSURE DATA]
TOTAL FM JAN 1   480    HIGHEST SLP M ON M
DPTR FM NORMAL    99    LOWEST  SLP 29.56 ON 29

[REMARKS]
