000
CXUS51 KBGM 011937 CCA
CF6BGM

PRELIMINARY LOCAL CLIMATOLOGICAL DATA (WS FORM: F-6)

                                          STATION:   BINGHAMTON NY
                                          MONTH:     MARCH
                                          YEAR:      2010
                                          LATITUDE:   42 13 N
                                          LONGITUDE:  75 59 W

  TEMPERATURE IN F:       :PCPN:    SNOW:  WIND      :SUNSHINE: SKY     :PK WND
================================================================================
1   2   3   4   5  6A  6B    7    8   9   10  11  12  13   14  15   16   17  18
                                     12Z  AVG MX 2MIN
DY MAX MIN AVG DEP HDD CDD  WTR  SNW DPTH SPD SPD DIR MIN PSBL S-S WX    SPD DR
================================================================================

 1  35  29  32   5  33   0 0.01    T   19 11.4 22 350   M    M  10 1      28 360
 2  39  30  35   7  30   0    T    T   18  7.6 13  10   M    M  10        16  10
 3  34  27  31   3  34   0 0.10  1.5   16  9.4 18 340   M    M  10 1      25 340
 4  35  24  30   2  35   0 0.00  0.0   14 13.8 26 360   M    M   1 8      33 360
 5  35  22  29   0  36   0 0.00  0.0   13 12.6 23 350   M    M   1 8      29 350
 6  40  20  30   1  35   0 0.00  0.0   12  8.5 17 350   M    M   0        22 360
 7  48  22  35   5  30   0 0.00  0.0   11  7.0 16 300   M    M   2        23 290
 8  50  28  39   9  26   0 0.00  0.0   11  9.4 20 310   M    M   0        28 330
 9  51  32  42  12  23   0 0.00  0.0    9  5.8 14 290   M    M   0        18 320
10  54  29  42  11  23   0 0.00  0.0    7  5.6 13 150   M    M   4        16 150
11  57  40  49  18  16   0 0.00  0.0    3  9.9 16 140   M    M   7        21 140
12  45  39  42  11  23   0 0.05  0.0    1 14.3 25 120   M    M  10        31 130
13  41  35  38   6  27   0 0.16    T    T 17.9 26  80   M    M  10 1      38  70
14  46  35  41   9  24   0 0.01    T    0 13.0 23  80   M    M  10 1      33  60
15  47  38  43  11  22   0 0.01  0.0    0 12.2 25  60   M    M   9 1      32  50
16  57  33  45  12  20   0 0.00  0.0    0  9.4 18 350   M    M   2        25 350
17  59  33  46  13  19   0 0.00  0.0    0  5.3 17 350   M    M   0        33 360
18  62  35  49  16  16   0 0.00  0.0    0  7.0 17 280   M    M   0        30 320
19  63  42  53  19  12   0 0.00  0.0    0  6.8 14 260   M    M   0        18 270
20  65  37  51  17  14   0 0.00  0.0    0  8.4 17 260   M    M   1        30 220
21  66  34  50  16  15   0 0.00  0.0    0  6.3 13 260   M    M   4        16 240
22  57  42  50  15  15   0 0.59  0.0    0  7.7 15 110   M    M   9 12     20 120
23  53  33  43   8  22   0 0.50    T    0  9.7 21  50   M    M  10 12     29 310
24  51  32  42   6  23   0    T  0.3    T 10.6 22 330   M    M   4 1      30 280
25  56  33  45   9  20   0 0.21  0.4    0  8.6 22 350   M    M   6 1      25 350
26  32  19  26 -10  39   0 0.03  0.4    T 13.4 22 350   M    M   2 1      28 360
27  44  17  31  -6  34   0 0.00  0.0    0  5.8 13 160   M    M   0        18 170
28  44  28  36  -1  29   0 0.17  0.0    0 12.4 18 160   M    M   8 1      31 190
29  50  37  44   7  21   0 0.06  0.0    0  8.2 20  20   M    M  10 12     26  10
30  37  34  36  -2  29   0 0.99    T    0 17.1 25 340   M    M  10 1      41 340
31  55  36  46   8  19   0 0.04  0.0    0  9.4 18 320   M    M   7 12     23 310
================================================================================
SM 1508  975       764   0  2.93     2.6 304.5          M      157
================================================================================
AV 48.6 31.5                               9.8 FASTST   M    M   5    MAX(MPH)
                                 MISC ---->  # 26 360               # 41  340
================================================================================
NOTES:
# LAST OF SEVERAL OCCURRENCES

COLUMN 17 PEAK WIND IN M.P.H.

PRELIMINARY LOCAL CLIMATOLOGICAL DATA (WS FORM: F-6) , PAGE 2

                                          STATION:  BINGHAMTON NY
                                          MONTH:    MARCH
                                          YEAR:     2010
                                          LATITUDE:   42 13 N
                                          LONGITUDE:  75 59 W

[TEMPERATURE DATA]      [PRECIPITATION DATA]       SYMBOLS USED IN COLUMN 16

AVERAGE MONTHLY: 40.0   TOTAL FOR MONTH:   2.93    1 = FOG OR MIST
DPTR FM NORMAL:   7.3   DPTR FM NORMAL:   -0.04    2 = FOG REDUCING VISIBILITY
HIGHEST:    66 ON 21    GRTST 24HR  1.05 ON 22-23      TO 1/4 MILE OR LESS
LOWEST:     17 ON 27                               3 = THUNDER
                        SNOW, ICE PELLETS, HAIL    4 = ICE PELLETS
                        TOTAL MONTH:   2.6 INCHES  5 = HAIL
                        GRTST 24HR   1.5 ON  3- 3  6 = FREEZING RAIN OR DRIZZLE
                        GRTST DEPTH:  19 ON  1     7 = DUSTSTORM OR SANDSTORM:
                                                       VSBY 1/2 MILE OR LESS
                                                   8 = SMOKE OR HAZE
[NO. OF DAYS WITH]      [WEATHER - DAYS WITH]      9 = BLOWING SNOW
                                                   X = TORNADO
MAX 32 OR BELOW:   1    0.01 INCH OR MORE:  14
MAX 90 OR ABOVE:   0    0.10 INCH OR MORE:   7
MIN 32 OR BELOW:  14    0.50 INCH OR MORE:   3
MIN  0 OR BELOW:   0    1.00 INCH OR MORE:   0

[HDD (BASE 65) ]
TOTAL THIS MO.   764    CLEAR  (SCALE 0-3)  13
DPTR FM NORMAL  -233    PTCLDY (SCALE 4-7)   7
TOTAL FM JUL 1  5865    CLOUDY (SCALE 8-10) 11
DPTR FM NORMAL  -373

[CDD (BASE 65) ]
TOTAL THIS MO.     0
DPTR FM NORMAL    -1    [PRESSURE DATA]
TOTAL FM JAN 1     0    HIGHEST SLP 30.41 ON 27
DPTR FM NORMAL    -1    LOWEST  SLP 29.49 ON 23

[REMARKS]
#FINAL-03-10#
