995
CXUS51 KBGM 010903 AAA
CF6BGM

PRELIMINARY LOCAL CLIMATOLOGICAL DATA (WS FORM: F-6)

                                          STATION:   BINGHAMTON NY
                                          MONTH:     SEPTEMBER
                                          YEAR:      2015
                                          LATITUDE:   42 13 N
                                          LONGITUDE:  75 59 W

  TEMPERATURE IN F:       :PCPN:    SNOW:  WIND      :SUNSHINE: SKY     :PK WND
================================================================================
1   2   3   4   5  6A  6B    7    8   9   10  11  12  13   14  15   16   17  18
                                     12Z  AVG MX 2MIN
DY MAX MIN AVG DEP HDD CDD  WTR  SNW DPTH SPD SPD DIR MIN PSBL S-S WX    SPD DR
================================================================================

 1  81  61  71   6   0   6 0.00  0.0    0  2.4  7  60   M    M   4 128    13 170
 2  83  60  72   8   0   7 0.00  0.0    0  4.0 14 320   M    M   3 128    18 320
 3  85  64  75  11   0  10 0.00  0.0    0  5.1 12 360   M    M   2 1238   14  10
 4  83  63  73   9   0   8 0.00  0.0    0  6.2 14 140   M    M   4 12     17 140
 5  82  63  73  10   0   8 0.00  0.0    0  6.0 12 150   M    M   3 1      15 140
 6  84  60  72   9   0   7 0.00  0.0    0  5.9 10 270   M    M   0 1      15 260
 7  89  66  78  15   0  13 0.00  0.0    0  7.3 13 240   M    M   2        17 240
 8  88  69  79  17   0  14 0.00  0.0    0  7.9 15 240   M    M   0        20 230
 9  86  65  76  14   0  11 0.01  0.0    0  8.3 25 300   M    M   4 1      40 270
10  65  60  63   1   2   0 0.11  0.0    0  6.8 12 360   M    M  10 1      14  20
11  76  55  66   5   0   1 0.00  0.0    0  6.5 12 320   M    M   2 12     16 320
12  67  53  60  -1   5   0 0.06  0.0    0  4.3 13 150   M    M   6 1      18 160
13  61  50  56  -5   9   0 0.04  0.0    0 10.0 16 280   M    M  10 12     23 270
14  68  49  59  -1   6   0 0.07  0.0    0 10.0 21 290   M    M   5 1      33 310
15  78  49  64   4   1   0 0.00  0.0    0  5.4 12 300   M    M   0        15 330
16  81  53  67   7   0   2 0.00  0.0    0  2.7  8  80   M    M   0        10 270
17  81  57  69  10   0   4 0.00  0.0    0  4.3 10 270   M    M   0        13 290
18  81  56  69  10   0   4 0.00  0.0    0  6.1 14 260   M    M   1        20 270
19  80  57  69  11   0   4 0.20  0.0    0  9.0 22 340   M    M   4 1      28 340
20  66  47  57  -1   8   0 0.01  0.0    0 10.3 21 360   M    M   4 1      27  10
21  59  43  51  -7  14   0 0.00  0.0    0  4.6 12 100   M    M   1        14 100
22  69  51  60   3   5   0    T  0.0    0  5.8 10 130   M    M   6        13 140
23  74  46  60   3   5   0 0.00  0.0    0  5.0 14 360   M    M   0        17  10
24  76  50  63   7   2   0 0.00  0.0    0  5.6 13  60   M    M   1        19  30
25  72  50  61   5   4   0 0.00  0.0    0  4.5  9 150   M    M   2        13 150
26  69  50  60   4   5   0 0.00  0.0    0  5.8 12 150   M    M   2 12     15 150
27  72  48  60   5   5   0 0.00  0.0    0  7.4 14 150   M    M   1        20 150
28  72  54  63   8   2   0    T  0.0    0  8.1 14 200   M    M   9        21 190
29  68  65  67  13   0   2 1.21  0.0    0  6.8 12 190   M    M  10 1      16 180
30  65  46  56   2   9   0 0.49  0.0    0 13.0 23  10   M    M  10 1      36  30
================================================================================
SM 2261 1660        82 101  2.20     0.0 195.1          M      106
================================================================================
AV 75.4 55.3                               6.5 FASTST   M    M   4    MAX(MPH)
                                 MISC ---->  # 25 300               # 40  270
================================================================================
NOTES:
# LAST OF SEVERAL OCCURRENCES

COLUMN 17 PEAK WIND IN M.P.H.

PRELIMINARY LOCAL CLIMATOLOGICAL DATA (WS FORM: F-6) , PAGE 2

                                          STATION:  BINGHAMTON NY
                                          MONTH:    SEPTEMBER
                                          YEAR:     2015
                                          LATITUDE:   42 13 N
                                          LONGITUDE:  75 59 W

[TEMPERATURE DATA]      [PRECIPITATION DATA]       SYMBOLS USED IN COLUMN 16

AVERAGE MONTHLY: 65.3   TOTAL FOR MONTH:   2.20    1 = FOG OR MIST
DPTR FM NORMAL:   5.8   DPTR FM NORMAL:   -1.43    2 = FOG REDUCING VISIBILITY
HIGHEST:    89 ON  7    GRTST 24HR  1.60 ON 29-30      TO 1/4 MILE OR LESS
LOWEST:     43 ON 21                               3 = THUNDER
                        SNOW, ICE PELLETS, HAIL    4 = ICE PELLETS
                        TOTAL MONTH:   0.0 INCH    5 = HAIL
                        GRTST 24HR     0.0         6 = FREEZING RAIN OR DRIZZLE
                        GRTST DEPTH:   0           7 = DUSTSTORM OR SANDSTORM:
                                                       VSBY 1/2 MILE OR LESS
                                                   8 = SMOKE OR HAZE
[NO. OF DAYS WITH]      [WEATHER - DAYS WITH]      9 = BLOWING SNOW
                                                   X = TORNADO
MAX 32 OR BELOW:   0    0.01 INCH OR MORE:   9
MAX 90 OR ABOVE:   0    0.10 INCH OR MORE:   4
MIN 32 OR BELOW:   0    0.50 INCH OR MORE:   1
MIN  0 OR BELOW:   0    1.00 INCH OR MORE:   1

[HDD (BASE 65) ]
TOTAL THIS MO.    82    CLEAR  (SCALE 0-3)  17
DPTR FM NORMAL  -112    PTCLDY (SCALE 4-7)   8
TOTAL FM JUL 1   131    CLOUDY (SCALE 8-10)  5
DPTR FM NORMAL  -126

[CDD (BASE 65) ]
TOTAL THIS MO.   101
DPTR FM NORMAL    70    [PRESSURE DATA]
TOTAL FM JAN 1   443    HIGHEST SLP 30.47 ON 26
DPTR FM NORMAL    64    LOWEST  SLP 29.63 ON 13

[REMARKS]
#FINAL-09-15#
2ND WARMEST SEPTEMBER
