000
CXUS51 KBGM 011815 CCA
CF6BGM

PRELIMINARY LOCAL CLIMATOLOGICAL DATA (WS FORM: F-6)

                                          STATION:   BINGHAMTON NY
                                          MONTH:     FEBRUARY
                                          YEAR:      2014
                                          LATITUDE:   42 13 N
                                          LONGITUDE:  75 59 W

  TEMPERATURE IN F:       :PCPN:    SNOW:  WIND      :SUNSHINE: SKY     :PK WND
================================================================================
1   2   3   4   5  6A  6B    7    8   9   10  11  12  13   14  15   16   17  18
                                     12Z  AVG MX 2MIN
DY MAX MIN AVG DEP HDD CDD  WTR  SNW DPTH SPD SPD DIR MIN PSBL S-S WX    SPD DR
================================================================================

 1  38  26  32   9  33   0 0.02    T    2  8.1 20 180   M    M   6        29 170
 2  38  26  32   9  33   0    T    T    1  7.2 14 350   M    M   9 1      20 350
 3  26  15  21  -2  44   0 0.01    T    1  7.5 14 360   M    M  10        18 360
 4  25  13  19  -4  46   0    T    T    1  2.7 12 350   M    M   5 18     13  80
 5  24  13  19  -4  46   0 1.29 13.2   12  8.8 20 330   M    M  10 128    25 350
 6  19   5  12 -11  53   0    T    T   14  4.6 20 340   M    M   5 18     24 340
 7  21   7  14  -9  51   0 0.00  0.0   12  7.7 15 250   M    M   5        20 260
 8  18   3  11 -13  54   0 0.00  0.0   12  5.0 12 250   M    M   3        16 270
 9  17   6  12 -12  53   0 0.17  2.0   11  5.2 14 300   M    M   8 128    18 300
10  18   7  13 -11  52   0    T  0.1   13  7.5 15 290   M    M   7 18     22 290
11  14   1   8 -16  57   0    T    T   11  6.3 15 350   M    M   4 8      18 330
12  21  -3   9 -15  56   0 0.00  0.0   11  5.9 14 160   M    M   1        21 150
13  27  15  21  -3  44   0 0.49  4.3   11 11.5 22 360   M    M  10 12     28 350
14  31  20  26   2  39   0 0.14  1.8   16 13.0 22 270   M    M  10 1      31 270
15  27  15  21  -4  44   0 0.11  1.8   15  8.6 21 320   M    M  10 18     29 330
16  15   7  11 -14  54   0 0.03  1.1   16  8.4 18 330   M    M  10 18     28 330
17  24   2  13 -12  52   0    T    T   17  6.5 20 160   M    M   1 1      25 170
18  31  20  26   1  39   0 0.04  0.9   15 11.3 25 180   M    M   8 128    38 170
19  38  21  30   4  35   0 0.06  0.2   16  9.7 20 280   M    M   6 1      26 270
20  42  26  34   8  31   0 0.11    T   16  9.0 18 170   M    M   4 1      25 170
21  46  35  41  15  24   0 0.27  0.0   11 11.3 23 280   M    M   7 12     30 270
22  45  31  38  12  27   0 0.00  0.0    8 14.0 31 260   M    M   1        41 270
23  42  26  34   8  31   0 0.00  0.0    7  7.8 17 250   M    M   6        28 320
24  26  14  20  -7  45   0    T  0.4    7 11.4 20 280   M    M   8 128    29 300
25  19  12  16 -11  49   0    T  0.1    7  8.2 18 270   M    M   8 18     25 270
26  15   5  10 -17  55   0    T    T    7  7.5 24 270   M    M   6 18     30 260
27  19   0  10 -17  55   0 0.01  0.2    7 13.7 30 280   M    M   8 1289   40 270
28  15  -4   6 -22  59   0 0.00  0.0    7  5.8 16 280   M    M   1        22 270
================================================================================
SM  741  364      1261   0  2.75    26.1 234.2          M      177
================================================================================
AV 26.5 13.0                               8.4 FASTST   M    M   6    MAX(MPH)
                                 MISC ---->  # 31 260               # 41  270
================================================================================
NOTES:
# LAST OF SEVERAL OCCURRENCES

COLUMN 17 PEAK WIND IN M.P.H.

PRELIMINARY LOCAL CLIMATOLOGICAL DATA (WS FORM: F-6) , PAGE 2

                                          STATION:  BINGHAMTON NY
                                          MONTH:    FEBRUARY
                                          YEAR:     2014
                                          LATITUDE:   42 13 N
                                          LONGITUDE:  75 59 W

[TEMPERATURE DATA]      [PRECIPITATION DATA]       SYMBOLS USED IN COLUMN 16

AVERAGE MONTHLY: 19.7   TOTAL FOR MONTH:   2.75    1 = FOG OR MIST
DPTR FM NORMAL:  -5.0   DPTR FM NORMAL:    0.44    2 = FOG REDUCING VISIBILITY
HIGHEST:    46 ON 21    GRTST 24HR  1.29 ON  5- 5      TO 1/4 MILE OR LESS
LOWEST:     -4 ON 28                               3 = THUNDER
                        SNOW, ICE PELLETS, HAIL    4 = ICE PELLETS
                        TOTAL MONTH:  26.1 INCHES  5 = HAIL
                        GRTST 24HR  13.2 ON   M    6 = FREEZING RAIN OR DRIZZLE
                        GRTST DEPTH:  17 ON 17 16  7 = DUSTSTORM OR SANDSTORM:
                                                       VSBY 1/2 MILE OR LESS
                                                   8 = SMOKE OR HAZE
[NO. OF DAYS WITH]      [WEATHER - DAYS WITH]      9 = BLOWING SNOW
                                                   X = TORNADO
MAX 32 OR BELOW:  21    0.01 INCH OR MORE:  13
MAX 90 OR ABOVE:   0    0.10 INCH OR MORE:   7
MIN 32 OR BELOW:  27    0.50 INCH OR MORE:   1
MIN  0 OR BELOW:   3    1.00 INCH OR MORE:   1

[HDD (BASE 65) ]
TOTAL THIS MO.  1261    CLEAR  (SCALE 0-3)   5
DPTR FM NORMAL   134    PTCLDY (SCALE 4-7)  15
TOTAL FM JUL 1  5471    CLOUDY (SCALE 8-10)  8
DPTR FM NORMAL   272

[CDD (BASE 65) ]
TOTAL THIS MO.     0
DPTR FM NORMAL     0    [PRESSURE DATA]
TOTAL FM JAN 1     0    HIGHEST SLP 30.52 ON 12
DPTR FM NORMAL     0    LOWEST  SLP 29.24 ON 14

[REMARKS]
#FINAL-02-14#
ADDED GREATEST SNOW DEPTH DATE
