000
CXUS51 KBGM 010934 CCA
CF6BGM

PRELIMINARY LOCAL CLIMATOLOGICAL DATA (WS FORM: F-6)

                                          STATION:   BINGHAMTON NY
                                          MONTH:     OCTOBER
                                          YEAR:      2013
                                          LATITUDE:   42 13 N
                                          LONGITUDE:  75 59 W

  TEMPERATURE IN F:       :PCPN:    SNOW:  WIND      :SUNSHINE: SKY     :PK WND
================================================================================
1   2   3   4   5  6A  6B    7    8   9   10  11  12  13   14  15   16   17  18
                                     12Z  AVG MX 2MIN
DY MAX MIN AVG DEP HDD CDD  WTR  SNW DPTH SPD SPD DIR MIN PSBL S-S WX    SPD DR
================================================================================

 1  73  52  63   9   2   0 0.00  0.0    0  3.5 13 280   M    M   4 1      16 260
 2  74  54  64  11   1   0 0.00  0.0    0  7.4 17 290   M    M   3        23 260
 3  71  50  61   8   4   0 0.00  0.0    0  3.3  9 270   M    M   2 12     14 340
 4  77  62  70  18   0   5 0.43  0.0    0  4.4 13 360   M    M   8 123    17 250
 5  73  61  67  15   0   2 0.23  0.0    0  3.4  9  70   M    M  10 123    12  80
 6  77  63  70  18   0   5    T  0.0    0 10.3 23 150   M    M   7 128    29 140
 7  70  48  59   8   6   0 0.99  0.0    0 12.1 28 270   M    M   7 12     38 270
 8  61  45  53   2  12   0 0.00  0.0    0  6.6 15 350   M    M   1        18  10
 9  62  37  50  -1  15   0 0.00  0.0    0  3.6 12 130   M    M   0 1      15 140
10  60  42  51   1  14   0    T  0.0    0  2.4  7  30   M    M   4         8  30
11  69  51  60  10   5   0 0.00  0.0    0  4.6  8  70   M    M   5        12 100
12  71  44  58   8   7   0 0.00  0.0    0  8.1 15 150   M    M   0        22 150
13  65  50  58   9   7   0 0.00  0.0    0  8.3 15 130   M    M   9        20 130
14  57  50  54   5  11   0 0.01  0.0    0  4.6 10 160   M    M  10 18     14 160
15  69  52  61  12   4   0 0.00  0.0    0  5.3 13 220   M    M   7        16 160
16  59  52  56   8   9   0    T  0.0    0  7.9 14 180   M    M   5        24 190
17  64  50  57   9   8   0 0.23  0.0    0  6.1 17 300   M    M   6 1      28 290
18  57  46  52   4  13   0    T  0.0    0 11.0 22 270   M    M   4 1      28 280
19  58  44  51   4  14   0 0.17  0.0    0  8.6 22 280   M    M   5 1      31 270
20  52  39  46  -1  19   0 0.00  0.0    0  7.3 16 260   M    M   6        22 250
21  62  43  53   6  12   0 0.00  0.0    0  9.9 20 210   M    M   2        26 200
22  54  38  46   0  19   0 0.01  0.0    0  8.4 21 270   M    M   5        29 270
23  46  33  40  -6  25   0 0.08    T    0  4.9 14 300   M    M   7 1      18 290
24  45  30  38  -8  27   0    T    T    0 11.6 23 270   M    M   6 1      29 260
25  45  33  39  -7  26   0 0.06    T    T  6.8 17 330   M    M   8 1      22 280
26  46  33  40  -5  25   0    T  0.0    0 13.3 24 220   M    M   7        32 230
27  45  35  40  -5  25   0    T  0.0    0  9.0 17 260   M    M   8        23 260
28  49  33  41  -4  24   0 0.00  0.0    0  6.9 14 260   M    M   7        18 260
29  46  31  39  -5  26   0 0.00  0.0    0  2.2  8 360   M    M   6        12  10
30  57  36  47   3  18   0 0.01  0.0    0  3.8  8 140   M    M   4        12 210
31  59  43  51   7  14   0 0.59  0.0    0  9.3 21 210   M    M   8 12     32 200
================================================================================
SM 1873 1380       392  12  2.81    T    214.9          M      171
================================================================================
AV 60.4 44.5                               6.9 FASTST   M    M   6    MAX(MPH)
                                 MISC ---->  # 28 270               # 38  270
================================================================================
NOTES:
# LAST OF SEVERAL OCCURRENCES

COLUMN 17 PEAK WIND IN M.P.H.

PRELIMINARY LOCAL CLIMATOLOGICAL DATA (WS FORM: F-6) , PAGE 2

                                          STATION:  BINGHAMTON NY
                                          MONTH:    OCTOBER
                                          YEAR:     2013
                                          LATITUDE:   42 13 N
                                          LONGITUDE:  75 59 W

[TEMPERATURE DATA]      [PRECIPITATION DATA]       SYMBOLS USED IN COLUMN 16

AVERAGE MONTHLY: 52.5   TOTAL FOR MONTH:   2.81    1 = FOG OR MIST
DPTR FM NORMAL:   4.0   DPTR FM NORMAL:   -0.52    2 = FOG REDUCING VISIBILITY
HIGHEST:    77 ON  6, 4 GRTST 24HR  0.99 ON  7- 7      TO 1/4 MILE OR LESS
LOWEST:     30 ON 24                               3 = THUNDER
                        SNOW, ICE PELLETS, HAIL    4 = ICE PELLETS
                        TOTAL MONTH:    T          5 = HAIL
                        GRTST 24HR    T  ON 25-25  6 = FREEZING RAIN OR DRIZZLE
                        GRTST DEPTH:   T           7 = DUSTSTORM OR SANDSTORM:
                                                       VSBY 1/2 MILE OR LESS
                                                   8 = SMOKE OR HAZE
[NO. OF DAYS WITH]      [WEATHER - DAYS WITH]      9 = BLOWING SNOW
                                                   X = TORNADO
MAX 32 OR BELOW:   0    0.01 INCH OR MORE:  11
MAX 90 OR ABOVE:   0    0.10 INCH OR MORE:   6
MIN 32 OR BELOW:   2    0.50 INCH OR MORE:   2
MIN  0 OR BELOW:   0    1.00 INCH OR MORE:   0

[HDD (BASE 65) ]
TOTAL THIS MO.   392    CLEAR  (SCALE 0-3)   6
DPTR FM NORMAL  -123    PTCLDY (SCALE 4-7)  20
TOTAL FM JUL 1   684    CLOUDY (SCALE 8-10)  5
DPTR FM NORMAL   -88

[CDD (BASE 65) ]
TOTAL THIS MO.    12
DPTR FM NORMAL    10    [PRESSURE DATA]
TOTAL FM JAN 1   480    HIGHEST SLP 30.43 ON 29
DPTR FM NORMAL    99    LOWEST  SLP 29.57 ON 31

[REMARKS]
#FINAL-10-13#
