000
CXUS51 KBGM 050240
CF6BGM
PRELIMINARY LOCAL CLIMATOLOGICAL DATA (WS FORM: F-6)

                                          STATION:   BINGHAMTON NY
                                          MONTH:     SEPTEMBER
                                          YEAR:      2013
                                          LATITUDE:   42 13 N
                                          LONGITUDE:  75 59 W

  TEMPERATURE IN F:       :PCPN:    SNOW:  WIND      :SUNSHINE: SKY     :PK WND
================================================================================
1   2   3   4   5  6A  6B    7    8   9   10  11  12  13   14  15   16   17  18
                                     12Z  AVG MX 2MIN
DY MAX MIN AVG DEP HDD CDD  WTR  SNW DPTH SPD SPD DIR MIN PSBL S-S WX    SPD DR
================================================================================

 1  81  67  74   9   0   9 0.00  0.0    0  3.1  8 190   M    M   7 128    12 190
 2  80  65  73   9   0   8 0.76  0.0    0  5.6 18 340   M    M   5 1238   25 350
 3  66  57  62  -2   3   0    T  0.0    0  6.7 15 280   M    M   8        20 280
 4  75  52  64   0   1   0 0.00  0.0    0  7.0 15 260   M    M   2 1      21 270
 5  65  46  56  -7   9   0 0.04  0.0    0  9.0 18 350   M    M   4 1      24 360
 6  65  42  54  -9  11   0 0.00  0.0    0  2.4  9 350   M    M   0        30  80
 7  69  50  60  -3   5   0    T  0.0    0  5.5 10 240   M    M   4        14 250
 8  65  46  56  -6   9   0 0.01  0.0    0 10.5 22 350   M    M   5 12     28 340
 9  71  40  56  -6   9   0 0.00  0.0    0  7.0 16 200   M    M   2 1      24 180
10  84  62  73  11   0   8 0.09  0.0    0  9.1 16 210   M    M   4 18     22 210
11  88  66  77  16   0  12 0.77  0.0    0  7.0 21 210   M    M   2 1238   28 210
12  77  60  69   8   0   4 0.25  0.0    0  6.0 16 290   M    M   6 1238   23 320
13  60  47  54  -7  11   0 0.40  0.0    0  9.1 21 350   M    M   9 1      26 350
14  54  42  48 -12  17   0 0.01  0.0    0  5.5 14 270   M    M   7 1      20 340
15  63  36  50 -10  15   0 0.00  0.0    0  4.3 12 250   M    M   0 1      16 240
16  60  40  50 -10  15   0 0.03  0.0    0  7.5 17 350   M    M   8 1      22 320
17  61  36  49 -10  16   0 0.00  0.0    0  4.3 10  50   M    M   0        14  80
18  67  42  55  -4  10   0 0.00  0.0    0  5.4 12 180   M    M   0        15 230
19  72  45  59   1   6   0 0.00  0.0    0  3.7  8 170   M    M   0        12 170
20  74  51  63   5   2   0 0.00  0.0    0  6.6 14 180   M    M   0        20 220
21  66  55  61   3   4   0 0.54  0.0    0  8.5 21 190   M    M   8 12     31 180
22  56  45  51  -6  14   0 0.01  0.0    0  8.1 16 340   M    M   8 1      23 300
23  53  40  47 -10  18   0 0.00  0.0    0  7.9 17 360   M    M   7        23 350
24  63  39  51  -5  14   0 0.00  0.0    0  7.3 14 320   M    M   2 12     21 350
25  68  38  53  -3  12   0 0.00  0.0    0  4.7 12  10   M    M   0 12     15  10
26  69  43  56   0   9   0 0.00  0.0    0  4.5 10 360   M    M   2 8      14  10
27  68  44  56   1   9   0 0.00  0.0    0  4.1 12  60   M    M   2 1      14  60
28  67  45  56   1   9   0 0.00  0.0    0  4.8 10 200   M    M   3        16 150
29  67  47  57   3   8   0 0.00  0.0    0  5.7 13 200   M    M   2        21 250
30  72  47  60   6   5   0 0.00  0.0    0  2.6 12 260   M    M   1        14 240
================================================================================
SM 2046 1435       241  41  2.91     0.0 183.5          M      108
================================================================================
AV 68.2 47.8                               6.1 FASTST   M    M   4    MAX(MPH)
                                 MISC ---->  # 22 350               # 31  180
================================================================================
NOTES:
# LAST OF SEVERAL OCCURRENCES

COLUMN 17 PEAK WIND IN M.P.H.

PRELIMINARY LOCAL CLIMATOLOGICAL DATA (WS FORM: F-6) , PAGE 2

                                          STATION:  BINGHAMTON NY
                                          MONTH:    SEPTEMBER
                                          YEAR:     2013
                                          LATITUDE:   42 13 N
                                          LONGITUDE:  75 59 W

[TEMPERATURE DATA]      [PRECIPITATION DATA]       SYMBOLS USED IN COLUMN 16

AVERAGE MONTHLY: 58.0   TOTAL FOR MONTH:   2.91    1 = FOG OR MIST
DPTR FM NORMAL:  -1.6   DPTR FM NORMAL:   -0.72    2 = FOG REDUCING VISIBILITY
HIGHEST:    88 ON 11    GRTST 24HR  0.79 ON 11-12      TO 1/4 MILE OR LESS
LOWEST:     36 ON 17,15                            3 = THUNDER
                        SNOW, ICE PELLETS, HAIL    4 = ICE PELLETS
                        TOTAL MONTH:   0.0 INCH    5 = HAIL
                        GRTST 24HR     0.0         6 = FREEZING RAIN OR DRIZZLE
                        GRTST DEPTH:   0           7 = DUSTSTORM OR SANDSTORM:
                                                       VSBY 1/2 MILE OR LESS
                                                   8 = SMOKE OR HAZE
[NO. OF DAYS WITH]      [WEATHER - DAYS WITH]      9 = BLOWING SNOW
                                                   X = TORNADO
MAX 32 OR BELOW:   0    0.01 INCH OR MORE:  11
MAX 90 OR ABOVE:   0    0.10 INCH OR MORE:   5
MIN 32 OR BELOW:   0    0.50 INCH OR MORE:   3
MIN  0 OR BELOW:   0    1.00 INCH OR MORE:   0

[HDD (BASE 65) ]
TOTAL THIS MO.   241    CLEAR  (SCALE 0-3)  15
DPTR FM NORMAL    47    PTCLDY (SCALE 4-7)  14
TOTAL FM JUL 1   292    CLOUDY (SCALE 8-10)  1
DPTR FM NORMAL    35

[CDD (BASE 65) ]
TOTAL THIS MO.    41
DPTR FM NORMAL    10    [PRESSURE DATA]
TOTAL FM JAN 1   468    HIGHEST SLP 30.49 ON 17
DPTR FM NORMAL    89    LOWEST  SLP 29.66 ON 21

[REMARKS]
#FINAL-09-13#
