000
CXUS51 KBGM 030140 CCA
CF6BGM

PRELIMINARY LOCAL CLIMATOLOGICAL DATA (WS FORM: F-6)

                                          STATION:   BINGHAMTON NY
                                          MONTH:     MARCH
                                          YEAR:      2016
                                          LATITUDE:   42 13 N
                                          LONGITUDE:  75 59 W

  TEMPERATURE IN F:       :PCPN:    SNOW:  WIND      :SUNSHINE: SKY     :PK WND
================================================================================
1   2   3   4   5  6A  6B    7    8   9   10  11  12  13   14  15   16   17  18
                                     12Z  AVG MX 2MIN
DY MAX MIN AVG DEP HDD CDD  WTR  SNW DPTH SPD SPD DIR MIN PSBL S-S WX    SPD DR
================================================================================

 1  48  17  33   5  32   0 0.00  0.0    0 10.9 25 160   M    M   5        38 160
 2  47  17  32   4  33   0 0.06    T    0 16.3 29 280   M    M   9 1      40 240
 3  27  12  20  -8  45   0    T    T    T  8.1 16 310   M    M   4        23 320
 4  29  17  23  -6  42   0 0.02  0.4    T  7.5 13 350   M    M   9 1      17 350
 5  29  14  22  -7  43   0 0.00  0.0    T  4.5  9 360   M    M   6        12 100
 6  36  20  28  -1  37   0    T  0.2    T  3.9 10 230   M    M   6 18     14 260
 7  60  30  45  15  20   0 0.00  0.0    0  9.4 21 250   M    M   5        29 250
 8  66  41  54  24  11   0    T  0.0    0  6.0 13 280   M    M   6        17 250
 9  72  52  62  32   3   0    T  0.0    0 10.2 21 220   M    M   1        31 240
10  63  50  57  26   8   0 0.45  0.0    0  6.3 17  10   M    M  10 1      21  10
11  50  28  39   8  26   0 0.04  0.0    0  9.1 18 340   M    M   7 1      26 300
12  61  23  42  11  23   0 0.00  0.0    0  6.1 16 260   M    M   2 12     23 240
13  53  40  47  15  18   0    T  0.0    0  6.4 18 140   M    M   2        24 150
14  43  36  40   8  25   0 0.34  0.0    0 14.7 24 150   M    M  10 1      34 170
15  50  39  45  13  20   0 0.00  0.0    0  7.6 18 130   M    M  10 1      26 130
16  62  42  52  19  13   0 0.04    T    0  7.3 23 350   M    M   7 1235   32 350
17  57  38  48  15  17   0    T  0.0    0 11.1 26 280   M    M   4        36 340
18  40  28  34   1  31   0    T    T    0 11.5 23 280   M    M   8 1      29 260
19  37  19  28  -6  37   0 0.00  0.0    0  9.0 15 350   M    M   0        19  10
20  37  16  27  -7  38   0 0.00  0.0    0  4.7 10  70   M    M   7        12  70
21  36  23  30  -4  35   0 0.02  0.4    0 10.1 23 350   M    M   6 128    32 310
22  48  21  35   0  30   0    T    T    T  9.3 23 220   M    M   6        32 230
23  57  37  47  12  18   0 0.01  0.0    0  8.5 18 350   M    M  10        21 260
24  66  35  51  15  14   0 0.00  0.0    0 12.7 25 160   M    M   4        38 170
25  59  28  44   8  21   0 0.08  0.0    0 11.9 22 350   M    M  10 1      29 230
26  51  27  39   3  26   0 0.00  0.0    0  5.4 16 350   M    M   4        21 350
27  54  33  44   7  21   0 0.00  0.0    0 10.2 18 180   M    M   4        23 180
28  54  33  44   7  21   0 0.34    T    0 16.1 32 260   M    M  10 1      44 250
29  39  28  34  -4  31   0    T    T    0 14.7 26 340   M    M   4 1      38 320
30  58  24  41   3  24   0 0.00  0.0    0 10.3 21 200   M    M   0        31 200
31  66  47  57  18   8   0 0.00  0.0    0 14.7 24 200   M    M   4        35 180
================================================================================
SM 1555  915       771   0  1.40     1.0 294.5          M      180
================================================================================
AV 50.2 29.5                               9.5 FASTST   M    M   6    MAX(MPH)
                                 MISC ---->  # 32 260               # 44  250
================================================================================
NOTES:
# LAST OF SEVERAL OCCURRENCES

COLUMN 17 PEAK WIND IN M.P.H.

PRELIMINARY LOCAL CLIMATOLOGICAL DATA (WS FORM: F-6) , PAGE 2

                                          STATION:  BINGHAMTON NY
                                          MONTH:    MARCH
                                          YEAR:     2016
                                          LATITUDE:   42 13 N
                                          LONGITUDE:  75 59 W

[TEMPERATURE DATA]      [PRECIPITATION DATA]       SYMBOLS USED IN COLUMN 16

AVERAGE MONTHLY: 39.8   TOTAL FOR MONTH:   1.40    1 = FOG OR MIST
DPTR FM NORMAL:   7.0   DPTR FM NORMAL:   -1.59    2 = FOG REDUCING VISIBILITY
HIGHEST:    72 ON  9    GRTST 24HR  0.49 ON 10-11      TO 1/4 MILE OR LESS
LOWEST:     12 ON  3                               3 = THUNDER
                        SNOW, ICE PELLETS, HAIL    4 = ICE PELLETS
                        TOTAL MONTH:   1.0 INCH    5 = HAIL
                        GRTST 24HR   0.4 ON 4,21   6 = FREEZING RAIN OR DRIZZLE
                        GRTST DEPTH:   T           7 = DUSTSTORM OR SANDSTORM:
                                                       VSBY 1/2 MILE OR LESS
                                                   8 = SMOKE OR HAZE
[NO. OF DAYS WITH]      [WEATHER - DAYS WITH]      9 = BLOWING SNOW
                                                   X = TORNADO
MAX 32 OR BELOW:   3    0.01 INCH OR MORE:  10
MAX 90 OR ABOVE:   0    0.10 INCH OR MORE:   3
MIN 32 OR BELOW:  18    0.50 INCH OR MORE:   0
MIN  0 OR BELOW:   0    1.00 INCH OR MORE:   0

[HDD (BASE 65) ]
TOTAL THIS MO.   771    CLEAR  (SCALE 0-3)   5
DPTR FM NORMAL  -226    PTCLDY (SCALE 4-7)  18
TOTAL FM JUL 1  5129    CLOUDY (SCALE 8-10)  8
DPTR FM NORMAL -1067

[CDD (BASE 65) ]
TOTAL THIS MO.     0
DPTR FM NORMAL     0    [PRESSURE DATA]
TOTAL FM JAN 1     0    HIGHEST SLP 30.41 ON 11
DPTR FM NORMAL     0    LOWEST  SLP 29.35 ON  2

[REMARKS]
#FINAL-03-16#
4TH WARMEST MARCH
4TH LEAST MARCH PRECIPITATION
2ND LEAST MARCH SNOWFALL
