000
CXUS51 KBGM 041637 CCA
CF6BGM

PRELIMINARY LOCAL CLIMATOLOGICAL DATA (WS FORM: F-6)

                                          STATION:   BINGHAMTON NY
                                          MONTH:     JANUARY
                                          YEAR:      2014
                                          LATITUDE:   42 13 N
                                          LONGITUDE:  75 59 W

  TEMPERATURE IN F:       :PCPN:    SNOW:  WIND      :SUNSHINE: SKY     :PK WND
================================================================================
1   2   3   4   5  6A  6B    7    8   9   10  11  12  13   14  15   16   17  18
                                     12Z  AVG MX 2MIN
DY MAX MIN AVG DEP HDD CDD  WTR  SNW DPTH SPD SPD DIR MIN PSBL S-S WX    SPD DR
================================================================================

 1  19  12  16  -7  49   0 0.05  1.0    2  4.5  9 340   M    M  10 18     10  60
 2  15   7  11 -12  54   0 0.58  9.2    5  9.0 14 360   M    M  10 12     18  50
 3   7  -4   2 -21  63   0 0.07  1.0   11 10.6 22 330   M    M   5 189    32 330
 4  23  -5   9 -14  56   0 0.00  0.0   10  9.3 18 180   M    M   2        25 190
 5  44  14  29   6  36   0 0.17  0.0    8  8.8 21 160   M    M   6 1      30 160
 6  49   0  25   3  40   0 0.23  1.6    1 15.1 28 280   M    M   9 129    37 280
 7   0  -8  -4 -26  69   0    T    T    2 16.6 29 270   M    M   4 8      38 270
 8  14  -3   6 -16  59   0    T    T    1  8.0 14 240   M    M   4        18 250
 9  25  14  20  -2  45   0 0.01  0.2    1  5.0 10 180   M    M   6 18     15 190
10  34  21  28   6  37   0 0.28  3.8    3  7.1 14 150   M    M  10 12     17 160
11  52  34  43  21  22   0 0.94  0.0    T 12.4 24 280   M    M  10 12     36 280
12  39  28  34  12  31   0    T    T    0 12.3 23 290   M    M   8        33 290
13  46  28  37  15  28   0 0.01  0.0    0  8.6 15 190   M    M   2        23 170
14  42  31  37  15  28   0 0.32  0.0    0  6.0 14 350   M    M  10 1      18 190
15  38  26  32  10  33   0 0.02  0.4    0  5.8 14 360   M    M   7 1      18 230
16  31  23  27   5  38   0 0.01  0.1    T  3.3 14 360   M    M   6 18     16 340
17  35  22  29   7  36   0 0.00  0.0    T  6.1 13 240   M    M   6        17 200
18  28  16  22   0  43   0 0.12  2.7    T  7.7 15 270   M    M   9 12     18 300
19  28  12  20  -2  45   0 0.02  0.1    2 10.5 20 240   M    M   9 18     28 230
20  30  11  21  -1  44   0 0.02  0.5    2  9.2 17 330   M    M  10 18     24 330
21  11  -6   3 -19  62   0    T  0.1    2  9.5 17 350   M    M   4 18     21 350
22   3 -11  -4 -26  69   0    T    T    2  9.1 16 340   M    M   2 18     23 320
23  11  -4   4 -18  61   0 0.01  0.1    1  7.0 15 290   M    M   8 18     24 290
24  13  -3   5 -17  60   0 0.00  0.0    1 11.5 20 190   M    M   4 18     30 190
25  22   9  16  -6  49   0 0.06  1.7    1 12.1 21 330   M    M  10 12     32 330
26  20   2  11 -11  54   0    T  0.1    2 10.8 18 310   M    M   7 18     26 320
27  34   3  19  -3  46   0 0.02  0.6    2 12.0 29 280   M    M   6 128    36 270
28   7  -4   2 -20  63   0    T    T    2  7.9 17 260   M    M   2 18     20 240
29  14  -4   5 -17  60   0 0.00  0.0    2 10.1 21 250   M    M   0        29 260
30  24   3  14  -8  51   0 0.00  0.0    2  8.4 20 190   M    M   0        26 200
31  30  19  25   3  40   0 0.00  0.0    2  6.5 17 190   M    M   9        26 200
================================================================================
SM  788  283      1471   0  2.94    23.2 280.8          M      195
================================================================================
AV 25.4  9.1                               9.1 FASTST   M    M   6    MAX(MPH)
                                 MISC ---->  # 29 270               # 38  270
================================================================================
NOTES:
# LAST OF SEVERAL OCCURRENCES

COLUMN 17 PEAK WIND IN M.P.H.

PRELIMINARY LOCAL CLIMATOLOGICAL DATA (WS FORM: F-6) , PAGE 2

                                          STATION:  BINGHAMTON NY
                                          MONTH:    JANUARY
                                          YEAR:     2014
                                          LATITUDE:   42 13 N
                                          LONGITUDE:  75 59 W

[TEMPERATURE DATA]      [PRECIPITATION DATA]       SYMBOLS USED IN COLUMN 16

AVERAGE MONTHLY: 17.3   TOTAL FOR MONTH:   2.94    1 = FOG OR MIST
DPTR FM NORMAL:  -4.9   DPTR FM NORMAL:    0.49    2 = FOG REDUCING VISIBILITY
HIGHEST:    52 ON 11    GRTST 24HR  0.95 ON 10-11      TO 1/4 MILE OR LESS
LOWEST:    -11 ON 22                               3 = THUNDER
                        SNOW, ICE PELLETS, HAIL    4 = ICE PELLETS
                        TOTAL MONTH:  23.2 INCHES  5 = HAIL
                        GRTST 24HR   9.4 ON 2-3    6 = FREEZING RAIN OR DRIZZLE
                        GRTST DEPTH:  11 ON 2, 3   7 = DUSTSTORM OR SANDSTORM:
                                                       VSBY 1/2 MILE OR LESS
                                                   8 = SMOKE OR HAZE
[NO. OF DAYS WITH]      [WEATHER - DAYS WITH]      9 = BLOWING SNOW
                                                   X = TORNADO
MAX 32 OR BELOW:  21    0.01 INCH OR MORE:  18
MAX 90 OR ABOVE:   0    0.10 INCH OR MORE:   7
MIN 32 OR BELOW:  30    0.50 INCH OR MORE:   2
MIN  0 OR BELOW:  11    1.00 INCH OR MORE:   0

[HDD (BASE 65) ]
TOTAL THIS MO.  1471    CLEAR  (SCALE 0-3)   6
DPTR FM NORMAL   144    PTCLDY (SCALE 4-7)  13
TOTAL FM JUL 1  4210    CLOUDY (SCALE 8-10) 12
DPTR FM NORMAL   138

[CDD (BASE 65) ]
TOTAL THIS MO.     0
DPTR FM NORMAL     0    [PRESSURE DATA]
TOTAL FM JAN 1     0    HIGHEST SLP 30.64 ON  9
DPTR FM NORMAL     0    LOWEST  SLP 29.27 ON 11

[REMARKS]
#FINAL-01-14#
