000
CXUS51 KBGM 012048
CF6BGM
PRELIMINARY LOCAL CLIMATOLOGICAL DATA (WS FORM: F-6)

                                          STATION:   BINGHAMTON NY
                                          MONTH:     AUGUST
                                          YEAR:      2013
                                          LATITUDE:   42 13 N
                                          LONGITUDE:  75 59 W

  TEMPERATURE IN F:       :PCPN:    SNOW:  WIND      :SUNSHINE: SKY     :PK WND
================================================================================
1   2   3   4   5  6A  6B    7    8   9   10  11  12  13   14  15   16   17  18
                                     12Z  AVG MX 2MIN
DY MAX MIN AVG DEP HDD CDD  WTR  SNW DPTH SPD SPD DIR MIN PSBL S-S WX    SPD DR
================================================================================

 1  75  60  68  -1   0   3 0.20  0.0    0  6.1 18  10   M    M   7 12     23  10
 2  73  59  66  -3   0   1 0.18  0.0    0  5.0 20 360   M    M   7 123    29 350
 3  75  57  66  -3   0   1 0.00  0.0    0  7.9 15 330   M    M   2        21 290
 4  69  53  61  -8   4   0 0.01  0.0    0  8.3 21 340   M    M   3        28 290
 5  70  51  61  -8   4   0 0.00  0.0    0  5.1 17 340   M    M   2        21 340
 6  71  51  61  -8   4   0 0.00  0.0    0  5.1 10 140   M    M   5        17 340
 7  69  59  64  -4   1   0 0.00  0.0    0  8.1 14 180   M    M   9        22 170
 8  79  64  72   4   0   7 2.03  0.0    0  6.8 15 230   M    M   5 123    21 290
 9  77  63  70   2   0   5 0.84  0.0    0  5.3 12 340   M    M   4 1238   16 320
10  73  56  65  -3   0   0 0.00  0.0    0  7.4 16 320   M    M   1 1      21 310
11  74  51  63  -5   2   0 0.00  0.0    0  4.6 13 260   M    M   2        18 280
12  76  57  67  -1   0   2 0.00  0.0    0  3.5 13 250   M    M   3        16 230
13  75  53  64  -4   1   0 0.57  0.0    0  7.1 26 340   M    M   7 123    39 280
14  65  48  57 -11   8   0 0.01  0.0    0  8.5 18 310   M    M   6 18     26 330
15  69  48  59  -9   6   0 0.00  0.0    0  5.4 12 260   M    M   3        17 300
16  72  54  63  -5   2   0 0.00  0.0    0  4.4 13 270   M    M   4        17 310
17  75  50  63  -5   2   0 0.00  0.0    0  1.5  9 140   M    M   0        13 150
18  72  57  65  -3   0   0    T  0.0    0  1.9  8 230   M    M   0        10 240
19  74  58  66  -1   0   1 0.00  0.0    0  5.5 10 230   M    M   1        15 230
20  79  60  70   3   0   5 0.00  0.0    0  3.4 12 260   M    M   3 128    15 240
21  82  59  71   4   0   6 0.00  0.0    0  3.6 14 240   M    M   0 1      24 210
22  82  64  73   6   0   8 0.42  0.0    0  5.9 23 340   M    M   2 138    29 350
23  73  56  65  -2   0   0 0.00  0.0    0  9.2 16  10   M    M   1 12     22 350
24  74  52  63  -3   2   0 0.00  0.0    0  3.9 10 360   M    M   0        14 360
25  76  52  64  -2   1   0    T  0.0    0  5.7 13 250   M    M   0        18 220
26  77  63  70   4   0   5 0.69  0.0    0  7.4 20 330   M    M   6 13     28 330
27  80  63  72   6   0   7    T  0.0    0  3.7 12 340   M    M   6 12     15 330
28  82  63  73   7   0   8 0.28  0.0    0  4.1 18 130   M    M   4 123    26  70
29  81  60  71   6   0   6 0.00  0.0    0  3.6 15 350   M    M   5 128    20 360
30  82  60  71   6   0   6 0.00  0.0    0  4.1 10 230   M    M   4 12     15 320
31  83  67  75  10   0  10 0.14  0.0    0  5.5 14 270   M    M   5 123    18 220
================================================================================
SM 2334 1768        37  81  5.37     0.0 167.6          M      107
================================================================================
AV 75.3 57.0                               5.4 FASTST   M    M   3    MAX(MPH)
                                 MISC ---->  # 26 340               # 39  280
================================================================================
NOTES:
# LAST OF SEVERAL OCCURRENCES

COLUMN 17 PEAK WIND IN M.P.H.

PRELIMINARY LOCAL CLIMATOLOGICAL DATA (WS FORM: F-6) , PAGE 2

                                          STATION:  BINGHAMTON NY
                                          MONTH:    AUGUST
                                          YEAR:     2013
                                          LATITUDE:   42 13 N
                                          LONGITUDE:  75 59 W

[TEMPERATURE DATA]      [PRECIPITATION DATA]       SYMBOLS USED IN COLUMN 16

AVERAGE MONTHLY: 66.2   TOTAL FOR MONTH:   5.37    1 = FOG OR MIST
DPTR FM NORMAL:  -1.2   DPTR FM NORMAL:    1.92    2 = FOG REDUCING VISIBILITY
HIGHEST:    83 ON 31    GRTST 24HR  2.74 ON  8- 9      TO 1/4 MILE OR LESS
LOWEST:     48 ON 15,14                            3 = THUNDER
                        SNOW, ICE PELLETS, HAIL    4 = ICE PELLETS
                        TOTAL MONTH:   0.0 INCH    5 = HAIL
                        GRTST 24HR     0.0         6 = FREEZING RAIN OR DRIZZLE
                        GRTST DEPTH:   0           7 = DUSTSTORM OR SANDSTORM:
                                                       VSBY 1/2 MILE OR LESS
                                                   8 = SMOKE OR HAZE
[NO. OF DAYS WITH]      [WEATHER - DAYS WITH]      9 = BLOWING SNOW
                                                   X = TORNADO
MAX 32 OR BELOW:   0    0.01 INCH OR MORE:  11
MAX 90 OR ABOVE:   0    0.10 INCH OR MORE:   9
MIN 32 OR BELOW:   0    0.50 INCH OR MORE:   4
MIN  0 OR BELOW:   0    1.00 INCH OR MORE:   1

[HDD (BASE 65) ]
TOTAL THIS MO.    37    CLEAR  (SCALE 0-3)  15
DPTR FM NORMAL    -2    PTCLDY (SCALE 4-7)  15
TOTAL FM JUL 1    51    CLOUDY (SCALE 8-10)  1
DPTR FM NORMAL   -12

[CDD (BASE 65) ]
TOTAL THIS MO.    81
DPTR FM NORMAL   -32    [PRESSURE DATA]
TOTAL FM JAN 1   427    HIGHEST SLP 30.40 ON 25
DPTR FM NORMAL    79    LOWEST  SLP 29.72 ON 13

[REMARKS]
#FINAL-08-13#
