000
CXUS51 KBGM 031046 CCA
CF6BGM

PRELIMINARY LOCAL CLIMATOLOGICAL DATA (WS FORM: F-6)

                                          STATION:   BINGHAMTON NY
                                          MONTH:     NOVEMBER
                                          YEAR:      2013
                                          LATITUDE:   42 13 N
                                          LONGITUDE:  75 59 W

  TEMPERATURE IN F:       :PCPN:    SNOW:  WIND      :SUNSHINE: SKY     :PK WND
================================================================================
1   2   3   4   5  6A  6B    7    8   9   10  11  12  13   14  15   16   17  18
                                     12Z  AVG MX 2MIN
DY MAX MIN AVG DEP HDD CDD  WTR  SNW DPTH SPD SPD DIR MIN PSBL S-S WX    SPD DR
================================================================================

 1  65  47  56  13   9   0 0.24  0.0    0 13.4 32 250   M    M   6 1      48 250
 2  53  35  44   1  21   0 0.06  0.0    0  7.2 18 350   M    M   8 1      23 360
 3  35  25  30 -13  35   0    T    T    0 11.6 21 350   M    M   9        26 340
 4  39  22  31 -11  34   0 0.00  0.0    0  5.5 13 150   M    M   0        17 160
 5  50  31  41  -1  24   0 0.00  0.0    0  7.4 17 220   M    M   3        23 220
 6  57  43  50   8  15   0 0.00  0.0    0 10.3 21 200   M    M   6        29 200
 7  55  34  45   4  20   0 0.59  0.0    0 10.4 18 310   M    M  10 1      26 310
 8  39  31  35  -6  30   0 0.01    T    0 11.1 21 290   M    M   7 1      31 300
 9  44  28  36  -5  29   0 0.00  0.0    0  8.5 15 200   M    M   8        22 170
10  44  37  41   1  24   0 0.13    T    0 11.9 28 280   M    M  10 1      39 270
11  42  30  36  -4  29   0 0.06  0.2    0 10.2 23 300   M    M   8 1      32 310
12  31  22  27 -13  38   0 0.09  1.6    1 10.1 20 340   M    M   9 18     26 350
13  33  18  26 -13  39   0 0.01  0.2    1  8.5 17 320   M    M   5 18     23 310
14  48  27  38  -1  27   0 0.00  0.0    1 10.5 17 220   M    M   0        22 230
15  54  36  45   6  20   0 0.00  0.0    0  7.9 15 210   M    M   0        20 210
16  56  37  47   9  18   0    T  0.0    0  6.7 17 250   M    M   2        25 250
17  57  44  51  13  14   0 0.10  0.0    0 11.8 23 170   M    M   9 1      35 160
18  57  35  46   9  19   0 0.27    T    0 16.1 29 250   M    M   5 1      41 250
19  35  28  32  -5  33   0    T    T    0 13.0 23 290   M    M   9 1      37 270
20  38  19  29  -8  36   0 0.00  0.0    0  4.8 12 360   M    M   1        15 360
21  43  24  34  -2  31   0 0.01  0.0    0  7.9 16 200   M    M   4        24 220
22  45  36  41   5  24   0 0.23  0.0    0  8.0 23 320   M    M   9 1      33 330
23  36  16  26 -10  39   0 0.02  0.6    0 13.4 23 300   M    M   9 128    36 300
24  21  13  17 -18  48   0 0.05  1.5    1 13.1 25 300   M    M   8 12     37 280
25  30  10  20 -15  45   0    T    T    2  8.5 15 200   M    M   5        21 200
26  34  24  29  -5  36   0 1.03  3.2    2  8.2 16 220   M    M  10 126    23 230
27  35  21  28  -6  37   0 0.59  0.7    2 12.7 23 290   M    M  10 128    39 290
28  24  17  21 -13  44   0    T    T    2  9.0 23 300   M    M   9 18     35 310
29  27  16  22 -11  43   0 0.01  0.2    2  4.7 14 360   M    M   6 18     17 310
30  29   9  19 -14  46   0 0.00  0.0    2  7.7 17 180   M    M   3        26 180
================================================================================
SM 1256  815       907   0  3.50     8.2 290.1          M      188
================================================================================
AV 41.9 27.2                               9.7 FASTST   M    M   6    MAX(MPH)
                                 MISC ---->  # 32 250               # 48  250
================================================================================
NOTES:
# LAST OF SEVERAL OCCURRENCES

COLUMN 17 PEAK WIND IN M.P.H.

PRELIMINARY LOCAL CLIMATOLOGICAL DATA (WS FORM: F-6) , PAGE 2

                                          STATION:  BINGHAMTON NY
                                          MONTH:    NOVEMBER
                                          YEAR:     2013
                                          LATITUDE:   42 13 N
                                          LONGITUDE:  75 59 W

[TEMPERATURE DATA]      [PRECIPITATION DATA]       SYMBOLS USED IN COLUMN 16

AVERAGE MONTHLY: 34.5   TOTAL FOR MONTH:   3.50    1 = FOG OR MIST
DPTR FM NORMAL:  -3.8   DPTR FM NORMAL:    0.20    2 = FOG REDUCING VISIBILITY
HIGHEST:    65 ON  1    GRTST 24HR  1.53 ON 26-27      TO 1/4 MILE OR LESS
LOWEST:      9 ON 30                               3 = THUNDER
                        SNOW, ICE PELLETS, HAIL    4 = ICE PELLETS
                        TOTAL MONTH:   8.2 INCHES  5 = HAIL
                        GRTST 24HR   3.2 ON 26     6 = FREEZING RAIN OR DRIZZLE
                        GRTST DEPTH:   3 ON 26     7 = DUSTSTORM OR SANDSTORM:
                                                       VSBY 1/2 MILE OR LESS
                                                   8 = SMOKE OR HAZE
[NO. OF DAYS WITH]      [WEATHER - DAYS WITH]      9 = BLOWING SNOW
                                                   X = TORNADO
MAX 32 OR BELOW:   6    0.01 INCH OR MORE:  17
MAX 90 OR ABOVE:   0    0.10 INCH OR MORE:   8
MIN 32 OR BELOW:  20    0.50 INCH OR MORE:   3
MIN  0 OR BELOW:   0    1.00 INCH OR MORE:   1

[HDD (BASE 65) ]
TOTAL THIS MO.   907    CLEAR  (SCALE 0-3)   6
DPTR FM NORMAL   104    PTCLDY (SCALE 4-7)  12
TOTAL FM JUL 1  1591    CLOUDY (SCALE 8-10) 12
DPTR FM NORMAL    16

[CDD (BASE 65) ]
TOTAL THIS MO.     0
DPTR FM NORMAL     0    [PRESSURE DATA]
TOTAL FM JAN 1   480    HIGHEST SLP 30.73 ON 30
DPTR FM NORMAL    99    LOWEST  SLP 29.38 ON  1

[REMARKS]
#FINAL-11-13#
