000
CXUS51 KBGM 010800
CF6BGM
PRELIMINARY LOCAL CLIMATOLOGICAL DATA (WS FORM: F-6)

                                          STATION:   BINGHAMTON NY
                                          MONTH:     AUGUST
                                          YEAR:      2015
                                          LATITUDE:   42 13 N
                                          LONGITUDE:  75 59 W

  TEMPERATURE IN F:       :PCPN:    SNOW:  WIND      :SUNSHINE: SKY     :PK WND
================================================================================
1   2   3   4   5  6A  6B    7    8   9   10  11  12  13   14  15   16   17  18
                                     12Z  AVG MX 2MIN
DY MAX MIN AVG DEP HDD CDD  WTR  SNW DPTH SPD SPD DIR MIN PSBL S-S WX    SPD DR
================================================================================

 1  76  62  69   0   0   4 0.02  0.0    0  6.7 16 270   M    M   4        22 280
 2  79  57  68  -1   0   3 0.00  0.0    0  7.8 15 230   M    M   1        20 210
 3  79  63  71   2   0   6 0.24  0.0    0  8.2 17 300   M    M   3 3      23 240
 4  75  59  67  -2   0   2 0.03  0.0    0  5.8 18 330   M    M   4 18     24 330
 5  72  56  64  -5   1   0 0.00  0.0    0  7.8 16 300   M    M   2        22 320
 6  70  53  62  -7   3   0 0.00  0.0    0  5.1 10 280   M    M   2 8      13 290
 7  75  52  64  -4   1   0 0.00  0.0    0  5.7 10  20   M    M   1        16 100
 8  77  55  66  -2   0   1 0.00  0.0    0  5.4 15 320   M    M   3        19 320
 9  79  56  68   0   0   3 0.00  0.0    0  3.8  8  80   M    M   1        14  60
10  72  61  67  -1   0   2 0.01  0.0    0  9.2 16 160   M    M   7 1      23 170
11  74  62  68   0   0   3 1.33  0.0    0  8.1 15 280   M    M   7 1      22 180
12  72  55  64  -4   1   0 0.08  0.0    0  7.5 18 320   M    M   6 1      26 330
13  73  51  62  -6   3   0 0.00  0.0    0  5.9 12 260   M    M   1        15 230
14  81  58  70   2   0   5 0.00  0.0    0  8.2 17 270   M    M   3        23 250
15  81  63  72   4   0   7 0.12  0.0    0  6.6 15 280   M    M   4 1      19 240
16  83  60  72   4   0   7 0.25  0.0    0  3.1 10 350   M    M   3 12     15 160
17  85  65  75   7   0  10 0.00  0.0    0  5.0 12 220   M    M   0        15 220
18  85  66  76   8   0  11 0.10  0.0    0  5.3 29 250   M    M   3 13     37 250
19  82  67  75   8   0  10    T  0.0    0  9.2 15 160   M    M   7        22 150
20  80  66  73   6   0   8 0.90  0.0    0 11.7 21 150   M    M   9 1      30 150
21  73  58  66  -1   0   1 0.00  0.0    0  6.2 15 280   M    M   3        19 270
22  72  50  61  -6   4   0 0.00  0.0    0  5.4 13 360   M    M   5        16 360
23  74  56  65  -2   0   0 0.00  0.0    0  4.8 10 110   M    M   4        15 200
24  77  58  68   2   0   3    T  0.0    0  6.3 16 300   M    M   4 1      22 280
25  74  56  65  -1   0   0 0.00  0.0    0  5.3 15 250   M    M   6 12     21 240
26  69  52  61  -5   4   0 0.00  0.0    0  5.2 12 270   M    M   7        14 270
27  67  55  61  -5   4   0 0.00  0.0    0  6.7 13 340   M    M   8        17 280
28  71  50  61  -5   4   0 0.00  0.0    0  2.6  8 260   M    M   5 12     10 250
29  78  52  65   0   0   0 0.00  0.0    0  4.8 13 250   M    M   1        17 230
30  79  60  70   5   0   5    T  0.0    0  3.8  9 210   M    M   6 1      13 300
31  83  64  74   9   0   9 0.00  0.0    0  6.3 14 330   M    M   2 1      19 320
================================================================================
SM 2367 1798        25 100  3.08     0.0 193.5          M      122
================================================================================
AV 76.4 58.0                               6.2 FASTST   M    M   4    MAX(MPH)
                                 MISC ---->  # 29 250               # 37  250
================================================================================
NOTES:
# LAST OF SEVERAL OCCURRENCES

COLUMN 17 PEAK WIND IN M.P.H.

PRELIMINARY LOCAL CLIMATOLOGICAL DATA (WS FORM: F-6) , PAGE 2

                                          STATION:  BINGHAMTON NY
                                          MONTH:    AUGUST
                                          YEAR:     2015
                                          LATITUDE:   42 13 N
                                          LONGITUDE:  75 59 W

[TEMPERATURE DATA]      [PRECIPITATION DATA]       SYMBOLS USED IN COLUMN 16

AVERAGE MONTHLY: 67.2   TOTAL FOR MONTH:   3.08    1 = FOG OR MIST
DPTR FM NORMAL:  -0.2   DPTR FM NORMAL:   -0.37    2 = FOG REDUCING VISIBILITY
HIGHEST:    85 ON 18,17 GRTST 24HR  1.34 ON 10-11      TO 1/4 MILE OR LESS
LOWEST:     50 ON 28,22                            3 = THUNDER
                        SNOW, ICE PELLETS, HAIL    4 = ICE PELLETS
                        TOTAL MONTH:   0.0 INCH    5 = HAIL
                        GRTST 24HR     0.0         6 = FREEZING RAIN OR DRIZZLE
                        GRTST DEPTH:   0           7 = DUSTSTORM OR SANDSTORM:
                                                       VSBY 1/2 MILE OR LESS
                                                   8 = SMOKE OR HAZE
[NO. OF DAYS WITH]      [WEATHER - DAYS WITH]      9 = BLOWING SNOW
                                                   X = TORNADO
MAX 32 OR BELOW:   0    0.01 INCH OR MORE:  10
MAX 90 OR ABOVE:   0    0.10 INCH OR MORE:   6
MIN 32 OR BELOW:   0    0.50 INCH OR MORE:   2
MIN  0 OR BELOW:   0    1.00 INCH OR MORE:   1

[HDD (BASE 65) ]
TOTAL THIS MO.    25    CLEAR  (SCALE 0-3)  14
DPTR FM NORMAL   -14    PTCLDY (SCALE 4-7)  16
TOTAL FM JUL 1    49    CLOUDY (SCALE 8-10)  1
DPTR FM NORMAL   -14

[CDD (BASE 65) ]
TOTAL THIS MO.   100
DPTR FM NORMAL   -13    [PRESSURE DATA]
TOTAL FM JAN 1   342    HIGHEST SLP 30.24 ON 28
DPTR FM NORMAL    -6    LOWEST  SLP 29.75 ON  3

[REMARKS]
#FINAL-08-15#
