000
CXUS51 KBGM 300800
CF6BGM
PRELIMINARY LOCAL CLIMATOLOGICAL DATA (WS FORM: F-6)

                                          STATION:   BINGHAMTON NY
                                          MONTH:     SEPTEMBER
                                          YEAR:      2014
                                          LATITUDE:   42 13 N
                                          LONGITUDE:  75 59 W

  TEMPERATURE IN F:       :PCPN:    SNOW:  WIND      :SUNSHINE: SKY     :PK WND
================================================================================
1   2   3   4   5  6A  6B    7    8   9   10  11  12  13   14  15   16   17  18
                                     12Z  AVG MX 2MIN
DY MAX MIN AVG DEP HDD CDD  WTR  SNW DPTH SPD SPD DIR MIN PSBL S-S WX    SPD DR
================================================================================

 1  79  66  73   8   0   8 0.00  0.0    0  5.4 10 210   M    M   6 12     15 230
 2  83  63  73   9   0   8 0.66  0.0    0  8.5 31 290   M    M   5 13     45 290
 3  76  61  69   5   0   4 0.00  0.0    0  5.7 14 350   M    M   5 1      17 330
 4  80  58  69   5   0   4 0.00  0.0    0  6.5 14 230   M    M   2        17 220
 5  83  65  74  11   0   9 0.00  0.0    0  7.4 15 210   M    M   1 1      22 200
 6  79  58  69   6   0   4    T  0.0    0  7.6 18 350   M    M   6 18     25 250
 7  70  54  62  -1   3   0 0.00  0.0    0  6.5 12 300   M    M   3        16 300
 8  72  46  59  -3   6   0 0.00  0.0    0  7.8 18 140   M    M   1        26 130
 9  68  54  61  -1   4   0    T  0.0    0  8.2 15 140   M    M   6        18 150
10  72  58  65   3   0   0    T  0.0    0  8.8 17 190   M    M   6        25 200
11  76  55  66   5   0   1 0.16  0.0    0 12.3 22 220   M    M   9 1      30 190
12  55  45  50 -11  15   0 0.01  0.0    0  8.1 15 360   M    M   9 1      20  20
13  60  43  52  -9  13   0 0.40  0.0    0  8.7 16 300   M    M   6 1      26 310
14  61  45  53  -7  12   0 0.00  0.0    0  6.9 15 350   M    M   6        20 330
15  64  45  55  -5  10   0 0.06  0.0    0  4.6 12 250   M    M   5 1      14 220
16  62  47  55  -5  10   0 0.44  0.0    0  5.2 14 270   M    M   7 12     18 270
17  64  44  54  -5  11   0 0.00  0.0    0  4.4 12 260   M    M   4 1      16 280
18  66  43  55  -4  10   0 0.00  0.0    0  5.6 17 360   M    M   4 1      22 350
19  61  37  49  -9  16   0 0.00  0.0    0  5.4 14 170   M    M   1        19 170
20  69  52  61   3   4   0 0.00  0.0    0 11.4 17 190   M    M   7        28 190
21  75  55  65   7   0   0 0.01  0.0    0  9.5 23 260   M    M   4 1      29 270
22  56  43  50  -7  15   0 0.03  0.0    0  9.5 21 290   M    M   8 1      29 280
23  67  40  54  -3  11   0 0.00  0.0    0  4.9 12 280   M    M   0        16 280
24  70  47  59   3   6   0 0.00  0.0    0  6.2 14 130   M    M   1 1      18 140
25  64  49  57   1   8   0 0.00  0.0    0  4.8  9  60   M    M   0        13  40
26  73  50  62   6   3   0 0.00  0.0    0  7.7 15 350   M    M   1        17  10
27  78  50  64   9   1   0 0.00  0.0    0  4.9 13 340   M    M   0 1      16 360
28  78  50  64   9   1   0 0.00  0.0    0  2.6  9 270   M    M   1 12     12 280
29  74  56  65  11   0   0 0.00  0.0    0  3.1  9 160   M    M   1 1      13 170
================================================================================
SM 2035 1479       159  38  1.77     0.0 198.2          M      115
================================================================================
AV 70.2 51.0                               6.8 FASTST   M    M   4    MAX(MPH)
                                 MISC ---->  # 31 290               # 45  290
================================================================================
NOTES:
# LAST OF SEVERAL OCCURRENCES

COLUMN 17 PEAK WIND IN M.P.H.

PRELIMINARY LOCAL CLIMATOLOGICAL DATA (WS FORM: F-6) , PAGE 2

                                          STATION:  BINGHAMTON NY
                                          MONTH:    SEPTEMBER
                                          YEAR:     2014
                                          LATITUDE:   42 13 N
                                          LONGITUDE:  75 59 W

[TEMPERATURE DATA]      [PRECIPITATION DATA]       SYMBOLS USED IN COLUMN 16

AVERAGE MONTHLY: 60.6   TOTAL FOR MONTH:   1.77    1 = FOG OR MIST
DPTR FM NORMAL:   0.8   DPTR FM NORMAL:   -1.73    2 = FOG REDUCING VISIBILITY
HIGHEST:    83 ON  5, 2 GRTST 24HR  0.66 ON  2- 2      TO 1/4 MILE OR LESS
LOWEST:     37 ON 19                               3 = THUNDER
                        SNOW, ICE PELLETS, HAIL    4 = ICE PELLETS
                        TOTAL MONTH:   0.0 INCH    5 = HAIL
                        GRTST 24HR     0.0         6 = FREEZING RAIN OR DRIZZLE
                        GRTST DEPTH:   0           7 = DUSTSTORM OR SANDSTORM:
                                                       VSBY 1/2 MILE OR LESS
                                                   8 = SMOKE OR HAZE
[NO. OF DAYS WITH]      [WEATHER - DAYS WITH]      9 = BLOWING SNOW
                                                   X = TORNADO
MAX 32 OR BELOW:   0    0.01 INCH OR MORE:   8
MAX 90 OR ABOVE:   0    0.10 INCH OR MORE:   4
MIN 32 OR BELOW:   0    0.50 INCH OR MORE:   1
MIN  0 OR BELOW:   0    1.00 INCH OR MORE:   0

[HDD (BASE 65) ]
TOTAL THIS MO.   159    CLEAR  (SCALE 0-3)  12
DPTR FM NORMAL   -24    PTCLDY (SCALE 4-7)  14
TOTAL FM JUL 1   225    CLOUDY (SCALE 8-10)  3
DPTR FM NORMAL   -21

[CDD (BASE 65) ]
TOTAL THIS MO.    38
DPTR FM NORMAL     9    [PRESSURE DATA]
TOTAL FM JAN 1   340    HIGHEST SLP M ON M
DPTR FM NORMAL   -37    LOWEST  SLP 29.58 ON 21

[REMARKS]
