000
CXUS51 KBGM 290622
CF6BGM
PRELIMINARY LOCAL CLIMATOLOGICAL DATA (WS FORM: F-6)

                                          STATION:   BINGHAMTON NY
                                          MONTH:     JUNE
                                          YEAR:      2016
                                          LATITUDE:   42 13 N
                                          LONGITUDE:  75 59 W

  TEMPERATURE IN F:       :PCPN:    SNOW:  WIND      :SUNSHINE: SKY     :PK WND
================================================================================
1   2   3   4   5  6A  6B    7    8   9   10  11  12  13   14  15   16   17  18
                                     12Z  AVG MX 2MIN
DY MAX MIN AVG DEP HDD CDD  WTR  SNW DPTH SPD SPD DIR MIN PSBL S-S WX    SPD DR
================================================================================

 1  81  53  67   6   0   2 0.00  0.0    0  4.8 13 150   M    M   1        17 150
 2  75  59  67   6   0   2 0.03  0.0    0  8.8 17 180   M    M   4        22 180
 3  77  59  68   7   0   3 0.32  0.0    0  5.0 12 240   M    M   8 1      14 220
 4  78  56  67   5   0   2    T  0.0    0  3.8 14 190   M    M   4        22 180
 5  69  59  64   2   1   0 1.17  0.0    0  8.3 16 270   M    M   8 1      23 180
 6  76  55  66   4   0   1 0.00  0.0    0 10.3 24 270   M    M   1        31 270
 7  70  52  61  -1   4   0 0.07  0.0    0  9.9 23 270   M    M   6 13     32 270
 8  56  44  50 -13  15   0 0.17  0.0    0 10.0 20 310   M    M   8 1      32 280
 9  62  42  52 -11  13   0 0.00  0.0    0 12.5 24 320   M    M   3 8      36 330
10  67  44  56  -7   9   0 0.00  0.0    0  8.6 21 340   M    M   0        27 350
11  83  46  65   1   0   0    T  0.0    0  9.6 24 270   M    M   5        33 280
12  70  50  60  -4   5   0    T  0.0    0 14.9 25 300   M    M   5        35 310
13  59  47  53 -11  12   0    T  0.0    0 10.8 20 350   M    M   7        26 330
14  71  45  58  -6   7   0 0.00  0.0    0  7.4 13 350   M    M   0        21 350
15  78  48  63  -1   2   0    T  0.0    0  3.1 10 230   M    M   1        14 240
16  75  59  67   2   0   2 0.04  0.0    0  4.4 14 150   M    M   4 1      21 160
17  78  56  67   2   0   2 0.00  0.0    0  6.8 18  50   M    M   1        27  70
18  82  56  69   4   0   4 0.00  0.0    0  5.5 13 250   M    M   1        16 260
19  85  57  71   5   0   6 0.00  0.0    0  4.7 14 280   M    M   1        18 290
20  85  64  75   9   0  10 0.00  0.0    0  9.2 16 230   M    M   2        24 200
21  75  59  67   1   0   2 0.04  0.0    0  8.6 21 360   M    M   2 3      28 320
22  73  55  64  -2   1   0 0.00  0.0    0  8.6 20 300   M    M   2        28 310
23  76  54  65  -1   0   0 0.00  0.0    0  5.3 15 360   M    M   3        18  10
24  79  52  66  -1   0   1 0.00  0.0    0  4.9 14 100   M    M   0        18 110
25  83  58  71   4   0   6 0.00  0.0    0  4.7 12 180   M    M   1        16 170
26  84  62  73   6   0   8 0.00  0.0    0  9.1 18 250   M    M   0        26 230
27  76  65  71   4   0   6    T  0.0    0  8.1 14 200   M    M   4 1      18 190
28  82  59  71   4   0   6 1.20  0.0    0  7.1 22 250   M    M   9 1238   31 170
================================================================================
SM 2105 1515        69  63  3.04     0.0 214.8          M       91
================================================================================
AV 75.2 54.1                               7.7 FASTST   M    M   3    MAX(MPH)
                                 MISC ---->  # 25 300               # 36  330
================================================================================
NOTES:
# LAST OF SEVERAL OCCURRENCES

COLUMN 17 PEAK WIND IN M.P.H.

PRELIMINARY LOCAL CLIMATOLOGICAL DATA (WS FORM: F-6) , PAGE 2

                                          STATION:  BINGHAMTON NY
                                          MONTH:    JUNE
                                          YEAR:     2016
                                          LATITUDE:   42 13 N
                                          LONGITUDE:  75 59 W

[TEMPERATURE DATA]      [PRECIPITATION DATA]       SYMBOLS USED IN COLUMN 16

AVERAGE MONTHLY: 64.6   TOTAL FOR MONTH:   3.04    1 = FOG OR MIST
DPTR FM NORMAL:   0.4   DPTR FM NORMAL:   -0.99    2 = FOG REDUCING VISIBILITY
HIGHEST:    85 ON 20,19 GRTST 24HR  1.20 ON 28-28      TO 1/4 MILE OR LESS
LOWEST:     42 ON  9                               3 = THUNDER
                        SNOW, ICE PELLETS, HAIL    4 = ICE PELLETS
                        TOTAL MONTH:   0.0 INCH    5 = HAIL
                        GRTST 24HR     0.0         6 = FREEZING RAIN OR DRIZZLE
                        GRTST DEPTH:   0           7 = DUSTSTORM OR SANDSTORM:
                                                       VSBY 1/2 MILE OR LESS
                                                   8 = SMOKE OR HAZE
[NO. OF DAYS WITH]      [WEATHER - DAYS WITH]      9 = BLOWING SNOW
                                                   X = TORNADO
MAX 32 OR BELOW:   0    0.01 INCH OR MORE:   8
MAX 90 OR ABOVE:   0    0.10 INCH OR MORE:   4
MIN 32 OR BELOW:   0    0.50 INCH OR MORE:   2
MIN  0 OR BELOW:   0    1.00 INCH OR MORE:   2

[HDD (BASE 65) ]
TOTAL THIS MO.    69    CLEAR  (SCALE 0-3)  16
DPTR FM NORMAL   -19    PTCLDY (SCALE 4-7)  10
TOTAL FM JUL 1  6198    CLOUDY (SCALE 8-10)  2
DPTR FM NORMAL  -994

[CDD (BASE 65) ]
TOTAL THIS MO.    63
DPTR FM NORMAL    -3    [PRESSURE DATA]
TOTAL FM JAN 1   109    HIGHEST SLP M ON M
DPTR FM NORMAL    20    LOWEST  SLP 29.50 ON  7

[REMARKS]
