000
CXUS51 KBGM 030150 CCA
CLABGM
CLIMATE REPORT...CORRECTED
NATIONAL WEATHER SERVICE BINGHAMTON, NY
850 PM EST TUE JAN 02 2024
...................................
...THE BINGHAMTON NY CLIMATE SUMMARY FOR THE YEAR OF 2023...
CLIMATE NORMAL PERIOD 1991 TO 2020
CLIMATE RECORD PERIOD 1951 TO 2023
WEATHER OBSERVED NORMAL DEPART LAST YEAR`S
VALUE DATE(S) VALUE FROM VALUE DATE(S)
NORMAL
................................................................
TEMPERATURE (F)
RECORD
HIGH 98 07/16/1988
LOW -20 01/15/1957
HIGHEST 91 06/02 54 37 92 08/04
LOWEST -13 02/04 38 -51 -10 01/22
AVG. MAXIMUM 58.1 54.8 3.3 55.8
AVG. MINIMUM 41.5 37.8 3.7 38.0
MEAN 49.8 46.3 3.5 46.9
DAYS MAX >= 90 1 2.2 -1.2 3
DAYS MAX <= 32 28 58.6 -30.6 58
DAYS MIN <= 32 123 141.8 -18.8 142
DAYS MIN <= 0 2 5.7 -3.7 9
PRECIPITATION (INCHES)
RECORD
MAXIMUM 68.05 2011
MINIMUM 30.26 1981
TOTALS 45.67 42.04 3.63 45.58
DAILY AVG. 0.12 0.12 0.00 0.12
DAYS >= .01 165 164.1 0.9 150
DAYS >= .10 96 86.7 9.3 89
DAYS >= .50 26 26.0 0.0 29
DAYS >= 1.00 8 7.9 0.1 9
GREATEST
24 HR. TOTAL 2.39 04/30 TO 05/01 2.57 09/05 TO 09/06
SNOWFALL (INCHES)
RECORDS
TOTAL 134.0 1995
24 HR TOTAL 40.0 12/16/2020 TO 12/17/2020
SNOW DEPTH 39 12/17/2020
TOTALS 46.3 86.5 -40.2 92.5
SINCE 7/1 9.6 25.9 -16.3 24.8
SNOWDEPTH AVG. 0 2
DAYS >= TRACE 85 64.5 20.5 91
DAYS >= 1.0 16 25.0 -9.0 21
GREATEST
SNOW DEPTH 7 03/14 14 04/19
03/15
24 HR TOTAL 5.2 01/22 TO 01/23 14.2 04/18 TO 04/19
DEGREE DAYS
HEATING TOTAL 5940 7162 -1222 6933
SINCE 7/1 2184 2700 -516 2520
COOLING TOTAL 507 383 124 466
SINCE 1/1 507 384 123 466
FREEZE DATES
RECORD
EARLIEST 09/20/1993
LATEST 05/25/1956
EARLIEST 10/31
LATEST 05/18
................................................................
WIND (MPH)
AVERAGE WIND SPEED 7.6
RESULTANT WIND SPEED/DIRECTION 2/280
HIGHEST WIND SPEED/DIRECTION 38/150 DATE 11/22
HIGHEST GUST SPEED/DIRECTION 45/210 DATE 09/07
SKY COVER
POSSIBLE SUNSHINE (PERCENT) MM
AVERAGE SKY COVER 0.56
NUMBER OF DAYS FAIR 114
NUMBER OF DAYS PC 126
NUMBER OF DAYS CLOUDY 125
AVERAGE RH (PERCENT) 71
WEATHER CONDITIONS. NUMBER OF DAYS WITH
THUNDERSTORM 36 MIXED PRECIP 0
HEAVY RAIN 41 RAIN 69
LIGHT RAIN 157 FREEZING RAIN 6
LT FREEZING RAIN 9 HAIL 3
HEAVY SNOW 6 SNOW 15
LIGHT SNOW 75 SLEET 0
FOG 199 FOG W/VIS <= 1/4 MILE 59
HAZE 32
- INDICATES NEGATIVE NUMBERS.
R INDICATES RECORD WAS SET OR TIED.
MM INDICATES DATA IS MISSING.
T INDICATES TRACE AMOUNT.
&&
CORRECTED GREATEST 24 HOUR PRECIPITATION
WARMEST CALENDAR YEAR OLD RECORD 49.5F IN 2012
11TH MOST PRECIPITATION FOR CALENDAR YEAR
LOWEST CALENDAR YEAR SNOWFALL OLD RECORD 48.7" IN 2006
$$
MWG/TAC