000
CXUS51 KBGM 010817
CLABGM


CLIMATE REPORT
NATIONAL WEATHER SERVICE BINGHAMTON NY
308 AM EST FRI JAN 1 2016

...................................

...THE BINGHAMTON NY CLIMATE SUMMARY FOR THE YEAR OF 2015...

CLIMATE NORMAL PERIOD 1981 TO 2010
CLIMATE RECORD PERIOD 1951 TO 2015

WEATHER         OBSERVED          NORMAL  DEPART  LAST YEAR`S
                 VALUE   DATE(S)  VALUE   FROM    VALUE  DATE(S)
                                          NORMAL
................................................................
TEMPERATURE (F)
RECORD
 HIGH              98   07/16/1988
 LOW              -20   01/15/1957
HIGHEST            89   09/07        54      35       86  07/01
LOWEST            -10   02/24        38     -48      -11  01/22
                        02/20
AVG. MAXIMUM     55.3              54.5     0.8     53.6
AVG. MINIMUM     38.1              38.1     0.0     36.9
MEAN             46.7              46.3     0.4     45.3
DAYS MAX >= 90      0               1.1    -1.1       MM
DAYS MAX <= 32     68              59.1     8.9       MM
DAYS MIN <= 32    133             137.3    -4.3       MM
DAYS MIN <= 0      20               5.4    14.6       MM

PRECIPITATION (INCHES)
RECORD
 MAXIMUM        68.05   2011
 MINIMUM        30.26   1981
TOTALS          42.71             39.30    3.41    39.62
DAILY AVG.       0.12              0.11    0.01     0.11
DAYS >= .01       168             159.2     8.8       MM
DAYS >= .10        88              83.4     4.6       MM
DAYS >= .50        25              24.3     0.7       MM
DAYS >= 1.00       10               6.5     3.5       MM
GREATEST
 24 HR. TOTAL    2.81   MM                            MM
 STORM TOTAL            MM                            MM
 (MM/DD(HH))            MM                            MM

SNOWFALL (INCHES)
RECORDS
 TOTAL          134.0   1995
 24 HR TOTAL     23.0   02/03/1961 TO 02/04/1961
 SNOW DEPTH        35   03/15/1993
TOTALS           69.9              83.4   -13.5     78.8
SINCE 7/1         3.3              24.6   -21.3     26.8
SNOWDEPTH AVG.      3                MM      MM        1
DAYS >= TRACE      87              64.5    22.5       MM
DAYS >= 1.0        19              24.0    -5.0       MM
GREATEST
 SNOW DEPTH        21   03/08                         17  02/17
                        03/04
 24 HR TOTAL     10.3   MM                                 MM
 STORM TOTAL            MM                                 MM
 (MM/DD(HH))            MM                                 MM

DEGREE_DAYS
HEATING TOTAL    6956              7193    -237     7404
 SINCE 7/1         MM              2745      MM       MM
COOLING TOTAL     443               382      61      341
 SINCE 1/1        443               381      62      341

FREEZE DATES
RECORD
 EARLIEST     09/20/1993
 LATEST       05/25/1956
EARLIEST                        10/08
LATEST                          05/02
..................................................

WIND (MPH)
AVERAGE WIND SPEED              8.0
RESULTANT WIND SPEED/DIRECTION   2/260
HIGHEST WIND SPEED/DIRECTION    35/130    DATE  04/20
HIGHEST GUST SPEED/DIRECTION    48/340    DATE  05/18

SKY COVER
POSSIBLE SUNSHINE (PERCENT)   MM
AVERAGE SKY COVER           0.50
NUMBER OF DAYS FAIR          139
NUMBER OF DAYS PC            119
NUMBER OF DAYS CLOUDY        107

AVERAGE RH (PERCENT)     73

WEATHER CONDITIONS. NUMBER OF DAYS WITH
THUNDERSTORM              0     MIXED PRECIP               0
HEAVY RAIN               45     RAIN                      54
LIGHT RAIN              134     FREEZING RAIN              3
LT FREEZING RAIN          6     HAIL                       0
HEAVY SNOW                8     SNOW                      31
LIGHT SNOW               78     SLEET                      0
FOG                     219     FOG W/VIS <= 1/4 MILE     62
HAZE                     61

-  INDICATES NEGATIVE NUMBERS.
R  INDICATES RECORD WAS SET OR TIED.
MM INDICATES DATA IS MISSING.
T  INDICATES TRACE AMOUNT.

$$
