000
CXUS51 KBGM 040124
CLABGM


CLIMATE REPORT
NATIONAL WEATHER SERVICE BINGHAMTON NY
812 PM EST WED JAN 3 2018

...................................

...THE BINGHAMTON NY CLIMATE SUMMARY FOR THE YEAR OF 2017...

CLIMATE NORMAL PERIOD 1981 TO 2010
CLIMATE RECORD PERIOD 1951 TO 2018

WEATHER         OBSERVED          NORMAL  DEPART  LAST YEAR`S
                 VALUE   DATE(S)  VALUE   FROM    VALUE  DATE(S)
                                          NORMAL
................................................................
TEMPERATURE (F)
RECORD
 HIGH              98   07/16/1988
 LOW              -20   01/15/1957
HIGHEST            87   09/25        54      33       93  07/22
LOWEST             -3   12/31        38     -41      -18  02/14
AVG. MAXIMUM     55.3              54.5     0.8     56.9
AVG. MINIMUM     39.0              38.1     0.9     39.0
MEAN             47.1              46.3     0.8     47.9
DAYS MAX >= 90      0               1.1    -1.1        2
DAYS MAX <= 32     56              59.1    -3.1       54
DAYS MIN <= 32    135             137.3    -2.3      145
DAYS MIN <= 0       3               5.4    -2.4        4

PRECIPITATION (INCHES)
RECORD
 MAXIMUM        68.05   2011
 MINIMUM        30.26   1981
TOTALS          48.29             39.30    8.99    36.11
DAILY AVG.       0.13              0.11    0.02     0.10
DAYS >= .01       187             159.2    27.8      155
DAYS >= .10        93              83.4     9.6       78
DAYS >= .50        32              24.3     7.7       21
DAYS >= 1.00       12               6.5     5.5        6
GREATEST
 24 HR. TOTAL    2.19   03/14 TO 03/15

SNOWFALL (INCHES)
RECORDS
 TOTAL          134.0   1995
 24 HR TOTAL     23.0   02/03/1961 TO 02/04/1961
 SNOW DEPTH        35   03/15/1993
TOTALS           89.9              83.4     6.5     87.1
SINCE 7/1        13.1              24.6   -11.5     58.4
SNOWDEPTH AVG.      1                MM      MM        1
DAYS >= TRACE      95              64.5    30.5       96
DAYS >= 1.0        21              24.0    -3.0       27
GREATEST
 SNOW DEPTH        26   03/15                         15  11/22
 24 HR TOTAL     31.3R  03/14 TO 03/15

DEGREE_DAYS
HEATING TOTAL    6756              7193    -437     6698
 SINCE 7/1       2670              2745     -75     2625
COOLING TOTAL     349               382     -33      563
 SINCE 1/1        349               381     -32      563

FREEZE DATES
RECORD
 EARLIEST     09/20/1993
 LATEST       05/25/1956
EARLIEST                        10/08
LATEST                          05/02
.................................................................

WIND (MPH)
AVERAGE WIND SPEED              8.2
RESULTANT WIND SPEED/DIRECTION   3/252
HIGHEST WIND SPEED/DIRECTION    39/260    DATE  05/01
HIGHEST GUST SPEED/DIRECTION    59/260    DATE  05/01

SKY COVER
POSSIBLE SUNSHINE (PERCENT)   MM
AVERAGE SKY COVER           0.50
NUMBER OF DAYS FAIR          114
NUMBER OF DAYS PC            125
NUMBER OF DAYS CLOUDY        123

AVERAGE RH (PERCENT)     73

WEATHER CONDITIONS. NUMBER OF DAYS WITH
  0
 70
  5
  1
 22
  0
 63
HAZE                     40

-  INDICATES NEGATIVE NUMBERS.
R  INDICATES RECORD WAS SET OR TIED.
MM INDICATES DATA IS MISSING.
T  INDICATES TRACE AMOUNT.

&&
4TH WETTEST YEAR
$$
