000
CXUS51 KBGM 051635 CCA
CLABGM

CLIMATE REPORT...CORRECTED
NATIONAL WEATHER SERVICE BINGHAMTON NY
1135 AM EST MON JAN 5 2015

...................................

...THE BINGHAMTON NY CLIMATE SUMMARY FOR THE YEAR OF 2014...

CLIMATE NORMAL PERIOD 1981 TO 2010
CLIMATE RECORD PERIOD 1951 TO 2014

WEATHER         OBSERVED          NORMAL  DEPART  LAST YEAR`S
                 VALUE   DATE(S)  VALUE   FROM    VALUE  DATE(S)
                                          NORMAL
................................................................
TEMPERATURE (F)
RECORD
 HIGH              98   07/16/1988
 LOW              -20   01/15/1957
HIGHEST            86   07/01        54      32       89  07/18
                                                          07/17
LOWEST            -11   01/22        38     -49       -1  01/24
                                                          01/23
AVG. MAXIMUM     53.6              54.5    -0.9     54.5
AVG. MINIMUM     36.9              38.1    -1.2     38.3
MEAN             45.3              46.3    -1.0     46.4
DAYS MAX >= 90      0               1.1    -1.1        0
DAYS MAX <= 32     75              59.1    15.9       65
DAYS MIN <= 32    147             137.3     9.7      145
DAYS MIN <= 0      15               5.4     9.6        2

PRECIPITATION (INCHES)
RECORD
 MAXIMUM        68.05   2011
 MINIMUM        30.26   1981
TOTALS          39.62             39.30    0.32    42.95
DAILY AVG.       0.11              0.11    0.00     0.12
DAYS >= .01       155             159.2    -4.2      165
DAYS >= .10        83              83.4    -0.4       89
DAYS >= .50        23              24.3    -1.3       31
DAYS >= 1.00        8               6.5     1.5        6
GREATEST
 24 HR. TOTAL    2.73   08/12 TO 08/13           08/08 TO 08/09

SNOWFALL (INCHES)
RECORDS
 TOTAL          134.0   1995
 24 HR TOTAL     23.0   02/03/1961 TO 02/04/1961
 SNOW DEPTH        35   03/15/1993
TOTALS           78.8              83.4    -4.6     77.2
SINCE 7/1        26.8              24.6     2.2     33.1
SNOWDEPTH AVG.      1                MM      MM        1
DAYS >= TRACE     101              64.5    36.5      118
DAYS >= 1.0        21              24.0    -3.0       22
GREATEST
 SNOW DEPTH        17   02/17                         10  01/04
                                                          01/01
                                                          01/03
 24 HR TOTAL     13.2   02/05 TO 02/06           12/14 TO 12/14

DEGREE_DAYS
HEATING TOTAL    7404              7193     211     7109
 SINCE 7/1       2604              2745    -141     2739
COOLING TOTAL     341               382     -41      480
 SINCE 1/1        341               381     -40      480

FREEZE DATES
RECORD
 EARLIEST     09/20/1993
 LATEST       05/25/1956
EARLIEST                        10/08
LATEST                          05/02
.....................................................

WIND (MPH)
AVERAGE WIND SPEED              8.2
RESULTANT WIND SPEED/DIRECTION   3/252
HIGHEST WIND SPEED/DIRECTION    36/270    DATE  03/04
HIGHEST GUST SPEED/DIRECTION    46/250    DATE  05/03

SKY COVER
POSSIBLE SUNSHINE (PERCENT)   MM
AVERAGE SKY COVER           0.50
NUMBER OF DAYS FAIR          112
NUMBER OF DAYS PC            135
NUMBER OF DAYS CLOUDY        118

AVERAGE RH (PERCENT)     71

WEATHER CONDITIONS. NUMBER OF DAYS WITH
THUNDERSTORM              0     MIXED PRECIP               0
HEAVY RAIN               35     RAIN                      57
LIGHT RAIN              140     FREEZING RAIN              1
LT FREEZING RAIN          5     HAIL                       2
HEAVY SNOW                6     SNOW                      21
LIGHT SNOW               91     SLEET                      0
FOG                     207     FOG W/VIS <= 1/4 MILE     60
HAZE                     60

-  INDICATES NEGATIVE NUMBERS.
R  INDICATES RECORD WAS SET OR TIED.
MM INDICATES DATA IS MISSING.
T  INDICATES TRACE AMOUNT.

&&
CORRECTED HEATING DEGREES DAYS SINCE 7/1
ADDED DATES TO GREATEST 24 HOUR RAIN AND SNOW TOTALS
$$

TAC
