000
CXUS51 KBGM 011205
CLABGM


CLIMATE REPORT
NATIONAL WEATHER SERVICE BINGHAMTON NY
649 AM EST SUN JAN 1 2017

...................................

...THE BINGHAMTON NY CLIMATE SUMMARY FOR THE YEAR OF 2016...

CLIMATE NORMAL PERIOD 1981 TO 2010
CLIMATE RECORD PERIOD 1951 TO 2016

WEATHER         OBSERVED          NORMAL  DEPART  LAST YEAR`S
                 VALUE   DATE(S)  VALUE   FROM    VALUE  DATE(S)
                                          NORMAL
................................................................
TEMPERATURE (F)
RECORD
 HIGH              98   07/16/1988
 LOW              -20   01/15/1957
HIGHEST            93   07/22        54      39       89  09/07
LOWEST            -18   02/14        38     -56      -10  02/24
                                                          02/20
AVG. MAXIMUM     56.9              54.5     2.4     55.3
AVG. MINIMUM     39.0              38.1     0.9     38.1
MEAN             47.9              46.3     1.6     46.7
DAYS MAX >= 90      2               1.1     0.9        0
DAYS MAX <= 32     54              59.1    -5.1       68
DAYS MIN <= 32    145             137.3     7.7      133
DAYS MIN <= 0       4               5.4    -1.4       20

PRECIPITATION (INCHES)
RECORD
 MAXIMUM        68.05   2011
 MINIMUM        30.26   1981
TOTALS          36.11             39.30   -3.19    42.71
DAILY AVG.       0.10              0.11   -0.01     0.12
DAYS >= .01       155             159.2    -4.2      168
DAYS >= .10        78              83.4    -5.4       88
DAYS >= .50        21              24.3    -3.3       25
DAYS >= 1.00        6               6.5    -0.5       10
GREATEST
 24 HR. TOTAL    2.83   10/20 TO 10/21

SNOWFALL (INCHES)
RECORDS
 TOTAL          134.0   1995
 24 HR TOTAL     23.0   02/03/1961 TO 02/04/1961
 SNOW DEPTH        35   03/15/1993
TOTALS           87.1              83.4     3.7     69.9
SINCE 7/1        58.4              24.6    33.8      3.3
SNOWDEPTH AVG.      1                MM      MM        3
DAYS >= TRACE      96              64.5    31.5       87
DAYS >= 1.0        27              24.0     3.0       19
GREATEST
 SNOW DEPTH        15   11/22                         21  03/08
                                                          03/04
 24 HR TOTAL     12.9   11/20 TO 11/21

DEGREE_DAYS
HEATING TOTAL    6698              7193    -495     6956
 SINCE 7/1       2525              2745    -220     2025
COOLING TOTAL     563               382     181      443
 SINCE 1/1        563               381     182      443

FREEZE DATES
RECORD
 EARLIEST     09/20/1993
 LATEST       05/25/1956
EARLIEST                        10/08
LATEST                          05/02
..................................................

WIND (MPH)
AVERAGE WIND SPEED              8.2
RESULTANT WIND SPEED/DIRECTION   2/266
HIGHEST WIND SPEED/DIRECTION    35/280    DATE  12/15
HIGHEST GUST SPEED/DIRECTION    47/310    DATE  04/03

SKY COVER
POSSIBLE SUNSHINE (PERCENT)   MM
AVERAGE SKY COVER           0.50
NUMBER OF DAYS FAIR          146
NUMBER OF DAYS PC            111
NUMBER OF DAYS CLOUDY        109

AVERAGE RH (PERCENT)     71

WEATHER CONDITIONS. NUMBER OF DAYS WITH
THUNDERSTORM             28     MIXED PRECIP               0
HEAVY RAIN               35     RAIN                      55
LIGHT RAIN              140     FREEZING RAIN              2
LT FREEZING RAIN          9     HAIL                       1
HEAVY SNOW               13     SNOW                      27
LIGHT SNOW               87     SLEET                      0
FOG                     195     FOG W/VIS <= 1/4 MILE     48
HAZE                     53

-  INDICATES NEGATIVE NUMBERS.
R  INDICATES RECORD WAS SET OR TIED.
MM INDICATES DATA IS MISSING.
T  INDICATES TRACE AMOUNT.

&&
10TH WARMEST YEAR WITH AVERAGE TEMPERATURE
$$
