000
CDUS41 KBGM 281258
CLIBGM


CLIMATE REPORT
NATIONAL WEATHER SERVICE BINGHAMTON NY
857 AM EDT WED SEP 28 2016


...................................

...THE BINGHAMTON NY CLIMATE SUMMARY FOR SEPTEMBER 26 2016...

CLIMATE NORMAL PERIOD 1981 TO 2010
CLIMATE RECORD PERIOD 1951 TO 2016


WEATHER ITEM   OBSERVED TIME   RECORD YEAR NORMAL DEPARTURE LAST
                VALUE   (LST)  VALUE       VALUE  FROM      YEAR
                                                  NORMAL
..................................................................
TEMPERATURE (F)
 YESTERDAY
  MAXIMUM         65    200 PM  84    2007  64      1       69
  MINIMUM         39    442 AM  34    1978  47     -8       50
                                      1957
  AVERAGE         52                        56     -4       60

PRECIPITATION (IN)
  YESTERDAY        0.02          1.94 1975   0.13  -0.11     0.00
  MONTH TO DATE    0.71                      3.13  -2.42     0.50
  SINCE SEP 1      0.71                      3.13  -2.42     0.50
  SINCE JAN 1     24.26                     29.34  -5.08    32.02

SNOWFALL (IN)
  YESTERDAY        0.0           0.0  2002   0.0    0.0      0.0
                                      2001
                                      2000
  MONTH TO DATE    0.0                       0.0    0.0      0.0
  SINCE SEP 1      0.0                       0.0    0.0      0.0
  SINCE JUL 1      0.0                       0.0    0.0       T
  SNOW DEPTH       0

DEGREE DAYS
 HEATING
  YESTERDAY       13                        10      3        5
  MONTH TO DATE   73                       151    -78       66
  SINCE SEP 1     73                       151    -78       66
  SINCE JUL 1     82                       214   -132      115

 COOLING
  YESTERDAY        0                         0      0        0
  MONTH TO DATE   48                        29     19       99
  SINCE SEP 1     48                        29     19       99
  SINCE JAN 1    559                       377    182      441
..................................................................


WIND (MPH)
  HIGHEST WIND SPEED    21   HIGHEST WIND DIRECTION    SW (220)
  HIGHEST GUST SPEED    27   HIGHEST GUST DIRECTION     S (180)
  AVERAGE WIND SPEED    10.7


SKY COVER
  AVERAGE SKY COVER 0.4


WEATHER CONDITIONS
 THE FOLLOWING WEATHER WAS RECORDED YESTERDAY.
  LIGHT RAIN
  FOG


RELATIVE HUMIDITY (PERCENT)
 HIGHEST    92           400 AM
 LOWEST     52          1100 AM
 AVERAGE    72

..........................................................


THE BINGHAMTON NY CLIMATE NORMALS FOR TODAY
                         NORMAL    RECORD    YEAR
 MAXIMUM TEMPERATURE (F)   64        84      1998
 MINIMUM TEMPERATURE (F)   46        31      1997
                                             1965
                                             1957


SUNRISE AND SUNSET
SEPTEMBER 27 2016.....SUNRISE   657 AM EDT   SUNSET   652 PM EDT
SEPTEMBER 28 2016.....SUNRISE   658 AM EDT   SUNSET   650 PM EDT


-  INDICATES NEGATIVE NUMBERS.
R  INDICATES RECORD WAS SET OR TIED.
MM INDICATES DATA IS MISSING.
T  INDICATES TRACE AMOUNT.

$$
