000
CDUS41 KBGM 150533
CLIBGM


CLIMATE REPORT
NATIONAL WEATHER SERVICE BINGHAMTON NY
131 AM EDT MON SEP 15 2014


...................................

...THE BINGHAMTON NY CLIMATE SUMMARY FOR SEPTEMBER 14 2014...

CLIMATE NORMAL PERIOD 1981 TO 2010
CLIMATE RECORD PERIOD 1951 TO 2014


WEATHER ITEM   OBSERVED TIME   RECORD YEAR NORMAL DEPARTURE LAST
                VALUE   (LST)  VALUE       VALUE  FROM      YEAR
                                                  NORMAL
..................................................................
TEMPERATURE (F)
 YESTERDAY
  MAXIMUM         61    319 PM  89    1952  69     -8       54
  MINIMUM         45    735 AM  33    1963  51     -6       42
  AVERAGE         53                        60     -7       48

PRECIPITATION (IN)
  YESTERDAY        0.00          1.38 1977   0.12  -0.12     0.01
  MONTH TO DATE    1.23                      1.63  -0.40     2.33
  SINCE SEP 1      1.23                      1.63  -0.40     2.33
  SINCE JAN 1     30.26                     27.84   2.42    32.62

SNOWFALL (IN)
  YESTERDAY        0.0           0.0  2002   0.0    0.0      0.0
                                      2001
                                      2000
  MONTH TO DATE    0.0                       0.0    0.0      0.0
  SINCE SEP 1      0.0                       0.0    0.0      0.0
  SINCE JUL 1      T                         0.0    0.0      0.0
  SNOW DEPTH       0

DEGREE DAYS
 HEATING
  YESTERDAY       12                         6      6       17
  MONTH TO DATE   53                        57     -4       75
  SINCE SEP 1     53                        57     -4       75
  SINCE JUL 1    119                       120     -1      126

 COOLING
  YESTERDAY        0                         1     -1        0
  MONTH TO DATE   38                        21     17       41
  SINCE SEP 1     38                        21     17       41
  SINCE JAN 1    340                       369    -29      468
..................................................................


WIND (MPH)
  HIGHEST WIND SPEED    15   HIGHEST WIND DIRECTION     N (350)
  HIGHEST GUST SPEED    20   HIGHEST GUST DIRECTION    NW (330)
  AVERAGE WIND SPEED     6.9


SKY COVER
  AVERAGE SKY COVER 0.6


WEATHER CONDITIONS
 THE FOLLOWING WEATHER WAS RECORDED YESTERDAY.
  NO SIGNIFICANT WEATHER WAS OBSERVED.


RELATIVE HUMIDITY (PERCENT)
 HIGHEST    93           100 AM
 LOWEST     51           300 PM
 AVERAGE    72

..........................................................


THE BINGHAMTON NY CLIMATE NORMALS FOR TODAY
                         NORMAL    RECORD    YEAR
 MAXIMUM TEMPERATURE (F)   69        82      1958
 MINIMUM TEMPERATURE (F)   51        36      2013


SUNRISE AND SUNSET
SEPTEMBER 15 2014.....SUNRISE   644 AM EDT   SUNSET   714 PM EDT
SEPTEMBER 16 2014.....SUNRISE   645 AM EDT   SUNSET   712 PM EDT


-  INDICATES NEGATIVE NUMBERS.
R  INDICATES RECORD WAS SET OR TIED.
MM INDICATES DATA IS MISSING.
T  INDICATES TRACE AMOUNT.

$$
