000
CDUS41 KBGM 210532
CLIBGM


CLIMATE REPORT
NATIONAL WEATHER SERVICE BINGHAMTON NY
132 AM EDT THU SEP 21 2017


...................................

...THE BINGHAMTON NY CLIMATE SUMMARY FOR SEPTEMBER 20 2017...

CLIMATE NORMAL PERIOD 1981 TO 2010
CLIMATE RECORD PERIOD 1951 TO 2017


WEATHER ITEM   OBSERVED TIME   RECORD YEAR NORMAL DEPARTURE LAST
                VALUE   (LST)  VALUE       VALUE  FROM      YEAR
                                                  NORMAL
..................................................................
TEMPERATURE (F)
 YESTERDAY
  MAXIMUM         79    336 PM  89    1983  67     12       80
  MINIMUM         58    624 AM  29    1993  49      9       54
  AVERAGE         69                        58     11       67

PRECIPITATION (IN)
  YESTERDAY        0.00          0.90 1977   0.13  -0.13     0.00
  MONTH TO DATE    1.16                      2.38  -1.22     0.69
  SINCE SEP 1      1.16                      2.38  -1.22     0.69
  SINCE JAN 1     40.90                     28.59  12.31    24.24

SNOWFALL (IN)
  YESTERDAY        0.0           T    1962   0.0    0.0      0.0
  MONTH TO DATE    0.0                       0.0    0.0      0.0
  SINCE SEP 1      0.0                       0.0    0.0      0.0
  SINCE JUL 1      0.0                       0.0    0.0      0.0
  SNOW DEPTH       0

DEGREE DAYS
 HEATING
  YESTERDAY        0                         8     -8        0
  MONTH TO DATE  114                        98     16       37
  SINCE SEP 1    114                        98     16       37
  SINCE JUL 1    195                       161     34       46

 COOLING
  YESTERDAY        4                         1      3        2
  MONTH TO DATE   22                        27     -5       46
  SINCE SEP 1     22                        27     -5       46
  SINCE JAN 1    293                       375    -82      557
..................................................................


WIND (MPH)
  HIGHEST WIND SPEED    16   HIGHEST WIND DIRECTION     N (360)
  HIGHEST GUST SPEED    20   HIGHEST GUST DIRECTION     N (10)
  AVERAGE WIND SPEED     6.6


SKY COVER
  AVERAGE SKY COVER 0.1


WEATHER CONDITIONS
 THE FOLLOWING WEATHER WAS RECORDED YESTERDAY.
  NO SIGNIFICANT WEATHER WAS OBSERVED.


RELATIVE HUMIDITY (PERCENT)
 HIGHEST   100           500 AM
 LOWEST     48           300 PM
 AVERAGE    74

..........................................................


THE BINGHAMTON NY CLIMATE NORMALS FOR TODAY
                         NORMAL    RECORD    YEAR
 MAXIMUM TEMPERATURE (F)   66        83      1980
                                             1978
                                             1965
 MINIMUM TEMPERATURE (F)   49        31      1956


SUNRISE AND SUNSET
SEPTEMBER 21 2017.....SUNRISE   650 AM EDT   SUNSET   702 PM EDT
SEPTEMBER 22 2017.....SUNRISE   652 AM EDT   SUNSET   701 PM EDT


-  INDICATES NEGATIVE NUMBERS.
R  INDICATES RECORD WAS SET OR TIED.
MM INDICATES DATA IS MISSING.
T  INDICATES TRACE AMOUNT.




$$
