000
CDUS41 KBGM 270550
CLIBGM


CLIMATE REPORT
NATIONAL WEATHER SERVICE BINGHAMTON NY
149 AM EDT THU AUG 27 2015


...................................

...THE BINGHAMTON NY CLIMATE SUMMARY FOR AUGUST 26 2015...

CLIMATE NORMAL PERIOD 1981 TO 2010
CLIMATE RECORD PERIOD 1951 TO 2015


WEATHER ITEM   OBSERVED TIME   RECORD YEAR NORMAL DEPARTURE LAST
                VALUE   (LST)  VALUE       VALUE  FROM      YEAR
                                                  NORMAL
..................................................................
TEMPERATURE (F)
 YESTERDAY
  MAXIMUM         69    132 PM  88    1983  75     -6       79
                                      1959
  MINIMUM         52    527 AM  46    1989  57     -5       57
                                      1963
  AVERAGE         61                        66     -5       68

PRECIPITATION (IN)
  YESTERDAY        0.00          1.51 1965   0.11  -0.11     0.00
  MONTH TO DATE    3.08                      2.91   0.17     5.06
  SINCE JUN 1     17.97                     10.92   7.05    13.27
  SINCE JAN 1     31.52                     25.67   5.85    28.63

SNOWFALL (IN)
  YESTERDAY        0.0           0.0  2002   0.0    0.0      0.0
                                      2001
                                      2000
  MONTH TO DATE    0.0                       0.0    0.0      0.0
  SINCE JUN 1      T                         0.0    0.0       T
  SINCE JUL 1      T                         0.0    0.0       T
  SNOW DEPTH       0

DEGREE DAYS
 HEATING
  YESTERDAY        4                         2      2        0
  MONTH TO DATE   17                        29    -12       31
  SINCE JUN 1    118                       144    -26      101
  SINCE JUL 1     41                        53    -12       56

 COOLING
  YESTERDAY        0                         3     -3        3
  MONTH TO DATE   86                        97    -11       61
  SINCE JUN 1    255                       309    -54      269
  SINCE JAN 1    328                       332     -4      294
..................................................................


WIND (MPH)
  HIGHEST WIND SPEED    12   HIGHEST WIND DIRECTION     W (270)
  HIGHEST GUST SPEED    14   HIGHEST GUST DIRECTION     W (270)
  AVERAGE WIND SPEED     5.2


SKY COVER
  AVERAGE SKY COVER 0.7


WEATHER CONDITIONS
 THE FOLLOWING WEATHER WAS RECORDED YESTERDAY.
  NO SIGNIFICANT WEATHER WAS OBSERVED.


RELATIVE HUMIDITY (PERCENT)
 HIGHEST    93           400 AM
 LOWEST     58          1200 PM
 AVERAGE    76

..........................................................


THE BINGHAMTON NY CLIMATE NORMALS FOR TODAY
                         NORMAL    RECORD    YEAR
 MAXIMUM TEMPERATURE (F)   75        89      1983
                                             1980
                                             1953
 MINIMUM TEMPERATURE (F)   57        44      1969


SUNRISE AND SUNSET
AUGUST 27 2015........SUNRISE   624 AM EDT   SUNSET   746 PM EDT
AUGUST 28 2015........SUNRISE   625 AM EDT   SUNSET   745 PM EDT


-  INDICATES NEGATIVE NUMBERS.
R  INDICATES RECORD WAS SET OR TIED.
MM INDICATES DATA IS MISSING.
T  INDICATES TRACE AMOUNT.




$$
