878
CDUS41 KBGM 240324
CLIBGM


CLIMATE REPORT
NATIONAL WEATHER SERVICE BINGHAMTON NY
1023 PM EST THU FEB 23 2017


...................................

...THE BINGHAMTON NY CLIMATE SUMMARY FOR FEBRUARY 23 2017...
VALID AS OF 1000 PM LOCAL TIME.

CLIMATE NORMAL PERIOD 1981 TO 2010
CLIMATE RECORD PERIOD 1951 TO 2017


WEATHER ITEM   OBSERVED TIME   RECORD YEAR NORMAL DEPARTURE LAST
                VALUE   (LST)  VALUE       VALUE  FROM      YEAR
                                                  NORMAL
..................................................................
TEMPERATURE (F)
 TODAY
  MAXIMUM         61R   129 PM  60    1985  34     27       40
  MINIMUM         45    740 AM  -7    2015  19     26       19
  AVERAGE         53                        26     27       30

PRECIPITATION (IN)
  TODAY            0.00          0.76 1975   0.09  -0.09     0.08
  MONTH TO DATE    1.85                      1.87  -0.02     2.81
  SINCE DEC 1      9.23                      7.15   2.08     7.73
  SINCE JAN 1      5.64                      4.32   1.32     4.12

SNOWFALL (IN)
  TODAY            0.0           5.9  1971   0.6   -0.6       T
  MONTH TO DATE   22.9                      14.0    8.9      7.3
  SINCE DEC 1     64.7                      54.0   10.7     19.7
  SINCE JUL 1     93.3                      60.8   32.5     20.8
  SNOW DEPTH       T

DEGREE DAYS
 HEATING
  TODAY           12                        39    -27       35
  MONTH TO DATE  817                       938   -121      895
  SINCE DEC 1   3150                      3435   -285     2903
  SINCE JUL 1   4499                      5010   -511     4173

 COOLING
  TODAY            0                         0      0        0
  MONTH TO DATE    0                         0      0        0
  SINCE DEC 1      0                         0      0        0
  SINCE JAN 1      0                         0      0        0
..................................................................


WIND (MPH)
  HIGHEST WIND SPEED    20   HIGHEST WIND DIRECTION    SW (220)
  HIGHEST GUST SPEED    27   HIGHEST GUST DIRECTION    SW (210)
  AVERAGE WIND SPEED     8.4


SKY COVER
  AVERAGE SKY COVER 0.5


WEATHER CONDITIONS
 THE FOLLOWING WEATHER WAS RECORDED TODAY.
  HAZE


RELATIVE HUMIDITY (PERCENT)
 HIGHEST    83           700 AM
 LOWEST     64           200 PM
 AVERAGE    74

..........................................................


THE BINGHAMTON NY CLIMATE NORMALS FOR TOMORROW
                         NORMAL    RECORD    YEAR
 MAXIMUM TEMPERATURE (F)   34        63      1984
 MINIMUM TEMPERATURE (F)   19       -10      2015


SUNRISE AND SUNSET
FEBRUARY 23 2017......SUNRISE   648 AM EST   SUNSET   547 PM EST
FEBRUARY 24 2017......SUNRISE   647 AM EST   SUNSET   548 PM EST


-  INDICATES NEGATIVE NUMBERS.
R  INDICATES RECORD WAS SET OR TIED.
MM INDICATES DATA IS MISSING.
T  INDICATES TRACE AMOUNT.

$$
