070
CDUS41 KBGM 260538
CLIBGM


CLIMATE REPORT
NATIONAL WEATHER SERVICE BINGHAMTON NY
137 AM EDT MON JUN 26 2017


...................................

...THE BINGHAMTON NY CLIMATE SUMMARY FOR JUNE 25 2017...

CLIMATE NORMAL PERIOD 1981 TO 2010
CLIMATE RECORD PERIOD 1951 TO 2017


WEATHER ITEM   OBSERVED TIME   RECORD YEAR NORMAL DEPARTURE LAST
                VALUE   (LST)  VALUE       VALUE  FROM      YEAR
                                                  NORMAL
..................................................................
TEMPERATURE (F)
 YESTERDAY
  MAXIMUM         73    315 PM  93    1952  76     -3       83
  MINIMUM         53   1159 PM  43    1979  58     -5       58
  AVERAGE         63                        67     -4       71

PRECIPITATION (IN)
  YESTERDAY        0.01          1.84 2014   0.15  -0.14     0.00
  MONTH TO DATE    5.01                      3.62   1.39     1.84
  SINCE JUN 1      5.01                      3.62   1.39     1.84
  SINCE JAN 1     29.46                     18.37  11.09    14.23

SNOWFALL (IN)
  YESTERDAY        0.0           0.0  2002   0.0    0.0      0.0
                                      2001
  MONTH TO DATE    0.0                       0.0    0.0      0.0
  SINCE JUN 1      0.0                       0.0    0.0      0.0
  SINCE JUL 1    135.2                      83.4   51.8     32.0
  SNOW DEPTH       0

DEGREE DAYS
 HEATING
  YESTERDAY        2                         2      0        0
  MONTH TO DATE   77                        85     -8       69
  SINCE JUN 1     77                        85     -8       69
  SINCE JUL 1   6593                      7189   -596     6198

 COOLING
  YESTERDAY        0                         3     -3        6
  MONTH TO DATE   60                        56      4       43
  SINCE JUN 1     60                        56      4       43
  SINCE JAN 1     81                        79      2       89
..................................................................


WIND (MPH)
  HIGHEST WIND SPEED    22   HIGHEST WIND DIRECTION     N (340)
  HIGHEST GUST SPEED    31   HIGHEST GUST DIRECTION     N (340)
  AVERAGE WIND SPEED     7.3


SKY COVER
  AVERAGE SKY COVER 0.6


WEATHER CONDITIONS
 THE FOLLOWING WEATHER WAS RECORDED YESTERDAY.
  LIGHT RAIN


RELATIVE HUMIDITY (PERCENT)
 HIGHEST    93           600 AM
 LOWEST     47          1200 PM
 AVERAGE    70

..........................................................


THE BINGHAMTON NY CLIMATE NORMALS FOR TODAY
                         NORMAL    RECORD    YEAR
 MAXIMUM TEMPERATURE (F)   76        94      1952
 MINIMUM TEMPERATURE (F)   58        41      1979


SUNRISE AND SUNSET
JUNE 26 2017..........SUNRISE   529 AM EDT   SUNSET   844 PM EDT
JUNE 27 2017..........SUNRISE   530 AM EDT   SUNSET   844 PM EDT


-  INDICATES NEGATIVE NUMBERS.
R  INDICATES RECORD WAS SET OR TIED.
MM INDICATES DATA IS MISSING.
T  INDICATES TRACE AMOUNT.




$$
