000
CDUS41 KBGM 220540
CLIBGM


CLIMATE REPORT
NATIONAL WEATHER SERVICE BINGHAMTON NY
1239 AM EST THU FEB 22 2018


...................................

...THE BINGHAMTON NY CLIMATE SUMMARY FOR FEBRUARY 21 2018...

CLIMATE NORMAL PERIOD 1981 TO 2010
CLIMATE RECORD PERIOD 1951 TO 2018


WEATHER ITEM   OBSERVED TIME   RECORD YEAR NORMAL DEPARTURE LAST
                VALUE   (LST)  VALUE       VALUE  FROM      YEAR
                                                  NORMAL
..................................................................
TEMPERATURE (F)
 YESTERDAY
  MAXIMUM         69R  1227 PM  61    1953  34     35       42
  MINIMUM         32   1159 PM  -6    1968  18     14       23
  AVERAGE         51                        26     25       33

PRECIPITATION (IN)
  YESTERDAY        0.06          0.88 1986   0.09  -0.03     0.01
  MONTH TO DATE    2.23                      1.70   0.53     1.86
  SINCE DEC 1      6.44                      6.98  -0.54     9.24
  SINCE JAN 1      5.03                      4.15   0.88     5.65

SNOWFALL (IN)
  YESTERDAY        0.0           3.5  2011   0.6   -0.6      0.0
                                      1993
  MONTH TO DATE   15.3                      12.8    2.5     22.9
  SINCE DEC 1     41.5                      52.8  -11.3     64.7
  SINCE JUL 1     43.3                      59.6  -16.3     93.3
  SNOW DEPTH       0

DEGREE DAYS
 HEATING
  YESTERDAY       14                        39    -25       32
  MONTH TO DATE  755                       860   -105      786
  SINCE DEC 1   3377                      3357     20     3119
  SINCE JUL 1   4775                      4932   -157     4468

 COOLING
  YESTERDAY        0                         0      0        0
  MONTH TO DATE    0                         0      0        0
  SINCE DEC 1      0                         0      0        0
  SINCE JAN 1      0                         0      0        0
..................................................................


WIND (MPH)
  HIGHEST WIND SPEED    24   HIGHEST WIND DIRECTION    SW (230)
  HIGHEST GUST SPEED    32   HIGHEST GUST DIRECTION    SW (220)
  AVERAGE WIND SPEED    11.2


SKY COVER
  AVERAGE SKY COVER 0.5


WEATHER CONDITIONS
 THE FOLLOWING WEATHER WAS RECORDED YESTERDAY.
  RAIN
  LIGHT RAIN
  FOG


RELATIVE HUMIDITY (PERCENT)
 HIGHEST   100           400 PM
 LOWEST     59          1200 PM
 AVERAGE    80

..........................................................


THE BINGHAMTON NY CLIMATE NORMALS FOR TODAY
                         NORMAL    RECORD    YEAR
 MAXIMUM TEMPERATURE (F)   34        60      1997
 MINIMUM TEMPERATURE (F)   19        -5      1963


SUNRISE AND SUNSET
FEBRUARY 22 2018......SUNRISE   650 AM EST   SUNSET   545 PM EST
FEBRUARY 23 2018......SUNRISE   648 AM EST   SUNSET   547 PM EST


-  INDICATES NEGATIVE NUMBERS.
R  INDICATES RECORD WAS SET OR TIED.
MM INDICATES DATA IS MISSING.
T  INDICATES TRACE AMOUNT.




$$
