000
CDUS41 KBGM 280532
CLIBGM


CLIMATE REPORT
NATIONAL WEATHER SERVICE BINGHAMTON NY
132 AM EDT THU JUL 28 2016


...................................

...THE BINGHAMTON NY CLIMATE SUMMARY FOR JULY 27 2016...

CLIMATE NORMAL PERIOD 1981 TO 2010
CLIMATE RECORD PERIOD 1951 TO 2016


WEATHER ITEM   OBSERVED TIME   RECORD YEAR NORMAL DEPARTURE LAST
                VALUE   (LST)  VALUE       VALUE  FROM      YEAR
                                                  NORMAL
..................................................................
TEMPERATURE (F)
 YESTERDAY
  MAXIMUM         86    407 PM  90    1955  78      8       83
  MINIMUM         60    507 AM  48    2001  60      0       61
                                      1962
  AVERAGE         73                        69      4       72

PRECIPITATION (IN)
  YESTERDAY        0.00          1.64 1984   0.12  -0.12     0.00
  MONTH TO DATE    1.48                      3.23  -1.75     4.86
  SINCE JUN 1      4.52                      7.54  -3.02    14.60
  SINCE JAN 1     16.91                     22.29  -5.38    28.15

SNOWFALL (IN)
  YESTERDAY        0.0           0.0  2002   0.0    0.0      0.0
                                      2001
                                      2000
  MONTH TO DATE    0.0                       0.0    0.0       T
  SINCE JUN 1      0.0                       0.0    0.0       T
  SINCE JUL 1      0.0                       0.0    0.0       T
  SNOW DEPTH       0

DEGREE DAYS
 HEATING
  YESTERDAY        0                         1     -1        0
  MONTH TO DATE    3                        27    -24       24
  SINCE JUN 1     72                       118    -46      101
  SINCE JUL 1      3                        27    -24       24

 COOLING
  YESTERDAY        8                         4      4        7
  MONTH TO DATE  192                       125     67       87
  SINCE JUN 1    255                       199     56      137
  SINCE JAN 1    301                       222     79      210
..................................................................


WIND (MPH)
  HIGHEST WIND SPEED    12   HIGHEST WIND DIRECTION    NW (330)
  HIGHEST GUST SPEED    16   HIGHEST GUST DIRECTION     W (270)
  AVERAGE WIND SPEED     4.3


SKY COVER
  AVERAGE SKY COVER 0.1


WEATHER CONDITIONS
 THE FOLLOWING WEATHER WAS RECORDED YESTERDAY.
  NO SIGNIFICANT WEATHER WAS OBSERVED.


RELATIVE HUMIDITY (PERCENT)
 HIGHEST    97           500 AM
 LOWEST     34           500 PM
 AVERAGE    66

..........................................................


THE BINGHAMTON NY CLIMATE NORMALS FOR TODAY
                         NORMAL    RECORD    YEAR
 MAXIMUM TEMPERATURE (F)   78        89      1964
 MINIMUM TEMPERATURE (F)   60        48      2001
                                             1971


SUNRISE AND SUNSET
JULY 28 2016..........SUNRISE   553 AM EDT   SUNSET   827 PM EDT
JULY 29 2016..........SUNRISE   554 AM EDT   SUNSET   826 PM EDT


-  INDICATES NEGATIVE NUMBERS.
R  INDICATES RECORD WAS SET OR TIED.
MM INDICATES DATA IS MISSING.
T  INDICATES TRACE AMOUNT.




$$
