000
CDUS41 KBGM 170548
CLIBGM


CLIMATE REPORT
NATIONAL WEATHER SERVICE BINGHAMTON NY
148 AM EDT MON JUL 17 2017


...................................

...THE BINGHAMTON NY CLIMATE SUMMARY FOR JULY 16 2017...

CLIMATE NORMAL PERIOD 1981 TO 2010
CLIMATE RECORD PERIOD 1951 TO 2017


WEATHER ITEM   OBSERVED TIME   RECORD YEAR NORMAL DEPARTURE LAST
                VALUE   (LST)  VALUE       VALUE  FROM      YEAR
                                                  NORMAL
..................................................................
TEMPERATURE (F)
 YESTERDAY
  MAXIMUM         77    506 PM  98    1988  78     -1       79
  MINIMUM         57    501 AM  49    2015  60     -3       62
  AVERAGE         67                        69     -2       71

PRECIPITATION (IN)
  YESTERDAY        0.00          0.50 1988   0.11  -0.11     0.07
  MONTH TO DATE    2.76                      1.93   0.83     0.53
  SINCE JUN 1      8.50                      6.24   2.26     3.57
  SINCE JAN 1     32.95                     20.99  11.96    15.96

SNOWFALL (IN)
  YESTERDAY        0.0           0.0  2002   0.0    0.0      0.0
                                      2000
                                      2001
  MONTH TO DATE    0.0                       0.0    0.0      0.0
  SINCE JUN 1      T                         0.0    0.0      0.0
  SINCE JUL 1      0.0                       0.0    0.0      0.0
  SNOW DEPTH       0

DEGREE DAYS
 HEATING
  YESTERDAY        0                         1     -1        0
  MONTH TO DATE    1                        16    -15        3
  SINCE JUN 1     96                       107    -11       72
  SINCE JUL 1      1                        16    -15        3

 COOLING
  YESTERDAY        2                         5     -3        6
  MONTH TO DATE   54                        71    -17      100
  SINCE JUN 1    127                       145    -18      163
  SINCE JAN 1    148                       168    -20      209
..................................................................


WIND (MPH)
  HIGHEST WIND SPEED    12   HIGHEST WIND DIRECTION    SW (230)
  HIGHEST GUST SPEED    15   HIGHEST GUST DIRECTION    SW (240)
  AVERAGE WIND SPEED     4.4


SKY COVER
  AVERAGE SKY COVER 0.3


WEATHER CONDITIONS
 THE FOLLOWING WEATHER WAS RECORDED YESTERDAY.
  FOG
  FOG W/VISIBILITY <= 1/4 MILE


RELATIVE HUMIDITY (PERCENT)
 HIGHEST   100           200 AM
 LOWEST     47           300 PM
 AVERAGE    74

..........................................................


THE BINGHAMTON NY CLIMATE NORMALS FOR TODAY
                         NORMAL    RECORD    YEAR
 MAXIMUM TEMPERATURE (F)   78        91      2012
                                             1991
                                             1953
 MINIMUM TEMPERATURE (F)   60        50      1987


SUNRISE AND SUNSET
JULY 17 2017..........SUNRISE   543 AM EDT   SUNSET   837 PM EDT
JULY 18 2017..........SUNRISE   544 AM EDT   SUNSET   836 PM EDT


-  INDICATES NEGATIVE NUMBERS.
R  INDICATES RECORD WAS SET OR TIED.
MM INDICATES DATA IS MISSING.
T  INDICATES TRACE AMOUNT.




$$
