486
CDUS41 KBGM 290530
CLIBGM


CLIMATE REPORT
NATIONAL WEATHER SERVICE BINGHAMTON NY
129 AM EDT FRI APR 29 2016


...................................

...THE BINGHAMTON NY CLIMATE SUMMARY FOR APRIL 28 2016...

CLIMATE NORMAL PERIOD 1981 TO 2010
CLIMATE RECORD PERIOD 1951 TO 2016


WEATHER ITEM   OBSERVED TIME   RECORD YEAR NORMAL DEPARTURE LAST
                VALUE   (LST)  VALUE       VALUE  FROM      YEAR
                                                  NORMAL
..................................................................
TEMPERATURE (F)
 YESTERDAY
  MAXIMUM         52    354 PM  88    1990  60     -8       61
  MINIMUM         33    519 AM  26    2012  40     -7       39
  AVERAGE         43                        50     -7       50

PRECIPITATION (IN)
  YESTERDAY        0.00          1.16 1980   0.11  -0.11      T
  MONTH TO DATE    2.58                      3.20  -0.62     4.21
  SINCE MAR 1      3.98                      6.19  -2.21     6.20
  SINCE JAN 1      9.29                     10.95  -1.66    10.14

SNOWFALL (IN)
  YESTERDAY        0.0           0.2  1987   0.1   -0.1      0.0
  MONTH TO DATE    9.3                       4.2    5.1      2.8
  SINCE MAR 1     10.3                      19.3   -9.0     17.6
  SINCE JUL 1     32.0                      83.2  -51.2     93.4
  SNOW DEPTH       0

DEGREE DAYS
 HEATING
  YESTERDAY       22                        15      7       15
  MONTH TO DATE  640                       573     67      584
  SINCE MAR 1   1411                      1570   -159     1754
  SINCE JUL 1   5769                      6769  -1000     7286

 COOLING
  YESTERDAY        0                         0      0        0
  MONTH TO DATE    0                         0      0        0
  SINCE MAR 1      0                         0      0        0
  SINCE JAN 1      0                         0      0        0
..................................................................


WIND (MPH)
  HIGHEST WIND SPEED    13   HIGHEST WIND DIRECTION    NE (40)
  HIGHEST GUST SPEED    18   HIGHEST GUST DIRECTION    NE (40)
  AVERAGE WIND SPEED     4.2


SKY COVER
  AVERAGE SKY COVER 0.3


WEATHER CONDITIONS
 THE FOLLOWING WEATHER WAS RECORDED YESTERDAY.
  NO SIGNIFICANT WEATHER WAS OBSERVED.


RELATIVE HUMIDITY (PERCENT)
 HIGHEST    58           900 PM
 LOWEST     24           400 PM
 AVERAGE    41

..........................................................


THE BINGHAMTON NY CLIMATE NORMALS FOR TODAY
                         NORMAL    RECORD    YEAR
 MAXIMUM TEMPERATURE (F)   60        83      1974
 MINIMUM TEMPERATURE (F)   41        25      1977


SUNRISE AND SUNSET
APRIL 29 2016.........SUNRISE   602 AM EDT   SUNSET   802 PM EDT
APRIL 30 2016.........SUNRISE   600 AM EDT   SUNSET   803 PM EDT


-  INDICATES NEGATIVE NUMBERS.
R  INDICATES RECORD WAS SET OR TIED.
MM INDICATES DATA IS MISSING.
T  INDICATES TRACE AMOUNT.

$$
