000
CDUS41 KBGM 010632
CLIBGM


CLIMATE REPORT
NATIONAL WEATHER SERVICE BINGHAMTON NY
131 AM EST THU DEC 1 2016


...................................

...THE BINGHAMTON NY CLIMATE SUMMARY FOR NOVEMBER 30 2016...

CLIMATE NORMAL PERIOD 1981 TO 2010
CLIMATE RECORD PERIOD 1951 TO 2016


WEATHER ITEM   OBSERVED TIME   RECORD YEAR NORMAL DEPARTURE LAST
                VALUE   (LST)  VALUE       VALUE  FROM      YEAR
                                                  NORMAL
..................................................................
TEMPERATURE (F)
 YESTERDAY
  MAXIMUM         50    458 PM  60    2006  39     11       40
                                      2001
                                      1991
  MINIMUM         43    358 AM   3    1976  27     16       19
  AVERAGE         47                        33     14       30

PRECIPITATION (IN)
  YESTERDAY        0.15          0.61 1977   0.11   0.04     0.00
  MONTH TO DATE    2.11                      3.30  -1.19     2.64
  SINCE SEP 1      8.97                     10.26  -1.29     7.58
  SINCE JAN 1     32.52                     36.47  -3.95    39.10

SNOWFALL (IN)
  YESTERDAY        0.0           4.8  1972   0.4   -0.4      0.0
  MONTH TO DATE   27.6                       5.8   21.8      0.8
  SINCE SEP 1     28.6                       6.8   21.8      1.1
  SINCE JUL 1     28.6                       6.8   21.8      1.1
  SNOW DEPTH       0

DEGREE DAYS
 HEATING
  YESTERDAY       18                        32    -14       35
  MONTH TO DATE  738                       804    -66      619
  SINCE SEP 1   1340                      1512   -172     1221
  SINCE JUL 1   1349                      1575   -226     1270

 COOLING
  YESTERDAY        0                         0      0        0
  MONTH TO DATE    0                         0      0        0
  SINCE SEP 1     52                        33     19      101
  SINCE JAN 1    563                       381    182      443
..................................................................


WIND (MPH)
  HIGHEST WIND SPEED    30   HIGHEST WIND DIRECTION    SE (140)
  HIGHEST GUST SPEED    40   HIGHEST GUST DIRECTION    SE (140)
  AVERAGE WIND SPEED    12.4


SKY COVER
  AVERAGE SKY COVER 1.0


WEATHER CONDITIONS
 THE FOLLOWING WEATHER WAS RECORDED YESTERDAY.
  LIGHT RAIN
  FOG
  FOG W/VISIBILITY <= 1/4 MILE


RELATIVE HUMIDITY (PERCENT)
 HIGHEST   100          1200 AM
 LOWEST     93           100 AM
 AVERAGE    97

..........................................................


THE BINGHAMTON NY CLIMATE NORMALS FOR TODAY
                         NORMAL    RECORD    YEAR
 MAXIMUM TEMPERATURE (F)   38        65      2006
 MINIMUM TEMPERATURE (F)   26         6      1989


SUNRISE AND SUNSET
DECEMBER  1 2016......SUNRISE   714 AM EST   SUNSET   433 PM EST
DECEMBER  2 2016......SUNRISE   715 AM EST   SUNSET   432 PM EST


-  INDICATES NEGATIVE NUMBERS.
R  INDICATES RECORD WAS SET OR TIED.
MM INDICATES DATA IS MISSING.
T  INDICATES TRACE AMOUNT.

$$
