845
CDUS41 KBGM 252139
CLIBGM


CLIMATE REPORT
NATIONAL WEATHER SERVICE BINGHAMTON NY
539 PM EDT THU MAY 25 2017


...................................

...THE BINGHAMTON NY CLIMATE SUMMARY FOR MAY 25 2017...
VALID TODAY AS OF 0500 PM LOCAL TIME.

CLIMATE NORMAL PERIOD 1981 TO 2010
CLIMATE RECORD PERIOD 1951 TO 2017


WEATHER ITEM   OBSERVED TIME   RECORD YEAR NORMAL DEPARTURE LAST
                VALUE   (LST)  VALUE       VALUE  FROM      YEAR
                                                  NORMAL
..................................................................
TEMPERATURE (F)
 TODAY
  MAXIMUM         58    359 PM  85    2007  68    -10       83
                                      1981
  MINIMUM         51    603 AM  31    1956  49      2       53
  AVERAGE         55                        58     -3       68

PRECIPITATION (IN)
  TODAY            0.48          0.90 1952   0.12   0.36     0.00
  MONTH TO DATE    4.61                      2.84   1.77     2.67
  SINCE MAR 1     15.82                      9.26   6.56     6.90
  SINCE JAN 1     22.09                     14.02   8.07    12.21

SNOWFALL (IN)
  TODAY            0.0           T    2000   0.0    0.0      0.0
  MONTH TO DATE    0.0                       0.1   -0.1       T
  SINCE MAR 1     41.7                      19.5   22.2     10.3
  SINCE JUL 1    135.2                      83.4   51.8     32.0
  SNOW DEPTH       0

DEGREE DAYS
 HEATING
  TODAY           10                         7      3        0
  MONTH TO DATE  320                       266     54      321
  SINCE MAR 1   1867                      1866      1     1771
  SINCE JUL 1   6480                      7065   -585     6129

 COOLING
  TODAY            0                         1     -1        3
  MONTH TO DATE   17                        13      4        3
  SINCE MAR 1     21                        17      4        3
  SINCE JAN 1     21                        17      4        3
..................................................................


WIND (MPH)
  HIGHEST WIND SPEED    23   HIGHEST WIND DIRECTION     E (110)
  HIGHEST GUST SPEED    31   HIGHEST GUST DIRECTION     E (110)
  AVERAGE WIND SPEED    15.0


SKY COVER
  AVERAGE SKY COVER 0.8


WEATHER CONDITIONS
 THE FOLLOWING WEATHER WAS RECORDED TODAY.
  HEAVY RAIN
  RAIN
  LIGHT RAIN
  FOG


RELATIVE HUMIDITY (PERCENT)
 HIGHEST   100          1100 AM
 LOWEST     72          1200 AM
 AVERAGE    86

..........................................................


THE BINGHAMTON NY CLIMATE NORMALS FOR TOMORROW
                         NORMAL    RECORD    YEAR
 MAXIMUM TEMPERATURE (F)   69        87      2010
 MINIMUM TEMPERATURE (F)   49        36      1961


SUNRISE AND SUNSET
MAY 25 2017...........SUNRISE   534 AM EDT   SUNSET   828 PM EDT
MAY 26 2017...........SUNRISE   533 AM EDT   SUNSET   829 PM EDT


-  INDICATES NEGATIVE NUMBERS.
R  INDICATES RECORD WAS SET OR TIED.
MM INDICATES DATA IS MISSING.
T  INDICATES TRACE AMOUNT.




$$
