000
CDUS41 KBGM 230626
CLIBGM


CLIMATE REPORT
NATIONAL WEATHER SERVICE BINGHAMTON NY
226 AM EDT SAT JUL 23 2016


...................................

...THE BINGHAMTON NY CLIMATE SUMMARY FOR JULY 22 2016...

CLIMATE NORMAL PERIOD 1981 TO 2010
CLIMATE RECORD PERIOD 1951 TO 2016


WEATHER ITEM   OBSERVED TIME   RECORD YEAR NORMAL DEPARTURE LAST
                VALUE   (LST)  VALUE       VALUE  FROM      YEAR
                                                  NORMAL
..................................................................
TEMPERATURE (F)
 YESTERDAY
  MAXIMUM         93    217 PM  95    1955  78     15       73
  MINIMUM         71    530 AM  49    1970  60     11       53
  AVERAGE         82                        69     13       63

PRECIPITATION (IN)
  YESTERDAY        0.00          1.08 2013   0.11  -0.11     0.00
  MONTH TO DATE    0.62                      2.64  -2.02     3.97
  SINCE JUN 1      3.66                      6.95  -3.29    13.71
  SINCE JAN 1     16.05                     21.70  -5.65    27.26

SNOWFALL (IN)
  YESTERDAY        0.0           0.0  2002   0.0    0.0      0.0
                                      2000
                                      2001
  MONTH TO DATE    0.0                       0.0    0.0      0.0
  SINCE JUN 1      0.0                       0.0    0.0      0.0
  SINCE JUL 1      0.0                       0.0    0.0      0.0
  SNOW DEPTH       0

DEGREE DAYS
 HEATING
  YESTERDAY        0                         1     -1        2
  MONTH TO DATE    3                        22    -19       22
  SINCE JUN 1     72                       113    -41       99
  SINCE JUL 1      3                        22    -19       22

 COOLING
  YESTERDAY       17                         5     12        0
  MONTH TO DATE  141                       101     40       69
  SINCE JUN 1    204                       175     29      119
  SINCE JAN 1    250                       198     52      192
..................................................................


WIND (MPH)
  HIGHEST WIND SPEED    18   HIGHEST WIND DIRECTION    NW (300)
  HIGHEST GUST SPEED    26   HIGHEST GUST DIRECTION     W (290)
  AVERAGE WIND SPEED    10.0


SKY COVER
  AVERAGE SKY COVER 0.3


WEATHER CONDITIONS
 THE FOLLOWING WEATHER WAS RECORDED YESTERDAY.
  NO SIGNIFICANT WEATHER WAS OBSERVED.


RELATIVE HUMIDITY (PERCENT)
 HIGHEST    64           800 AM
 LOWEST     36           400 PM
 AVERAGE    50

..........................................................


THE BINGHAMTON NY CLIMATE NORMALS FOR TODAY
                         NORMAL    RECORD    YEAR
 MAXIMUM TEMPERATURE (F)   78        92      1972
 MINIMUM TEMPERATURE (F)   60        48      1981


SUNRISE AND SUNSET
JULY 23 2016..........SUNRISE   549 AM EDT   SUNSET   832 PM EDT
JULY 24 2016..........SUNRISE   549 AM EDT   SUNSET   831 PM EDT


-  INDICATES NEGATIVE NUMBERS.
R  INDICATES RECORD WAS SET OR TIED.
MM INDICATES DATA IS MISSING.
T  INDICATES TRACE AMOUNT.




$$
