000
CDUS41 KBGM 250850
CLIBGM


CLIMATE REPORT
NATIONAL WEATHER SERVICE BINGHAMTON NY
349 AM EST WED FEB 25 2015


...................................

...THE BINGHAMTON NY CLIMATE SUMMARY FOR FEBRUARY 24 2015...

CLIMATE NORMAL PERIOD 1981 TO 2010
CLIMATE RECORD PERIOD 1951 TO 2015


WEATHER ITEM   OBSERVED TIME   RECORD YEAR NORMAL DEPARTURE LAST
                VALUE   (LST)  VALUE       VALUE  FROM      YEAR
                                                  NORMAL
..................................................................
TEMPERATURE (F)
 YESTERDAY
  MAXIMUM         18    412 PM  63    1984  34    -16       26
  MINIMUM        -10R   418 AM   2    1989  19    -29       14
  AVERAGE          4                        27    -23       20

PRECIPITATION (IN)
  YESTERDAY        0.00          1.80 1998   0.09  -0.09      T
  MONTH TO DATE    2.01                      1.96   0.05     2.74
  SINCE DEC 1      7.24                      7.24   0.00     9.12
  SINCE JAN 1      3.94                      4.41  -0.47     5.68

SNOWFALL (IN)
  YESTERDAY        0.0          18.1  1998   0.6   -0.6      0.4
  MONTH TO DATE   32.8                      14.6   18.2     25.8
  SINCE DEC 1     62.0                      54.6    7.4     74.0
  SINCE JUL 1     75.7                      61.4   14.3     82.2
  SNOW DEPTH      18

DEGREE DAYS
 HEATING
  YESTERDAY       61                        38     23       45
  MONTH TO DATE 1254                       976    278     1043
  SINCE DEC 1   3783                      3473    310     3662
  SINCE JUL 1   5318                      5048    270     5253

 COOLING
  YESTERDAY        0                         0      0        0
  MONTH TO DATE    0                         0      0        0
  SINCE DEC 1      0                         0      0        0
  SINCE JAN 1      0                         0      0        0
..................................................................


WIND (MPH)
  HIGHEST WIND SPEED    21   HIGHEST WIND DIRECTION     S (180)
  HIGHEST GUST SPEED    29   HIGHEST GUST DIRECTION     S (180)
  AVERAGE WIND SPEED     9.8


SKY COVER
  AVERAGE SKY COVER 0.1


WEATHER CONDITIONS
 THE FOLLOWING WEATHER WAS RECORDED YESTERDAY.
  NO SIGNIFICANT WEATHER WAS OBSERVED.


RELATIVE HUMIDITY (PERCENT)
 HIGHEST    72           400 AM
 LOWEST     30           200 PM
 AVERAGE    51

..........................................................


THE BINGHAMTON NY CLIMATE NORMALS FOR TODAY
                         NORMAL    RECORD    YEAR
 MAXIMUM TEMPERATURE (F)   35        58      1976
 MINIMUM TEMPERATURE (F)   19        -2      1990


SUNRISE AND SUNSET
FEBRUARY 25 2015......SUNRISE   646 AM EST   SUNSET   549 PM EST
FEBRUARY 26 2015......SUNRISE   644 AM EST   SUNSET   550 PM EST


-  INDICATES NEGATIVE NUMBERS.
R  INDICATES RECORD WAS SET OR TIED.
MM INDICATES DATA IS MISSING.
T  INDICATES TRACE AMOUNT.




$$

HEDEN
