000
CDUS41 KBGM 200220
CLIBGM


CLIMATE REPORT
NATIONAL WEATHER SERVICE BINGHAMTON NY
1020 PM EDT FRI AUG 19 2016


...................................

...THE BINGHAMTON NY CLIMATE SUMMARY FOR AUGUST 19 2016...
VALID AS OF 1000 PM LOCAL TIME.

CLIMATE NORMAL PERIOD 1981 TO 2010
CLIMATE RECORD PERIOD 1951 TO 2016


WEATHER ITEM   OBSERVED TIME   RECORD YEAR NORMAL DEPARTURE LAST
                VALUE   (LST)  VALUE       VALUE  FROM      YEAR
                                                  NORMAL
..................................................................
TEMPERATURE (F)
 TODAY
  MAXIMUM         80    430 PM  86    1983  76      4       82
                                      1978
                                      1955
  MINIMUM         59    602 AM  43    1963  58      1       67
  AVERAGE         70                        67      3       75

PRECIPITATION (IN)
  TODAY            0.00          2.73 2006   0.12  -0.12      T
  MONTH TO DATE    3.81                      2.13   1.68     2.18
  SINCE JUN 1      9.74                     10.14  -0.40    17.07
  SINCE JAN 1     22.13                     24.89  -2.76    30.62

SNOWFALL (IN)
  TODAY            0.0           0.0  2002   0.0    0.0      0.0
                                      2001
                                      2000
  MONTH TO DATE    0.0                       0.0    0.0      0.0
  SINCE JUN 1      0.0                       0.0    0.0       T
  SINCE JUL 1      0.0                       0.0    0.0       T
  SNOW DEPTH       0

DEGREE DAYS
 HEATING
  TODAY            0                         1     -1        0
  MONTH TO DATE    0                        19    -19        9
  SINCE JUN 1     72                       134    -62      110
  SINCE JUL 1      3                        43    -40       33

 COOLING
  TODAY            5                         4      1       10
  MONTH TO DATE  134                        76     58       74
  SINCE JUN 1    414                       288    126      243
  SINCE JAN 1    460                       311    149      316
..................................................................


WIND (MPH)
  HIGHEST WIND SPEED     8   HIGHEST WIND DIRECTION    NW (320)
  HIGHEST GUST SPEED    11   HIGHEST GUST DIRECTION    NW (310)
  AVERAGE WIND SPEED     3.1


SKY COVER
  AVERAGE SKY COVER 0.2


WEATHER CONDITIONS
 THE FOLLOWING WEATHER WAS RECORDED TODAY.
  FOG
  FOG W/VISIBILITY <= 1/4 MILE


RELATIVE HUMIDITY (PERCENT)
 HIGHEST   100           600 AM
 LOWEST     45           400 PM
 AVERAGE    73

..........................................................


THE BINGHAMTON NY CLIMATE NORMALS FOR TOMORROW
                         NORMAL    RECORD    YEAR
 MAXIMUM TEMPERATURE (F)   76        91      1962
                                             1955
 MINIMUM TEMPERATURE (F)   58        45      1998


SUNRISE AND SUNSET
AUGUST 19 2016........SUNRISE   616 AM EDT   SUNSET   758 PM EDT
AUGUST 20 2016........SUNRISE   617 AM EDT   SUNSET   756 PM EDT


-  INDICATES NEGATIVE NUMBERS.
R  INDICATES RECORD WAS SET OR TIED.
MM INDICATES DATA IS MISSING.
T  INDICATES TRACE AMOUNT.




$$
