000
CDUS41 KBGM 190219
CLIBGM


CLIMATE REPORT
NATIONAL WEATHER SERVICE BINGHAMTON NY
1019 PM EDT FRI JUL 18 2014


...................................

...THE BINGHAMTON NY CLIMATE SUMMARY FOR JULY 18 2014...
VALID AS OF 1000 PM LOCAL TIME.

CLIMATE NORMAL PERIOD 1981 TO 2010
CLIMATE RECORD PERIOD 1951 TO 2014


WEATHER ITEM   OBSERVED TIME   RECORD YEAR NORMAL DEPARTURE LAST
                VALUE   (LST)  VALUE       VALUE  FROM      YEAR
                                                  NORMAL
..................................................................
TEMPERATURE (F)
 TODAY
  MAXIMUM         74    507 PM  93    1953  78     -4       89
  MINIMUM         51    450 AM  47    1971  60     -9       71
  AVERAGE         63                        69     -6       80

PRECIPITATION (IN)
  TODAY            0.00          0.73 1986   0.12  -0.12      T
  MONTH TO DATE    2.99                      2.17   0.82     4.29
  SINCE JUN 1      7.36                      6.48   0.88     9.53
  SINCE JAN 1     22.72                     21.23   1.49    22.69

SNOWFALL (IN)
  TODAY            0.0           0.0  2002   0.0    0.0      0.0
                                      2000
                                      2001
  MONTH TO DATE    0.0                       0.0    0.0      0.0
  SINCE JUN 1      0.0                       0.0    0.0      0.0
  SINCE JUL 1      0.0                       0.0    0.0      0.0
  SNOW DEPTH       0

DEGREE DAYS
 HEATING
  TODAY            2                         1      1        0
  MONTH TO DATE    8                        18    -10        0
  SINCE JUN 1     53                       109    -56       87
  SINCE JUL 1      8                        18    -10        0

 COOLING
  TODAY            0                         5     -5       15
  MONTH TO DATE   84                        81      3      175
  SINCE JUN 1    169                       155     14      258
  SINCE JAN 1    194                       178     16      301
..................................................................


WIND (MPH)
  HIGHEST WIND SPEED    13   HIGHEST WIND DIRECTION     N (350)
  HIGHEST GUST SPEED    22   HIGHEST GUST DIRECTION    SE (140)
  AVERAGE WIND SPEED     1.9


SKY COVER
  AVERAGE SKY COVER 0.1


WEATHER CONDITIONS
 THE FOLLOWING WEATHER WAS RECORDED TODAY.
  FOG


RELATIVE HUMIDITY (PERCENT)
 HIGHEST   100           500 AM
 LOWEST     41           200 PM
 AVERAGE    71

..........................................................


THE BINGHAMTON NY CLIMATE NORMALS FOR TOMORROW
                         NORMAL    RECORD    YEAR
 MAXIMUM TEMPERATURE (F)   78        91      1991
                                             1972
 MINIMUM TEMPERATURE (F)   60        50      2003


SUNRISE AND SUNSET
JULY 18 2014..........SUNRISE   543 AM EDT   SUNSET   836 PM EDT
JULY 19 2014..........SUNRISE   544 AM EDT   SUNSET   836 PM EDT


-  INDICATES NEGATIVE NUMBERS.
R  INDICATES RECORD WAS SET OR TIED.
MM INDICATES DATA IS MISSING.
T  INDICATES TRACE AMOUNT.




$$
