000
CDUS41 KBGM 302117
CLIBGM


CLIMATE REPORT
NATIONAL WEATHER SERVICE BINGHAMTON NY
517 PM EDT MON MAR 30 2015


...................................

...THE BINGHAMTON NY CLIMATE SUMMARY FOR MARCH 30 2015...
VALID TODAY AS OF 0500 PM LOCAL TIME.

CLIMATE NORMAL PERIOD 1981 TO 2010
CLIMATE RECORD PERIOD 1951 TO 2015


WEATHER ITEM   OBSERVED TIME   RECORD YEAR NORMAL DEPARTURE LAST
                VALUE   (LST)  VALUE       VALUE  FROM      YEAR
                                                  NORMAL
..................................................................
TEMPERATURE (F)
 TODAY
  MAXIMUM         43    312 PM  82    1998  47     -4       37
                                      1977
  MINIMUM         31    248 AM   9    1970  30      1       29
  AVERAGE         37                        38     -1       33

PRECIPITATION (IN)
  TODAY            T             1.56 2001   0.11  -0.11     0.32
  MONTH TO DATE    1.84                      2.88  -1.04     2.68
  SINCE MAR 1      1.84                      2.88  -1.04     2.68
  SINCE JAN 1      5.78                      7.64  -1.86     8.37

SNOWFALL (IN)
  TODAY            T             7.6  2003   0.3   -0.3      0.4
  MONTH TO DATE   13.4                      14.8   -1.4      1.9
  SINCE MAR 1     13.4                      14.8   -1.4      1.9
  SINCE JUL 1     89.2                      78.7   10.5     84.4
  SNOW DEPTH       2

DEGREE DAYS
 HEATING
  TODAY           28                        27      1       32
  MONTH TO DATE 1134                       971    163     1171
  SINCE MAR 1   1134                       971    163     1171
  SINCE JUL 1   6666                      6170    496     6642

 COOLING
  TODAY            0                         0      0        0
  MONTH TO DATE    0                         0      0        0
  SINCE MAR 1      0                         0      0        0
  SINCE JAN 1      0                         0      0        0
..................................................................


WIND (MPH)
  HIGHEST WIND SPEED    25   HIGHEST WIND DIRECTION     W (280)
  HIGHEST GUST SPEED    39   HIGHEST GUST DIRECTION     S (190)
  AVERAGE WIND SPEED    14.2


SKY COVER
  AVERAGE SKY COVER 1.0


WEATHER CONDITIONS
 THE FOLLOWING WEATHER WAS RECORDED TODAY.
  LIGHT SNOW
  FOG


RELATIVE HUMIDITY (PERCENT)
 HIGHEST    82          1100 AM
 LOWEST     38          1200 AM
 AVERAGE    60

..........................................................


THE BINGHAMTON NY CLIMATE NORMALS FOR TOMORROW
                         NORMAL    RECORD    YEAR
 MAXIMUM TEMPERATURE (F)   47        82      1998
 MINIMUM TEMPERATURE (F)   30        10      1964


SUNRISE AND SUNSET
MARCH 30 2015.........SUNRISE   650 AM EDT   SUNSET   727 PM EDT
MARCH 31 2015.........SUNRISE   649 AM EDT   SUNSET   728 PM EDT


-  INDICATES NEGATIVE NUMBERS.
R  INDICATES RECORD WAS SET OR TIED.
MM INDICATES DATA IS MISSING.
T  INDICATES TRACE AMOUNT.




$$
