000
CDUS41 KBGM 200554
CLIBGM


CLIMATE REPORT
NATIONAL WEATHER SERVICE BINGHAMTON NY
1254 AM EST THU NOV 20 2014


...................................

...THE BINGHAMTON NY CLIMATE SUMMARY FOR NOVEMBER 19 2014...

CLIMATE NORMAL PERIOD 1981 TO 2010
CLIMATE RECORD PERIOD 1951 TO 2014


WEATHER ITEM   OBSERVED TIME   RECORD YEAR NORMAL DEPARTURE LAST
                VALUE   (LST)  VALUE       VALUE  FROM      YEAR
                                                  NORMAL
..................................................................
TEMPERATURE (F)
 YESTERDAY
  MAXIMUM         24   1159 PM  70    1991  44    -20       35
  MINIMUM         10R   710 AM  13    1986  30    -20       28
  AVERAGE         17                        37    -20       32

PRECIPITATION (IN)
  YESTERDAY        T             1.20 2003   0.12  -0.12      T
  MONTH TO DATE    1.15                      2.08  -0.93     1.56
  SINCE SEP 1      6.35                      9.04  -2.69     7.28
  SINCE JAN 1     35.38                     35.25   0.13    37.57

SNOWFALL (IN)
  YESTERDAY        T             4.1  1969   0.2   -0.2       T
  MONTH TO DATE    2.9                       2.6    0.3      2.0
  SINCE SEP 1      2.9                       3.6   -0.7      2.0
  SINCE JUL 1      2.9                       3.6   -0.7      2.0
  SNOW DEPTH       0

DEGREE DAYS
 HEATING
  YESTERDAY       48                        28     20       33
  MONTH TO DATE  523                       470     53      478
  SINCE SEP 1   1107                      1179    -72     1111
  SINCE JUL 1   1173                      1242    -69     1162

 COOLING
  YESTERDAY        0                         0      0        0
  MONTH TO DATE    0                         0      0        0
  SINCE SEP 1     39                        33      6       53
  SINCE JAN 1    341                       381    -40      480
..................................................................


WIND (MPH)
  HIGHEST WIND SPEED    20   HIGHEST WIND DIRECTION     W (250)
  HIGHEST GUST SPEED    28   HIGHEST GUST DIRECTION     W (270)
  AVERAGE WIND SPEED    11.9


SKY COVER
  AVERAGE SKY COVER 0.4


WEATHER CONDITIONS
 THE FOLLOWING WEATHER WAS RECORDED YESTERDAY.
  LIGHT SNOW


RELATIVE HUMIDITY (PERCENT)
 HIGHEST    73           500 AM
 LOWEST     44           100 PM
 AVERAGE    59

..........................................................


THE BINGHAMTON NY CLIMATE NORMALS FOR TODAY
                         NORMAL    RECORD    YEAR
 MAXIMUM TEMPERATURE (F)   43        73      1991
 MINIMUM TEMPERATURE (F)   30        10      1986


SUNRISE AND SUNSET
NOVEMBER 20 2014......SUNRISE   700 AM EST   SUNSET   438 PM EST
NOVEMBER 21 2014......SUNRISE   702 AM EST   SUNSET   438 PM EST


-  INDICATES NEGATIVE NUMBERS.
R  INDICATES RECORD WAS SET OR TIED.
MM INDICATES DATA IS MISSING.
T  INDICATES TRACE AMOUNT.




$$
