000
CDUS41 KBGM 140231
CLIBGM


CLIMATE REPORT
NATIONAL WEATHER SERVICE BINGHAMTON NY
1031 PM EDT SUN APR 13 2014


...................................

...THE BINGHAMTON NY CLIMATE SUMMARY FOR APRIL 13 2014...
VALID AS OF 1000 PM LOCAL TIME.

CLIMATE NORMAL PERIOD 1981 TO 2010
CLIMATE RECORD PERIOD 1951 TO 2014


WEATHER ITEM   OBSERVED TIME   RECORD YEAR NORMAL DEPARTURE LAST
                VALUE   (LST)  VALUE       VALUE  FROM      YEAR
                                                  NORMAL
..................................................................
TEMPERATURE (F)
 TODAY
  MAXIMUM         79    408 PM  80    1977  53     26       49
  MINIMUM         53    237 AM  21    1992  35     18       34
  AVERAGE         66                        44     22       42

PRECIPITATION (IN)
  TODAY            T             1.10 1996   0.12  -0.12      T
  MONTH TO DATE    0.89                      1.53  -0.64     1.65
  SINCE MAR 1      3.57                      4.52  -0.95     3.55
  SINCE JAN 1      9.26                      9.28  -0.02     8.10

SNOWFALL (IN)
  TODAY            0.0           2.5  1961   0.1   -0.1      0.0
  MONTH TO DATE    T                         2.6   -2.6      0.9
  SINCE MAR 1      1.9                      17.7  -15.8     15.3
  SINCE JUL 1     84.4                      81.6    2.8     69.1
  SNOW DEPTH       0

DEGREE DAYS
 HEATING
  TODAY            0                        21    -21       23
  MONTH TO DATE  267                       305    -38      324
  SINCE MAR 1   1467                      1302    165     1395
  SINCE JUL 1   6938                      6501    437     6279

 COOLING
  TODAY            1                         0      1        0
  MONTH TO DATE    1                         0      1        0
  SINCE MAR 1      1                         0      1        0
  SINCE JAN 1      1                         0      1        0
..................................................................


WIND (MPH)
  HIGHEST WIND SPEED    23   HIGHEST WIND DIRECTION    SW (220)
  HIGHEST GUST SPEED    35   HIGHEST GUST DIRECTION    SW (220)
  AVERAGE WIND SPEED    12.4


SKY COVER
  AVERAGE SKY COVER 0.2


WEATHER CONDITIONS
 THE FOLLOWING WEATHER WAS RECORDED TODAY.
  NO SIGNIFICANT WEATHER WAS OBSERVED.


RELATIVE HUMIDITY (PERCENT)
 HIGHEST    66           600 AM
 LOWEST     32           300 PM
 AVERAGE    49

..........................................................


THE BINGHAMTON NY CLIMATE NORMALS FOR TOMORROW
                         NORMAL    RECORD    YEAR
 MAXIMUM TEMPERATURE (F)   54        79      1968
 MINIMUM TEMPERATURE (F)   35        22      1957


SUNRISE AND SUNSET
APRIL 13 2014.........SUNRISE   626 AM EDT   SUNSET   743 PM EDT
APRIL 14 2014.........SUNRISE   625 AM EDT   SUNSET   744 PM EDT


-  INDICATES NEGATIVE NUMBERS.
R  INDICATES RECORD WAS SET OR TIED.
MM INDICATES DATA IS MISSING.
T  INDICATES TRACE AMOUNT.




$$
